-- MySQL dump 10.13  Distrib 8.0.46, for Linux (x86_64)
--
-- Host: localhost    Database: anime_history_db
-- ------------------------------------------------------
-- Server version	8.0.46-0ubuntu0.24.04.2

/*!40101 SET @OLD_CHARACTER_SET_CLIENT=@@CHARACTER_SET_CLIENT */;
/*!40101 SET @OLD_CHARACTER_SET_RESULTS=@@CHARACTER_SET_RESULTS */;
/*!40101 SET @OLD_COLLATION_CONNECTION=@@COLLATION_CONNECTION */;
/*!50503 SET NAMES utf8mb4 */;
/*!40103 SET @OLD_TIME_ZONE=@@TIME_ZONE */;
/*!40103 SET TIME_ZONE='+00:00' */;
/*!40014 SET @OLD_UNIQUE_CHECKS=@@UNIQUE_CHECKS, UNIQUE_CHECKS=0 */;
/*!40014 SET @OLD_FOREIGN_KEY_CHECKS=@@FOREIGN_KEY_CHECKS, FOREIGN_KEY_CHECKS=0 */;
/*!40101 SET @OLD_SQL_MODE=@@SQL_MODE, SQL_MODE='NO_AUTO_VALUE_ON_ZERO' */;
/*!40111 SET @OLD_SQL_NOTES=@@SQL_NOTES, SQL_NOTES=0 */;

--
-- Table structure for table `alembic_version`
--

DROP TABLE IF EXISTS `alembic_version`;
/*!40101 SET @saved_cs_client     = @@character_set_client */;
/*!50503 SET character_set_client = utf8mb4 */;
CREATE TABLE `alembic_version` (
  `version_num` varchar(32) COLLATE utf8mb4_unicode_ci NOT NULL,
  PRIMARY KEY (`version_num`)
) ENGINE=InnoDB DEFAULT CHARSET=utf8mb4 COLLATE=utf8mb4_unicode_ci;
/*!40101 SET character_set_client = @saved_cs_client */;

--
-- Dumping data for table `alembic_version`
--

LOCK TABLES `alembic_version` WRITE;
/*!40000 ALTER TABLE `alembic_version` DISABLE KEYS */;
INSERT INTO `alembic_version` VALUES ('ffa2f755e3d6');
/*!40000 ALTER TABLE `alembic_version` ENABLE KEYS */;
UNLOCK TABLES;

--
-- Table structure for table `cast_cache`
--

DROP TABLE IF EXISTS `cast_cache`;
/*!40101 SET @saved_cs_client     = @@character_set_client */;
/*!50503 SET character_set_client = utf8mb4 */;
CREATE TABLE `cast_cache` (
  `annict_id` int NOT NULL AUTO_INCREMENT,
  `casts_json` text COLLATE utf8mb4_unicode_ci NOT NULL,
  `updated_at` datetime NOT NULL,
  PRIMARY KEY (`annict_id`)
) ENGINE=InnoDB AUTO_INCREMENT=17149 DEFAULT CHARSET=utf8mb4 COLLATE=utf8mb4_unicode_ci;
/*!40101 SET character_set_client = @saved_cs_client */;

--
-- Dumping data for table `cast_cache`
--

LOCK TABLES `cast_cache` WRITE;
/*!40000 ALTER TABLE `cast_cache` DISABLE KEYS */;
INSERT INTO `cast_cache` VALUES (5,'[{\"character_name\": \"水無灯里\", \"person_name\": \"葉月絵理乃\"}, {\"character_name\": \"藍華\", \"person_name\": \"斎藤千和\"}, {\"character_name\": \"アリス\", \"person_name\": \"広橋涼\"}, {\"character_name\": \"アイ\", \"person_name\": \"水橋かおり\"}, {\"character_name\": \"アリシア\", \"person_name\": \"大原さやか\"}, {\"character_name\": \"アリア社長\", \"person_name\": \"西村ちなみ\"}, {\"character_name\": \"晃\", \"person_name\": \"皆川純子\"}, {\"character_name\": \"アテナ\", \"person_name\": \"川上とも子\"}, {\"character_name\": \"暁\", \"person_name\": \"野島裕史\"}, {\"character_name\": \"アル\", \"person_name\": \"渡辺明乃\"}, {\"character_name\": \"ウッディー\", \"person_name\": \"うえだゆうじ\"}, {\"character_name\": \"まぁくん\", \"person_name\": \"渡辺明乃\"}, {\"character_name\": \"アメリ\", \"person_name\": \"豊口めぐみ\"}, {\"character_name\": \"アラシ\", \"person_name\": \"鳥海浩輔\"}, {\"character_name\": \"グランドマザー\", \"person_name\": \"松尾佳子\"}]','2025-12-04 01:52:35'),(16,'[{\"character_name\": \"天海春香\", \"person_name\": \"中村繪里子\"}, {\"character_name\": \"星井美希\", \"person_name\": \"長谷川明子\"}, {\"character_name\": \"如月千早\", \"person_name\": \"今井麻美\"}, {\"character_name\": \"高槻やよい\", \"person_name\": \"仁後真耶子\"}, {\"character_name\": \"萩原雪歩\", \"person_name\": \"浅倉杏美\"}, {\"character_name\": \"菊地真\", \"person_name\": \"平田宏美\"}, {\"character_name\": \"双海亜美\", \"person_name\": \"下田麻美\"}, {\"character_name\": \"双海真美\", \"person_name\": \"下田麻美\"}, {\"character_name\": \"水瀬伊織\", \"person_name\": \"釘宮理恵\"}, {\"character_name\": \"三浦あずさ\", \"person_name\": \"たかはし智秋\"}, {\"character_name\": \"四条貴音\", \"person_name\": \"原由実\"}, {\"character_name\": \"我那覇響\", \"person_name\": \"沼倉愛美\"}, {\"character_name\": \"秋月律子\", \"person_name\": \"若林直美\"}, {\"character_name\": \"音無小鳥\", \"person_name\": \"滝田樹里\"}, {\"character_name\": \"プロデューサー\", \"person_name\": \"赤羽根健治\"}, {\"character_name\": \"高木順二朗\", \"person_name\": \"大塚芳忠\"}]','2025-11-28 22:53:42'),(76,'[{\"character_name\": \"橘純一\", \"person_name\": \"前野智昭\"}, {\"character_name\": \"絢辻詞\", \"person_name\": \"名塚佳織\"}, {\"character_name\": \"桜井梨穂子\", \"person_name\": \"新谷良子\"}, {\"character_name\": \"棚町薫\", \"person_name\": \"佐藤利奈\"}, {\"character_name\": \"中多紗江\", \"person_name\": \"今野宏美\"}, {\"character_name\": \"七咲逢\", \"person_name\": \"ゆかな\"}, {\"character_name\": \"森島はるか\", \"person_name\": \"伊藤静\"}, {\"character_name\": \"上崎裡沙\", \"person_name\": \"門脇舞以\"}, {\"character_name\": \"橘美也\", \"person_name\": \"阿澄佳奈\"}, {\"character_name\": \"梅原正吉\", \"person_name\": \"寺島拓篤\"}, {\"character_name\": \"塚原響\", \"person_name\": \"浅川悠\"}, {\"character_name\": \"伊藤香苗\", \"person_name\": \"松岡由貴\"}, {\"character_name\": \"田中恵子\", \"person_name\": \"門脇舞以\"}, {\"character_name\": \"夕月琉璃子\", \"person_name\": \"佐藤泉美\"}, {\"character_name\": \"飛羽愛歌\", \"person_name\": \"原田ひとみ\"}, {\"character_name\": \"高橋麻耶\", \"person_name\": \"早水リサ\"}, {\"character_name\": \"絢辻縁\", \"person_name\": \"五十嵐愛子\"}, {\"character_name\": \"蒔原美佳\", \"person_name\": \"原田ひとみ\"}, {\"character_name\": \"ナレーション\", \"person_name\": \"中田譲治\"}]','2025-11-28 22:54:09'),(167,'[{\"character_name\": \"湯音\", \"person_name\": \"東山奈央\"}, {\"character_name\": \"クロード・クローデル\", \"person_name\": \"近藤隆\"}, {\"character_name\": \"オスカー・クローデル\", \"person_name\": \"田中秀幸\"}, {\"character_name\": \"アリス・ブランシュ\", \"person_name\": \"悠木碧\"}, {\"character_name\": \"カミーユ・ブランシュ\", \"person_name\": \"矢作紗友里\"}]','2025-11-28 21:01:35'),(231,'[{\"character_name\": \"古代進\", \"person_name\": \"小野大輔\"}, {\"character_name\": \"沖田十三\", \"person_name\": \"菅生隆之\"}, {\"character_name\": \"島大介\", \"person_name\": \"鈴村健一\"}, {\"character_name\": \"森雪\", \"person_name\": \"桑島法子\"}, {\"character_name\": \"真田志郎\", \"person_name\": \"大塚芳忠\"}, {\"character_name\": \"佐渡酒蔵\", \"person_name\": \"千葉繁\"}, {\"character_name\": \"徳川彦左衛門\", \"person_name\": \"麦人\"}, {\"character_name\": \"加藤三郎\", \"person_name\": \"細谷佳正\"}, {\"character_name\": \"南部康雄\", \"person_name\": \"赤羽根健治\"}, {\"character_name\": \"相原義一\", \"person_name\": \"國分和人\"}, {\"character_name\": \"太田健二郎\", \"person_name\": \"千葉優輝\"}, {\"character_name\": \"山崎奨\", \"person_name\": \"土田大\"}, {\"character_name\": \"篠原弘樹\", \"person_name\": \"平川大輔\"}, {\"character_name\": \"山本玲\", \"person_name\": \"田中理恵 (声優)\"}, {\"character_name\": \"原田真琴\", \"person_name\": \"佐藤利奈\"}, {\"character_name\": \"新見薫\", \"person_name\": \"久川綾\"}, {\"character_name\": \"榎本勇\", \"person_name\": \"藤原啓治\"}, {\"character_name\": \"平田一\", \"person_name\": \"伊瀬文秀\"}, {\"character_name\": \"岬百合亜\", \"person_name\": \"内田彩\"}, {\"character_name\": \"星名透\", \"person_name\": \"高城元気\"}, {\"character_name\": \"薮助治\", \"person_name\": \"チョー\"}, {\"character_name\": \"遠山清\", \"person_name\": \"遊佐浩二\"}, {\"character_name\": \"西川\", \"person_name\": \"吉開清人\"}, {\"character_name\": \"杉山\", \"person_name\": \"菊本平\"}, {\"character_name\": \"根本\", \"person_name\": \"板取政明\"}, {\"character_name\": \"伊東真也\", \"person_name\": \"関俊彦\"}, {\"character_name\": \"西条未来\", \"person_name\": \"森谷里美\"}, {\"character_name\": \"桐生美影\", \"person_name\": \"中村繪里子\"}, {\"character_name\": \"AU09(アナライザー)\", \"person_name\": \"チョー\"}, {\"character_name\": \"SID(コスモゼロ)\", \"person_name\": \"森谷里美\"}, {\"character_name\": \"SID(コスモファルコン)\", \"person_name\": \"本多真梨子\"}, {\"character_name\": \"島大悟\", \"person_name\": \"宝亀克寿\"}, {\"character_name\": \"藤堂平九郎\", \"person_name\": \"小川真司\"}, {\"character_name\": \"芹沢虎鉄\", \"person_name\": \"玄田哲章\"}, {\"character_name\": \"土方竜\", \"person_name\": \"石塚運昇\"}, {\"character_name\": \"山南修\", \"person_name\": \"江原正士\"}, {\"character_name\": \"古代守\", \"person_name\": \"宮本充\"}, {\"character_name\": \"スターシャ・イスカンダル\", \"person_name\": \"井上喜久子\"}, {\"character_name\": \"ユリーシャ・イスカンダル\", \"person_name\": \"桑島法子\"}, {\"character_name\": \"グレムト・ゲール\", \"person_name\": \"広瀬正志\"}, {\"character_name\": \"ヴァルケ・シュルツ\", \"person_name\": \"島香裕\"}, {\"character_name\": \"ゲルフ・ガンツ\", \"person_name\": \"チョー\"}, {\"character_name\": \"ヴォル・ヤレトラー\", \"person_name\": \"江川大輔\"}, {\"character_name\": \"ヒルデ・シュルツ\", \"person_name\": \"三浦綾乃\"}, {\"character_name\": \"サレルヤ・ラーレタ\", \"person_name\": \"優希比呂\"}, {\"character_name\": \"ノラン・オシェット\", \"person_name\": \"柿原徹也\"}, {\"character_name\": \"メルダ・ディッツ\", \"person_name\": \"伊藤静\"}, {\"character_name\": \"ミレーネル・リンケ\", \"person_name\": \"岡村明美\"}, {\"character_name\": \"ミーゼラ・セレステラ\", \"person_name\": \"茅原実里\"}, {\"character_name\": \"ヴェム・ハイデルン\", \"person_name\": \"辻親八\"}]','2025-11-28 23:13:43'),(241,'[{\"character_name\": \"国崎往人\", \"person_name\": \"小野大輔\"}, {\"character_name\": \"神尾観鈴\", \"person_name\": \"川上とも子\"}, {\"character_name\": \"霧島佳乃\", \"person_name\": \"岡本麻見\"}, {\"character_name\": \"遠野美凪\", \"person_name\": \"柚木涼香\"}, {\"character_name\": \"神尾晴子\", \"person_name\": \"久川綾\"}, {\"character_name\": \"霧島 聖\", \"person_name\": \"冬馬由美\"}, {\"character_name\": \"みちる\", \"person_name\": \"田村ゆかり\"}, {\"character_name\": \"ポテト\", \"person_name\": \"今野宏美\"}, {\"character_name\": \"神奈備命\", \"person_name\": \"西村ちなみ\"}, {\"character_name\": \"柳也\", \"person_name\": \"神奈延年\"}, {\"character_name\": \"裏葉\", \"person_name\": \"井上喜久子\"}]','2025-11-28 21:55:53'),(326,'[{\"character_name\": \"水原朋也\", \"person_name\": \"愛美\"}, {\"character_name\": \"水原一香\", \"person_name\": \"長妻樹里\"}, {\"character_name\": \"藤咲美奈\", \"person_name\": \"木戸衣吹\"}, {\"character_name\": \"早坂ルリ\", \"person_name\": \"南央美\"}, {\"character_name\": \"望月マリナ\", \"person_name\": \"井上麻里奈\"}, {\"character_name\": \"花園美鶴\", \"person_name\": \"小林ゆう\"}, {\"character_name\": \"早坂孝喜\", \"person_name\": \"富樫美鈴\"}, {\"character_name\": \"水原夕子\", \"person_name\": \"森沢芙美\"}, {\"character_name\": \"水原正也\", \"person_name\": \"浜田賢二\"}, {\"character_name\": \"藤総一郎\", \"person_name\": \"髙橋孝治\"}]','2025-11-28 21:52:58'),(338,'[{\"character_name\": \"高坂桐乃\", \"person_name\": \"竹達彩奈\"}, {\"character_name\": \"高坂京介\", \"person_name\": \"中村悠一\"}, {\"character_name\": \"黒猫\", \"person_name\": \"花澤香菜\"}, {\"character_name\": \"沙織・バジーナ\", \"person_name\": \"生天目仁美\"}, {\"character_name\": \"田村麻奈実\", \"person_name\": \"佐藤聡美\"}, {\"character_name\": \"新垣あやせ\", \"person_name\": \"早見沙織\"}, {\"character_name\": \"来栖加奈子\", \"person_name\": \"田村ゆかり\"}, {\"character_name\": \"高坂大介\", \"person_name\": \"立木文彦\"}, {\"character_name\": \"高坂佳乃\", \"person_name\": \"渡辺明乃\"}]','2025-11-28 22:53:56'),(424,'[{\"character_name\": \"西住みほ\", \"person_name\": \"渕上舞\"}, {\"character_name\": \"武部沙織\", \"person_name\": \"茅野愛衣\"}, {\"character_name\": \"五十鈴華\", \"person_name\": \"尾崎真実\"}, {\"character_name\": \"秋山優花里\", \"person_name\": \"中上育実\"}, {\"character_name\": \"冷泉麻子\", \"person_name\": \"井口裕香\"}, {\"character_name\": \"角谷杏\", \"person_name\": \"福圓美里\"}, {\"character_name\": \"小山柚子\", \"person_name\": \"高橋美佳子\"}, {\"character_name\": \"河嶋桃\", \"person_name\": \"植田佳奈\"}, {\"character_name\": \"磯辺典子\", \"person_name\": \"菊地美香\"}, {\"character_name\": \"近藤妙子\", \"person_name\": \"吉岡麻耶\"}, {\"character_name\": \"河西忍\", \"person_name\": \"桐村まり\"}, {\"character_name\": \"佐々木あけび\", \"person_name\": \"中村桜\"}, {\"character_name\": \"カエサル\", \"person_name\": \"仙台エリ\"}, {\"character_name\": \"エルヴィン\", \"person_name\": \"森谷里美\"}, {\"character_name\": \"左衛門佐\", \"person_name\": \"井上優佳\"}, {\"character_name\": \"おりょう\", \"person_name\": \"大橋歩夕\"}, {\"character_name\": \"澤梓\", \"person_name\": \"竹内仁美\"}, {\"character_name\": \"山郷あゆみ\", \"person_name\": \"中里望\"}, {\"character_name\": \"丸山沙希\", \"person_name\": \"小松未可子\"}, {\"character_name\": \"阪口佳利奈\", \"person_name\": \"多田このみ\"}, {\"character_name\": \"宇津木優季\", \"person_name\": \"山岡ゆり\"}, {\"character_name\": \"大野あや\", \"person_name\": \"秋奈\"}, {\"character_name\": \"蝶野亜美\", \"person_name\": \"椎名へきる\"}, {\"character_name\": \"ダージリン\", \"person_name\": \"喜多村英梨\"}, {\"character_name\": \"オレンジペコ\", \"person_name\": \"石原舞\"}, {\"character_name\": \"ケイ\", \"person_name\": \"川澄綾子\"}, {\"character_name\": \"ナオミ\", \"person_name\": \"伊瀬茉莉也\"}, {\"character_name\": \"アリサ\", \"person_name\": \"平野綾\"}, {\"character_name\": \"カチューシャ\", \"person_name\": \"金元寿子\"}, {\"character_name\": \"ノンナ\", \"person_name\": \"上坂すみれ\"}, {\"character_name\": \"西住しほ\", \"person_name\": \"冬馬由美\"}, {\"character_name\": \"西住まほ\", \"person_name\": \"田中理恵 (声優)\"}, {\"character_name\": \"逸見エリカ\", \"person_name\": \"生天目仁美\"}, {\"character_name\": \"五十鈴百合\", \"person_name\": \"倉田雅世\"}, {\"character_name\": \"新三郎\", \"person_name\": \"伊丸岡篤\"}, {\"character_name\": \"園みどり子\", \"person_name\": \"井澤詩織\"}]','2026-05-06 00:57:58'),(536,'[{\"character_name\": \"佐藤リョータ\", \"person_name\": \"小林ゆう\"}, {\"character_name\": \"小泉チカ\", \"person_name\": \"下田麻美\"}, {\"character_name\": \"相原カズミ\", \"person_name\": \"MAKO\"}, {\"character_name\": \"浅野ユウキ\", \"person_name\": \"明坂聡美\"}, {\"character_name\": \"日高メグミ\", \"person_name\": \"本多陽子\"}, {\"character_name\": \"平川ナツミ\", \"person_name\": \"阿澄佳奈\"}, {\"character_name\": \"今井コウジ\", \"person_name\": \"山戸めぐみ\"}, {\"character_name\": \"河合ツバサ\", \"person_name\": \"高垣彩陽\"}, {\"character_name\": \"田中ハルカ\", \"person_name\": \"葉月絵理乃\"}]','2025-11-28 21:55:24'),(614,'[{\"character_name\": \"岡崎朋也\", \"person_name\": \"中村悠一\"}, {\"character_name\": \"古河渚\", \"person_name\": \"中原麻衣\"}, {\"character_name\": \"藤林杏\", \"person_name\": \"広橋涼\"}, {\"character_name\": \"藤林椋\", \"person_name\": \"神田朱未\"}, {\"character_name\": \"坂上智代\", \"person_name\": \"桑島法子\"}, {\"character_name\": \"伊吹風子\", \"person_name\": \"野中藍\"}, {\"character_name\": \"一ノ瀬ことみ\", \"person_name\": \"能登麻美子\"}, {\"character_name\": \"古河秋生\", \"person_name\": \"置鮎龍太郎\"}, {\"character_name\": \"古河早苗\", \"person_name\": \"井上喜久子\"}, {\"character_name\": \"春原陽平\", \"person_name\": \"阪口大助\"}, {\"character_name\": \"相楽美佐枝\", \"person_name\": \"ゆきのさつき\"}, {\"character_name\": \"宮沢有紀寧\", \"person_name\": \"榎本温子\"}, {\"character_name\": \"春原芽衣\", \"person_name\": \"田村ゆかり\"}, {\"character_name\": \"岡崎直幸\", \"person_name\": \"中博史\"}, {\"character_name\": \"伊吹公子\", \"person_name\": \"皆口裕子\"}, {\"character_name\": \"芳野祐介\", \"person_name\": \"緑川光\"}, {\"character_name\": \"幸村俊夫\", \"person_name\": \"青野武\"}, {\"character_name\": \"ボタン\", \"person_name\": \"川名真知子\"}, {\"character_name\": \"僕の声\", \"person_name\": \"矢島晶子\"}, {\"character_name\": \"少女\", \"person_name\": \"川上とも子\"}]','2025-11-28 22:53:40'),(660,'[{\"character_name\": \"黒子テツヤ\", \"person_name\": \"小野賢章\"}, {\"character_name\": \"火神大我\", \"person_name\": \"小野友樹\"}, {\"character_name\": \"黄瀬涼太\", \"person_name\": \"木村良平\"}, {\"character_name\": \"緑間真太郎\", \"person_name\": \"小野大輔\"}, {\"character_name\": \"青峰大輝\", \"person_name\": \"諏訪部順一\"}, {\"character_name\": \"紫原敦\", \"person_name\": \"鈴村健一\"}, {\"character_name\": \"赤司征十郎\", \"person_name\": \"神谷浩史\"}, {\"character_name\": \"相田リコ\", \"person_name\": \"斎藤千和\"}, {\"character_name\": \"日向順平\", \"person_name\": \"細谷佳正\"}, {\"character_name\": \"伊月俊\", \"person_name\": \"野島裕史\"}, {\"character_name\": \"小金井慎二\", \"person_name\": \"江口拓也\"}, {\"character_name\": \"木吉鉄平\", \"person_name\": \"浜田賢二\"}, {\"character_name\": \"土田聡史\", \"person_name\": \"井上剛\"}, {\"character_name\": \"降旗光樹\", \"person_name\": \"水谷直樹\"}, {\"character_name\": \"河原浩一\", \"person_name\": \"吉本泰洋\"}, {\"character_name\": \"福田寛\", \"person_name\": \"佐々木啓夫\"}, {\"character_name\": \"相田景虎\", \"person_name\": \"三木眞一郎\"}, {\"character_name\": \"笠松幸男\", \"person_name\": \"保志総一朗\"}, {\"character_name\": \"森山由孝\", \"person_name\": \"樋口智透\"}, {\"character_name\": \"早川充洋\", \"person_name\": \"野間田一勝\"}, {\"character_name\": \"小堀浩志\", \"person_name\": \"佐々木義人\"}, {\"character_name\": \"武内源太\", \"person_name\": \"安元洋貴\"}, {\"character_name\": \"高尾和成\", \"person_name\": \"鈴木達央\"}, {\"character_name\": \"大坪泰介\", \"person_name\": \"佐藤健輔\"}, {\"character_name\": \"木村信介\", \"person_name\": \"佐藤美一\"}, {\"character_name\": \"宮地清志\", \"person_name\": \"庄司将之\"}, {\"character_name\": \"中谷仁亮／岩村努\", \"person_name\": \"吉開清人\"}, {\"character_name\": \"桃井さつき\", \"person_name\": \"折笠富美子\"}, {\"character_name\": \"パパ・ンバイ・シキ\", \"person_name\": \"木村昴\"}, {\"character_name\": \"谷村祐介\", \"person_name\": \"下野紘\"}, {\"character_name\": \"津川智紀\", \"person_name\": \"古島清孝\"}, {\"character_name\": \"春日隆平\", \"person_name\": \"早志勇紀\"}, {\"character_name\": \"今吉翔一\", \"person_name\": \"中井和哉\"}, {\"character_name\": \"桜井良\", \"person_name\": \"島﨑信長\"}, {\"character_name\": \"若松孝輔\", \"person_name\": \"鳥海浩輔\"}, {\"character_name\": \"諏佐佳典\", \"person_name\": \"村上裕哉\"}, {\"character_name\": \"原澤克徳\", \"person_name\": \"星野貴紀\"}]','2025-11-28 22:52:58'),(881,'[{\"character_name\": \"蕪羅亭魔梨威\", \"person_name\": \"佐倉綾音\"}, {\"character_name\": \"防波亭手寅\", \"person_name\": \"山本希望\"}, {\"character_name\": \"波浪浮亭木胡桃\", \"person_name\": \"小岩井ことり\"}, {\"character_name\": \"空琉美遊亭丸京\", \"person_name\": \"南條愛乃\"}, {\"character_name\": \"暗落亭苦来\", \"person_name\": \"後藤沙緒里\"}, {\"character_name\": \"マスク(覆面)\", \"person_name\": \"悠木碧\"}, {\"character_name\": \"ナレーション\", \"person_name\": \"湯浅真由美\"}]','2025-11-28 21:55:48'),(934,'[{\"character_name\": \"天上ウテナ\", \"person_name\": \"川上とも子\"}, {\"character_name\": \"姫宮アンシー\", \"person_name\": \"渕崎ゆり子\"}, {\"character_name\": \"チュチュ\", \"person_name\": \"こおろぎさとみ\"}, {\"character_name\": \"桐生冬芽\", \"person_name\": \"子安武人\"}, {\"character_name\": \"西園寺莢一\", \"person_name\": \"草尾毅\"}, {\"character_name\": \"有栖川樹璃\", \"person_name\": \"三石琴乃\"}, {\"character_name\": \"薫幹\", \"person_name\": \"久川綾\"}, {\"character_name\": \"桐生七実\", \"person_name\": \"白鳥由里\"}, {\"character_name\": \"影絵少女\", \"person_name\": \"川村万梨阿\"}, {\"character_name\": \"影絵少女\", \"person_name\": \"こおろぎさとみ\"}, {\"character_name\": \"影絵少女\", \"person_name\": \"渡辺久美子\"}, {\"character_name\": \"篠原若葉\", \"person_name\": \"今井由香\"}, {\"character_name\": \"薫梢\", \"person_name\": \"本多知恵子\"}, {\"character_name\": \"石蕗美蔓\", \"person_name\": \"矢島晶子\"}, {\"character_name\": \"高槻枝織\", \"person_name\": \"西原久美子\"}, {\"character_name\": \"穂積茉莉\", \"person_name\": \"西村ちなみ\"}, {\"character_name\": \"風見達也\", \"person_name\": \"置鮎龍太郎\"}, {\"character_name\": \"園田茎子\", \"person_name\": \"中川玲\"}, {\"character_name\": \"鳳暁生\", \"person_name\": \"小杉十郎太\"}, {\"character_name\": \"鳳香苗\", \"person_name\": \"折笠愛\"}, {\"character_name\": \"御影草時\", \"person_name\": \"緑川光\"}, {\"character_name\": \"千唾馬宮\", \"person_name\": \"川村万梨阿\"}, {\"character_name\": \"千唾時子\", \"person_name\": \"日髙のり子\"}]','2025-11-29 02:59:21'),(997,'[{\"character_name\": \"エレン・イェーガー\", \"person_name\": \"梶裕貴\"}, {\"character_name\": \"ミカサ・アッカーマン\", \"person_name\": \"石川由依\"}, {\"character_name\": \"アルミン・アルレルト\", \"person_name\": \"井上麻里奈\"}, {\"character_name\": \"ジャン・キルシュタイン\", \"person_name\": \"谷山紀章\"}, {\"character_name\": \"アニ・レオンハート\", \"person_name\": \"嶋村侑\"}, {\"character_name\": \"サシャ・ブラウス\", \"person_name\": \"小林ゆう\"}, {\"character_name\": \"クリスタ・レンズ\", \"person_name\": \"三上枝織\"}, {\"character_name\": \"コニー・スプリンガー\", \"person_name\": \"下野紘\"}, {\"character_name\": \"マルコ・ボット\", \"person_name\": \"逢坂良太\"}, {\"character_name\": \"ライナー・ブラウン\", \"person_name\": \"細谷佳正\"}, {\"character_name\": \"ベルトルト・フーバー\", \"person_name\": \"橋詰知久\"}, {\"character_name\": \"ユミル\", \"person_name\": \"藤田咲\"}, {\"character_name\": \"ハンネス\", \"person_name\": \"藤原啓治\"}, {\"character_name\": \"ドット・ピクシス\", \"person_name\": \"田中正彦\"}, {\"character_name\": \"エルヴィン・スミス\", \"person_name\": \"小野大輔\"}, {\"character_name\": \"リヴァイ・アッカーマン\", \"person_name\": \"神谷浩史\"}, {\"character_name\": \"ダリス・ザックレー\", \"person_name\": \"手塚秀彰\"}, {\"character_name\": \"ハンジ・ゾエ\", \"person_name\": \"朴璐美\"}, {\"character_name\": \"ミケ・ザカリアス\", \"person_name\": \"三宅健太\"}, {\"character_name\": \"ナイル・ドーク\", \"person_name\": \"勝杏里\"}, {\"character_name\": \"ニック司祭\", \"person_name\": \"麻生智久\"}, {\"character_name\": \"リコ・プレツェンスカ\", \"person_name\": \"鷄冠井美智子\"}, {\"character_name\": \"モブリット\", \"person_name\": \"西凜太朗\"}, {\"character_name\": \"オルオ・ボザド\", \"person_name\": \"川田紳司\"}, {\"character_name\": \"ペトラ・ラル\", \"person_name\": \"相川奈都姫\"}, {\"character_name\": \"エルド・ジン\", \"person_name\": \"千葉進歩\"}, {\"character_name\": \"グンタ・シュルツ\", \"person_name\": \"三戸耕三\"}, {\"character_name\": \"ディータ・ネス\", \"person_name\": \"坂口候一\"}, {\"character_name\": \"ダリウス・ベーア＝ヴァルブルン\", \"person_name\": \"高瀬右光\"}, {\"character_name\": \"ルーク・シス\", \"person_name\": \"北田理道\"}, {\"character_name\": \"ナナバ\", \"person_name\": \"下田麻美\"}, {\"character_name\": \"ペール\", \"person_name\": \"遠藤大智\"}, {\"character_name\": \"ディター\", \"person_name\": \"佐々木義人\"}, {\"character_name\": \"ユルゲン\", \"person_name\": \"布施川一寛\"}, {\"character_name\": \"マルロ・フロイデンベルク\", \"person_name\": \"杉田智和\"}, {\"character_name\": \"デニス・アイブリンガー\", \"person_name\": \"荻野晴朗\"}, {\"character_name\": \"ヒッチ\", \"person_name\": \"渡辺明乃\"}, {\"character_name\": \"ボリス・フォイルナー\", \"person_name\": \"烏丸祐一\"}, {\"character_name\": \"ヴァルツ\", \"person_name\": \"浅利遼太\"}, {\"character_name\": \"アニの父\", \"person_name\": \"石塚運昇\"}]','2025-11-28 21:54:40'),(1158,'[{\"character_name\": \"桜井智樹\", \"person_name\": \"保志総一朗\"}, {\"character_name\": \"イカロス\", \"person_name\": \"早見沙織\"}, {\"character_name\": \"見月そはら\", \"person_name\": \"美名\"}, {\"character_name\": \"守形英四郎\", \"person_name\": \"鈴木達央\"}, {\"character_name\": \"五月田根美香子\", \"person_name\": \"高垣彩陽\"}, {\"character_name\": \"ニンフ\", \"person_name\": \"野水伊織\"}, {\"character_name\": \"じいちゃん\", \"person_name\": \"岩崎ひろし\"}, {\"character_name\": \"夢の少女\", \"person_name\": \"大亀あすか\"}, {\"character_name\": \"そはらの母\", \"person_name\": \"小菅真美\"}, {\"character_name\": \"トモ子\", \"person_name\": \"藤田咲\"}]','2026-01-04 01:34:22'),(1261,'[{\"character_name\": \"綾瀬千早\", \"person_name\": \"瀬戸麻沙美\"}, {\"character_name\": \"綿谷新\", \"person_name\": \"細谷佳正\"}, {\"character_name\": \"綿谷新(小学生)\", \"person_name\": \"寺崎裕香\"}, {\"character_name\": \"真島太一\", \"person_name\": \"宮野真守\"}, {\"character_name\": \"真島太一(小学生)\", \"person_name\": \"高垣彩陽\"}, {\"character_name\": \"西田優征\", \"person_name\": \"奈良徹\"}, {\"character_name\": \"駒野勉\", \"person_name\": \"代永翼\"}, {\"character_name\": \"大江奏\", \"person_name\": \"茅野愛衣\"}, {\"character_name\": \"原田先生\", \"person_name\": \"石塚運昇\"}, {\"character_name\": \"宮内妙子\", \"person_name\": \"藤田淑子\"}, {\"character_name\": \"若宮詩暢\", \"person_name\": \"中道美穂子\"}, {\"character_name\": \"須藤暁人\", \"person_name\": \"大原崇\"}, {\"character_name\": \"甘糟那由太\", \"person_name\": \"本田貴子\"}, {\"character_name\": \"木梨浩\", \"person_name\": \"中井和哉\"}, {\"character_name\": \"持田太\", \"person_name\": \"阪口大助\"}, {\"character_name\": \"綾瀬千恵子\", \"person_name\": \"ゆきのさつき\"}, {\"character_name\": \"綾瀬千歳\", \"person_name\": \"遠藤綾\"}, {\"character_name\": \"綿谷麻里\", \"person_name\": \"桑島法子\"}, {\"character_name\": \"綿谷始\", \"person_name\": \"有本欽隆\"}, {\"character_name\": \"真島麗子\", \"person_name\": \"嶋村侑\"}, {\"character_name\": \"大江利恵子\", \"person_name\": \"久川綾\"}, {\"character_name\": \"栗山先生\", \"person_name\": \"村上裕哉\"}, {\"character_name\": \"金井桜\", \"person_name\": \"かないみか\"}]','2025-11-28 21:56:13'),(1262,'[{\"character_name\": \"綾瀬千早\", \"person_name\": \"瀬戸麻沙美\"}, {\"character_name\": \"真島太一\", \"person_name\": \"宮野真守\"}, {\"character_name\": \"西田優征\", \"person_name\": \"奈良徹\"}, {\"character_name\": \"駒野勉\", \"person_name\": \"代永翼\"}, {\"character_name\": \"大江奏\", \"person_name\": \"茅野愛衣\"}, {\"character_name\": \"筑波秋博\", \"person_name\": \"入野自由\"}, {\"character_name\": \"花野菫\", \"person_name\": \"潘めぐみ\"}, {\"character_name\": \"綿谷新\", \"person_name\": \"細谷佳正\"}, {\"character_name\": \"原田先生\", \"person_name\": \"石塚運昇\"}, {\"character_name\": \"宮内妙子\", \"person_name\": \"藤田淑子\"}, {\"character_name\": \"若宮詩暢\", \"person_name\": \"中道美穂子\"}, {\"character_name\": \"須藤暁人\", \"person_name\": \"大原崇\"}, {\"character_name\": \"甘糟那由太\", \"person_name\": \"本田貴子\"}, {\"character_name\": \"木梨浩\", \"person_name\": \"中井和哉\"}, {\"character_name\": \"城山浩希\", \"person_name\": \"加藤将之\"}, {\"character_name\": \"持田太\", \"person_name\": \"阪口大助\"}, {\"character_name\": \"綾瀬千恵子\", \"person_name\": \"ゆきのさつき\"}, {\"character_name\": \"綾瀬千歳\", \"person_name\": \"遠藤綾\"}, {\"character_name\": \"綿谷麻里\", \"person_name\": \"桑島法子\"}, {\"character_name\": \"綿谷彰\", \"person_name\": \"堀川仁\"}, {\"character_name\": \"真島麗子\", \"person_name\": \"嶋村侑\"}, {\"character_name\": \"大江利恵子\", \"person_name\": \"久川綾\"}, {\"character_name\": \"栗山先生\", \"person_name\": \"村上裕哉\"}, {\"character_name\": \"吉岡先生\", \"person_name\": \"小形満\"}, {\"character_name\": \"坪口広史\", \"person_name\": \"高橋研二\"}]','2025-11-28 21:54:28'),(1823,'[{\"character_name\": \"月野うさぎ\", \"person_name\": \"三石琴乃\"}, {\"character_name\": \"月野うさぎ\", \"person_name\": \"荒木香恵\"}, {\"character_name\": \"水野亜美\", \"person_name\": \"久川綾\"}, {\"character_name\": \"火野レイ\", \"person_name\": \"富沢美智恵\"}, {\"character_name\": \"木野まこと\", \"person_name\": \"篠原恵美\"}, {\"character_name\": \"愛野美奈子\", \"person_name\": \"深見梨加\"}, {\"character_name\": \"地場衛\", \"person_name\": \"古谷徹\"}, {\"character_name\": \"クィーン・セレニティ\", \"person_name\": \"土井美加\"}, {\"character_name\": \"ルナ\", \"person_name\": \"潘恵子\"}, {\"character_name\": \"アルテミス\", \"person_name\": \"高戸靖広\"}, {\"character_name\": \"クイン・メタリア\", \"person_name\": \"上村典子\"}, {\"character_name\": \"クイン・ベリル\", \"person_name\": \"潘恵子\"}, {\"character_name\": \"ジェダイト\", \"person_name\": \"小野坂昌也\"}, {\"character_name\": \"ネフライト\", \"person_name\": \"森功至\"}, {\"character_name\": \"ゾイサイト\", \"person_name\": \"難波圭一\"}, {\"character_name\": \"クンツァイト\", \"person_name\": \"曽我部和恭\"}, {\"character_name\": \"月野謙之\", \"person_name\": \"真地勇志\"}, {\"character_name\": \"月野育子\", \"person_name\": \"高木早苗\"}, {\"character_name\": \"月野進悟\", \"person_name\": \"川島千代子\"}, {\"character_name\": \"大阪なる\", \"person_name\": \"柿沼紫乃\"}, {\"character_name\": \"海野ぐりお\", \"person_name\": \"難波圭一\"}, {\"character_name\": \"桜田春菜\", \"person_name\": \"川島千代子\"}, {\"character_name\": \"古幡元基\", \"person_name\": \"佐藤浩之\"}, {\"character_name\": \"浦和良\", \"person_name\": \"太田真一郎\"}]','2025-11-28 23:13:46'),(2038,'[{\"character_name\": \"近衛スバル\", \"person_name\": \"井口裕香\"}, {\"character_name\": \"坂町近次郎\", \"person_name\": \"日野聡\"}, {\"character_name\": \"涼月奏\", \"person_name\": \"喜多村英梨\"}, {\"character_name\": \"坂町紅羽\", \"person_name\": \"花澤香菜\"}, {\"character_name\": \"宇佐美マサムネ\", \"person_name\": \"伊瀬茉莉也\"}, {\"character_name\": \"鳴海ナクル\", \"person_name\": \"阿澄佳奈\"}, {\"character_name\": \"近衛流\", \"person_name\": \"藤原啓治\"}, {\"character_name\": \"早乙女苺\", \"person_name\": \"茅原実里\"}, {\"character_name\": \"鮫島コサメ\", \"person_name\": \"沢城みゆき\"}, {\"character_name\": \"黒瀬ヤマト\", \"person_name\": \"最上嗣生\"}, {\"character_name\": \"坂町近次郎(幼少期)\", \"person_name\": \"小林ゆう\"}, {\"character_name\": \"坂町次郎\", \"person_name\": \"宮下栄治\"}, {\"character_name\": \"マリア\", \"person_name\": \"桑谷夏子\"}, {\"character_name\": \"チョコ\", \"person_name\": \"小倉唯\"}, {\"character_name\": \"ミルク\", \"person_name\": \"石原夏織\"}]','2025-11-28 21:55:37'),(2048,'[{\"character_name\": \"早乙女アルト\", \"person_name\": \"中村悠一\"}, {\"character_name\": \"ランカ・リー\", \"person_name\": \"中島愛\"}, {\"character_name\": \"シェリル・ノーム\", \"person_name\": \"遠藤綾\"}, {\"character_name\": \"ミハエル・ブラン\", \"person_name\": \"神谷浩史\"}, {\"character_name\": \"ルカ・アンジェローニ\", \"person_name\": \"福山潤\"}, {\"character_name\": \"松浦ナナセ\", \"person_name\": \"桑島法子\"}, {\"character_name\": \"オズマ・リー\", \"person_name\": \"小西克幸\"}, {\"character_name\": \"ジェフリー・ワイルダー\", \"person_name\": \"大川透\"}, {\"character_name\": \"ボビー・マルゴ\", \"person_name\": \"三宅健太\"}, {\"character_name\": \"グレイス・オコナー\", \"person_name\": \"井上喜久子\"}, {\"character_name\": \"ハワード・グラス\", \"person_name\": \"西村知道\"}, {\"character_name\": \"キャシー・グラス\", \"person_name\": \"小林沙苗\"}, {\"character_name\": \"レオン・三島\", \"person_name\": \"杉田智和\"}, {\"character_name\": \"モニカ・ラング\", \"person_name\": \"田中理恵 (声優)\"}, {\"character_name\": \"ミーナ・ローシャン\", \"person_name\": \"平野綾\"}, {\"character_name\": \"ラム・ホア\", \"person_name\": \"福原香織\"}, {\"character_name\": \"カナリア・ベルシュタイン\", \"person_name\": \"桑島法子\"}, {\"character_name\": \"クラン・クラン\", \"person_name\": \"豊口めぐみ\"}, {\"character_name\": \"ブレラ・スターン\", \"person_name\": \"保志総一朗\"}, {\"character_name\": \"エルモ・クリダニク\", \"person_name\": \"大川透\"}]','2025-11-28 21:56:53'),(2086,'[{\"character_name\": \"高倉冠葉\", \"person_name\": \"木村昴\"}, {\"character_name\": \"高倉晶馬\", \"person_name\": \"木村良平\"}, {\"character_name\": \"高倉陽毬\", \"person_name\": \"荒川美穂\"}, {\"character_name\": \"荻野目苹果\", \"person_name\": \"三宅麻理恵\"}, {\"character_name\": \"多蕗桂樹\", \"person_name\": \"石田彰\"}, {\"character_name\": \"時籠ゆり\", \"person_name\": \"能登麻美子\"}, {\"character_name\": \"夏芽真砂子\", \"person_name\": \"堀江由衣\"}, {\"character_name\": \"山下洋介\", \"person_name\": \"坂巻亮祐\"}, {\"character_name\": \"藤代万里\", \"person_name\": \"山村響\"}, {\"character_name\": \"柏木雪菜\", \"person_name\": \"生田善子\"}, {\"character_name\": \"久宝阿佐美\", \"person_name\": \"早見沙織\"}, {\"character_name\": \"結城翼\", \"person_name\": \"朴璐美\"}, {\"character_name\": \"鷲塚医師\", \"person_name\": \"屋良有作\"}, {\"character_name\": \"連雀\", \"person_name\": \"中原麻衣\"}, {\"character_name\": \"高倉剣山\", \"person_name\": \"子安武人\"}, {\"character_name\": \"高倉千江美\", \"person_name\": \"井上喜久子\"}, {\"character_name\": \"荻野目桃果\", \"person_name\": \"豊崎愛生\"}, {\"character_name\": \"荻野目聡\", \"person_name\": \"立木文彦\"}, {\"character_name\": \"荻野目絵里子\", \"person_name\": \"深見梨加\"}, {\"character_name\": \"多蕗の母\", \"person_name\": \"久川綾\"}, {\"character_name\": \"渡瀬眞悧\", \"person_name\": \"小泉豊\"}, {\"character_name\": \"シラセ\", \"person_name\": \"岩崎愛\"}, {\"character_name\": \"ソウヤ\", \"person_name\": \"高城元気\"}, {\"character_name\": \"伊空ヒバリ\", \"person_name\": \"渡部優衣\"}, {\"character_name\": \"歌田光莉\", \"person_name\": \"三宅麻理恵\"}, {\"character_name\": \"夏芽マリオ\", \"person_name\": \"荒浪和沙\"}]','2025-11-28 22:54:01'),(2108,'[{\"character_name\": \"鹿目まどか\", \"person_name\": \"悠木碧\"}, {\"character_name\": \"暁美ほむら\", \"person_name\": \"斎藤千和\"}, {\"character_name\": \"巴マミ\", \"person_name\": \"水橋かおり\"}, {\"character_name\": \"美樹さやか\", \"person_name\": \"喜多村英梨\"}, {\"character_name\": \"佐倉杏子\", \"person_name\": \"野中藍\"}, {\"character_name\": \"キュゥべえ\", \"person_name\": \"加藤英美里\"}, {\"character_name\": \"志筑仁美\", \"person_name\": \"新谷良子\"}, {\"character_name\": \"鹿目詢子\", \"person_name\": \"後藤邑子\"}, {\"character_name\": \"鹿目知久\", \"person_name\": \"岩永哲哉\"}, {\"character_name\": \"鹿目タツヤ\", \"person_name\": \"水橋かおり\"}, {\"character_name\": \"上条恭介\", \"person_name\": \"吉田聖子\"}, {\"character_name\": \"早乙女和子\", \"person_name\": \"岩男潤子\"}]','2025-11-28 22:52:51'),(2139,'[{\"character_name\": \"南春香\", \"person_name\": \"佐藤利奈\"}, {\"character_name\": \"南夏奈\", \"person_name\": \"井上麻里奈\"}, {\"character_name\": \"南千秋\", \"person_name\": \"茅原実里\"}, {\"character_name\": \"マキ\", \"person_name\": \"高木礼子\"}, {\"character_name\": \"アツコ\", \"person_name\": \"小野涼子\"}, {\"character_name\": \"速水\", \"person_name\": \"千葉紗子\"}, {\"character_name\": \"ヒロコ\", \"person_name\": \"千葉紗子\"}, {\"character_name\": \"ケイコ\", \"person_name\": \"後藤沙緒里\"}, {\"character_name\": \"リコ\", \"person_name\": \"高梁碧\"}, {\"character_name\": \"ユウ\", \"person_name\": \"大原桃子\"}, {\"character_name\": \"シュウイチ\", \"person_name\": \"大原桃子\"}, {\"character_name\": \"南冬馬\", \"person_name\": \"水樹奈々\"}, {\"character_name\": \"内田ユカ\", \"person_name\": \"喜多村英梨\"}, {\"character_name\": \"吉野\", \"person_name\": \"豊崎愛生\"}, {\"character_name\": \"真(マコちゃん)\", \"person_name\": \"森永理科\"}, {\"character_name\": \"保坂\", \"person_name\": \"小野大輔\"}, {\"character_name\": \"藤岡\", \"person_name\": \"柿原徹也\"}, {\"character_name\": \"タケルおじさん\", \"person_name\": \"浅沼晋太郎\"}, {\"character_name\": \"南ナツキ\", \"person_name\": \"吉野裕行\"}, {\"character_name\": \"南アキラ\", \"person_name\": \"葉山達也\"}]','2025-11-28 21:55:42'),(2321,'[{\"character_name\": \"「私」\", \"person_name\": \"浅沼晋太郎\"}, {\"character_name\": \"明石さん\", \"person_name\": \"坂本真綾\"}, {\"character_name\": \"小津\", \"person_name\": \"吉野裕行\"}, {\"character_name\": \"樋口師匠\", \"person_name\": \"藤原啓治\"}, {\"character_name\": \"城ヶ崎先輩\", \"person_name\": \"諏訪部順一\"}, {\"character_name\": \"羽貫さん\", \"person_name\": \"甲斐田裕子\"}, {\"character_name\": \"景子さん\", \"person_name\": \"大原さやか\"}, {\"character_name\": \"ジョニー\", \"person_name\": \"檜山修之\"}]','2025-11-28 22:54:23'),(2349,'[{\"character_name\": \"高坂穂乃果\", \"person_name\": \"新田恵海\"}, {\"character_name\": \"絢瀬絵里\", \"person_name\": \"南條愛乃\"}, {\"character_name\": \"南ことり\", \"person_name\": \"内田彩\"}, {\"character_name\": \"園田海未\", \"person_name\": \"三森すずこ\"}, {\"character_name\": \"星空凛\", \"person_name\": \"飯田里穂\"}, {\"character_name\": \"西木野真姫\", \"person_name\": \"Pile\"}, {\"character_name\": \"東條希\", \"person_name\": \"楠田亜衣奈\"}, {\"character_name\": \"小泉花陽\", \"person_name\": \"久保ユリカ\"}, {\"character_name\": \"矢澤にこ\", \"person_name\": \"徳井青空\"}]','2025-11-28 21:16:41'),(3996,'[{\"character_name\": \"高坂穂乃果\", \"person_name\": \"新田恵海\"}, {\"character_name\": \"絢瀬絵里\", \"person_name\": \"南條愛乃\"}, {\"character_name\": \"南ことり\", \"person_name\": \"内田彩\"}, {\"character_name\": \"園田海未\", \"person_name\": \"三森すずこ\"}, {\"character_name\": \"星空凛\", \"person_name\": \"飯田里穂\"}, {\"character_name\": \"西木野真姫\", \"person_name\": \"Pile\"}, {\"character_name\": \"東條希\", \"person_name\": \"楠田亜衣奈\"}, {\"character_name\": \"小泉花陽\", \"person_name\": \"久保ユリカ\"}, {\"character_name\": \"矢澤にこ\", \"person_name\": \"徳井青空\"}, {\"character_name\": \"高坂雪穂\", \"person_name\": \"東山奈央\"}, {\"character_name\": \"穂乃果の母\", \"person_name\": \"浅野真澄\"}, {\"character_name\": \"絢瀬亜里沙\", \"person_name\": \"佐倉綾音\"}, {\"character_name\": \"矢澤こころ／矢澤ここあ／矢澤虎太郎\", \"person_name\": \"徳井青空\"}, {\"character_name\": \"真姫の母\", \"person_name\": \"井上喜久子\"}, {\"character_name\": \"にこの母\", \"person_name\": \"三石琴乃\"}, {\"character_name\": \"理事長\", \"person_name\": \"日髙のり子\"}, {\"character_name\": \"ヒデコ\", \"person_name\": \"三宅麻理恵\"}, {\"character_name\": \"フミコ\", \"person_name\": \"山本希望\"}, {\"character_name\": \"ミカ\", \"person_name\": \"原紗友里\"}, {\"character_name\": \"綺羅ツバサ\", \"person_name\": \"桜川めぐ\"}, {\"character_name\": \"統堂英玲奈\", \"person_name\": \"松永真穂\"}, {\"character_name\": \"優木あんじゅ\", \"person_name\": \"大橋歩夕\"}]','2025-11-28 21:16:52'),(4086,'[{\"character_name\": \"金木研\", \"person_name\": \"花江夏樹\"}, {\"character_name\": \"霧嶋董香\", \"person_name\": \"雨宮天\"}, {\"character_name\": \"神代利世\", \"person_name\": \"花澤香菜\"}, {\"character_name\": \"月山習\", \"person_name\": \"宮野真守\"}, {\"character_name\": \"芳村\", \"person_name\": \"菅生隆之\"}, {\"character_name\": \"笛口雛実\", \"person_name\": \"諸星すみれ\"}, {\"character_name\": \"亜門鋼太朗\", \"person_name\": \"小西克幸\"}, {\"character_name\": \"真戸呉緒\", \"person_name\": \"大川透\"}, {\"character_name\": \"永近英良\", \"person_name\": \"豊永利行\"}, {\"character_name\": \"西尾錦\", \"person_name\": \"浅沼晋太郎\"}, {\"character_name\": \"四方蓮示\", \"person_name\": \"中村悠一\"}, {\"character_name\": \"ウタ\", \"person_name\": \"櫻井孝宏\"}, {\"character_name\": \"イトリ\", \"person_name\": \"高垣彩陽\"}, {\"character_name\": \"ヤモリ\", \"person_name\": \"西凜太朗\"}, {\"character_name\": \"霧嶋絢都\", \"person_name\": \"梶裕貴\"}, {\"character_name\": \"鈴屋什造\", \"person_name\": \"釘宮理恵\"}, {\"character_name\": \"万丈数壱\", \"person_name\": \"伊藤健太郎\"}, {\"character_name\": \"篠原幸紀\", \"person_name\": \"仲野裕\"}, {\"character_name\": \"丸手斎\", \"person_name\": \"うえだゆうじ\"}, {\"character_name\": \"ニコ\", \"person_name\": \"津田健次郎\"}, {\"character_name\": \"小坂依子\", \"person_name\": \"赤﨑千夏\"}, {\"character_name\": \"笛口アサキ\", \"person_name\": \"鳥海浩輔\"}, {\"character_name\": \"笛口リョーコ\", \"person_name\": \"折笠富美子\"}, {\"character_name\": \"西野貴未\", \"person_name\": \"小堀友里絵\"}, {\"character_name\": \"中島康智\", \"person_name\": \"大黒和広\"}, {\"character_name\": \"草場一平\", \"person_name\": \"村田太志\"}]','2025-11-28 22:54:25'),(4164,'[{\"character_name\": \"有馬公生\", \"person_name\": \"花江夏樹\"}, {\"character_name\": \"宮園かをり\", \"person_name\": \"種田梨沙\"}, {\"character_name\": \"澤部椿\", \"person_name\": \"佐倉綾音\"}, {\"character_name\": \"渡亮太\", \"person_name\": \"逢坂良太\"}, {\"character_name\": \"井川絵見\", \"person_name\": \"早見沙織\"}, {\"character_name\": \"相座武士\", \"person_name\": \"梶裕貴\"}, {\"character_name\": \"有馬早希\", \"person_name\": \"能登麻美子\"}, {\"character_name\": \"落合由里子\", \"person_name\": \"田中敦子\"}, {\"character_name\": \"高柳明\", \"person_name\": \"大山鎬則\"}, {\"character_name\": \"井端潤三\", \"person_name\": \"樋浦勉\"}, {\"character_name\": \"瀬戸紘子\", \"person_name\": \"園崎未恵\"}, {\"character_name\": \"瀬戸小春\", \"person_name\": \"水瀬いのり\"}, {\"character_name\": \"三池俊也\", \"person_name\": \"寺崎裕香\"}, {\"character_name\": \"相座凪\", \"person_name\": \"茅野愛衣\"}, {\"character_name\": \"柏木\", \"person_name\": \"石上静香\"}]','2025-11-28 21:55:18'),(4188,'[{\"character_name\": \"百合城銀子\", \"person_name\": \"荒川美穂\"}, {\"character_name\": \"百合ヶ咲るる\", \"person_name\": \"生田善子\"}, {\"character_name\": \"椿輝紅羽\", \"person_name\": \"山根希美\"}, {\"character_name\": \"ライフ・セクシー\", \"person_name\": \"諏訪部順一\"}, {\"character_name\": \"ライフ・クール\", \"person_name\": \"斎賀みつき\"}, {\"character_name\": \"ライフ・ビューティー\", \"person_name\": \"山本和臣\"}, {\"character_name\": \"泉乃純花\", \"person_name\": \"小倉唯\"}, {\"character_name\": \"百合園蜜子\", \"person_name\": \"悠木碧\"}, {\"character_name\": \"百合川このみ\", \"person_name\": \"小清水亜美\"}, {\"character_name\": \"鬼山江梨子\", \"person_name\": \"伊瀬茉莉也\"}, {\"character_name\": \"赤江カチューシャ\", \"person_name\": \"伊藤美来\"}, {\"character_name\": \"針島薫\", \"person_name\": \"日笠陽子\"}, {\"character_name\": \"大木蝶子\", \"person_name\": \"村川梨衣\"}, {\"character_name\": \"箱仲ユリーカ\", \"person_name\": \"井上喜久子\"}, {\"character_name\": \"椿輝澪愛\", \"person_name\": \"遠藤綾\"}, {\"character_name\": \"みるん\", \"person_name\": \"釘宮理恵\"}]','2025-11-28 22:54:27'),(4245,'[{\"character_name\": \"ハヤテ・インメルマン\", \"person_name\": \"内田雄馬\"}, {\"character_name\": \"フレイア・ヴィオン\", \"person_name\": \"鈴木みのり\"}, {\"character_name\": \"ミラージュ・ファリーナ・ジーナス\", \"person_name\": \"瀬戸麻沙美\"}, {\"character_name\": \"美雲・ギンヌメール\", \"person_name\": \"小清水亜美\"}, {\"character_name\": \"カナメ・バッカニア\", \"person_name\": \"安野希世乃\"}, {\"character_name\": \"レイナ・プラウラー\", \"person_name\": \"東山奈央\"}, {\"character_name\": \"マキナ・中島\", \"person_name\": \"西田望見\"}, {\"character_name\": \"アラド・メルダース\", \"person_name\": \"森川智之\"}, {\"character_name\": \"メッサー・イーレフェルト\", \"person_name\": \"内山昂輝\"}, {\"character_name\": \"チャック・マスタング\", \"person_name\": \"川田紳司\"}, {\"character_name\": \"アーネスト・ジョンソン\", \"person_name\": \"石塚運昇\"}, {\"character_name\": \"ロイド・ブレーム\", \"person_name\": \"石川界人\"}, {\"character_name\": \"キース・エアロ・ウィンダミア\", \"person_name\": \"木村良平\"}, {\"character_name\": \"ボーグ・コンファールト\", \"person_name\": \"KENN\"}, {\"character_name\": \"ヘルマン・クロース\", \"person_name\": \"遠藤大智\"}, {\"character_name\": \"カシム・エーベルハルト\", \"person_name\": \"拝真之介\"}, {\"character_name\": \"テオ・ユッシラ／ザオ・ユッシラ\", \"person_name\": \"峰岸佳\"}, {\"character_name\": \"グラミア6世\", \"person_name\": \"てらそままさき\"}, {\"character_name\": \"ハインツ2世\", \"person_name\": \"寺崎裕香\"}]','2025-11-28 21:17:11'),(4308,'[{\"character_name\": \"黄前久美子\", \"person_name\": \"黒沢ともよ\"}, {\"character_name\": \"加藤葉月\", \"person_name\": \"朝井彩加\"}, {\"character_name\": \"川島緑輝\", \"person_name\": \"豊田萌絵\"}, {\"character_name\": \"高坂麗奈\", \"person_name\": \"安済知佳\"}, {\"character_name\": \"田中あすか\", \"person_name\": \"寿美菜子\"}, {\"character_name\": \"小笠原晴香\", \"person_name\": \"早見沙織\"}, {\"character_name\": \"中世古香織\", \"person_name\": \"茅原実里\"}, {\"character_name\": \"塚本秀一\", \"person_name\": \"石谷春貴\"}, {\"character_name\": \"後藤卓也\", \"person_name\": \"津田健次郎\"}, {\"character_name\": \"長瀬梨子\", \"person_name\": \"小堀幸\"}, {\"character_name\": \"中川夏紀\", \"person_name\": \"藤村鼓乃美\"}, {\"character_name\": \"吉川優子\", \"person_name\": \"山岡ゆり\"}, {\"character_name\": \"斎藤葵\", \"person_name\": \"日笠陽子\"}, {\"character_name\": \"黄前麻美子\", \"person_name\": \"沼倉愛美\"}, {\"character_name\": \"黄前明子\", \"person_name\": \"七緒はるひ\"}, {\"character_name\": \"松本美知恵\", \"person_name\": \"久川綾\"}, {\"character_name\": \"滝昇\", \"person_name\": \"櫻井孝宏\"}]','2025-11-28 22:54:48'),(4416,'[{\"character_name\": \"若菜羽衣\", \"person_name\": \"竹達彩奈\"}, {\"character_name\": \"和泉隼斗\", \"person_name\": \"興津和幸\"}, {\"character_name\": \"三隅倫\", \"person_name\": \"津田美波\"}, {\"character_name\": \"新倉あやね\", \"person_name\": \"藤本葵\"}, {\"character_name\": \"藤咲可憐\", \"person_name\": \"杉山由恵\"}, {\"character_name\": \"猿渡真都\", \"person_name\": \"長妻樹里\"}, {\"character_name\": \"若菜みさと\", \"person_name\": \"金田朋子\"}]','2025-11-28 23:13:52'),(4438,'[{\"character_name\": \"高坂穂乃果\", \"person_name\": \"新田恵海\"}, {\"character_name\": \"絢瀬絵里\", \"person_name\": \"南條愛乃\"}, {\"character_name\": \"南ことり\", \"person_name\": \"内田彩\"}, {\"character_name\": \"園田海未\", \"person_name\": \"三森すずこ\"}, {\"character_name\": \"星空凛\", \"person_name\": \"飯田里穂\"}, {\"character_name\": \"西木野真姫\", \"person_name\": \"Pile\"}, {\"character_name\": \"東條希\", \"person_name\": \"楠田亜衣奈\"}, {\"character_name\": \"小泉花陽\", \"person_name\": \"久保ユリカ\"}, {\"character_name\": \"矢澤にこ\", \"person_name\": \"徳井青空\"}]','2025-11-28 21:17:00'),(4543,'[{\"character_name\": \"里中チエ\", \"person_name\": \"久保ユリカ\"}, {\"character_name\": \"前田さん\", \"person_name\": \"近藤隆\"}, {\"character_name\": \"白井麗子\", \"person_name\": \"生天目仁美\"}, {\"character_name\": \"森明日香\", \"person_name\": \"中島由貴\"}, {\"character_name\": \"植野真由\", \"person_name\": \"木戸衣吹\"}, {\"character_name\": \"宮村雪\", \"person_name\": \"山崎エリイ\"}, {\"character_name\": \"金本さくら\", \"person_name\": \"和田京子\"}]','2025-11-29 03:11:38'),(4565,'[{\"character_name\": \"藤沼悟 (29歳)\", \"person_name\": \"満島真之介\"}, {\"character_name\": \"藤沼悟 (10歳)\", \"person_name\": \"土屋太鳳\"}, {\"character_name\": \"片桐愛梨\", \"person_name\": \"赤﨑千夏\"}, {\"character_name\": \"雛月加代\", \"person_name\": \"悠木碧\"}, {\"character_name\": \"ケンヤ\", \"person_name\": \"大地葉\"}, {\"character_name\": \"ヒロミ\", \"person_name\": \"鬼頭明里\"}, {\"character_name\": \"オサム\", \"person_name\": \"七瀬彩夏\"}, {\"character_name\": \"カズ\", \"person_name\": \"菊池幸利\"}, {\"character_name\": \"白鳥潤\", \"person_name\": \"水島大宙\"}, {\"character_name\": \"藤沼佐知子\", \"person_name\": \"高山みなみ\"}, {\"character_name\": \"八代学\", \"person_name\": \"宮本充\"}]','2025-11-28 23:13:51'),(4614,'[{\"character_name\": \"烏丸千歳\", \"person_name\": \"千本木彩花\"}, {\"character_name\": \"久我山八重\", \"person_name\": \"本渡楓\"}, {\"character_name\": \"片倉京\", \"person_name\": \"石川由依\"}, {\"character_name\": \"苑生百花\", \"person_name\": \"鈴木絵理\"}, {\"character_name\": \"柴崎万葉\", \"person_name\": \"大西沙織\"}, {\"character_name\": \"九頭P\", \"person_name\": \"中井和哉\"}, {\"character_name\": \"烏丸悟浄\", \"person_name\": \"梅原裕一郎\"}, {\"character_name\": \"十和田AP\", \"person_name\": \"江口拓也\"}, {\"character_name\": \"難波社長\", \"person_name\": \"堀内賢雄\"}]','2025-11-28 21:55:09'),(4681,'[{\"character_name\": \"木幡真琴\", \"person_name\": \"篠田みなみ\"}, {\"character_name\": \"倉本千夏\", \"person_name\": \"鈴木絵理\"}, {\"character_name\": \"倉本圭\", \"person_name\": \"菅原慎介\"}, {\"character_name\": \"木幡茜\", \"person_name\": \"葵井歌菜\"}, {\"character_name\": \"石渡なお\", \"person_name\": \"三上枝織\"}, {\"character_name\": \"犬養\", \"person_name\": \"日野まり\"}, {\"character_name\": \"椎名杏子\", \"person_name\": \"井口裕香\"}, {\"character_name\": \"チト\", \"person_name\": \"茅野愛衣\"}, {\"character_name\": \"ケニー\", \"person_name\": \"佐倉綾音\"}, {\"character_name\": \"アル\", \"person_name\": \"小澤亜李\"}]','2025-11-28 22:52:44'),(4826,'[{\"character_name\": \"黄前久美子\", \"person_name\": \"黒沢ともよ\"}, {\"character_name\": \"加藤葉月\", \"person_name\": \"朝井彩加\"}, {\"character_name\": \"川島緑輝\", \"person_name\": \"豊田萌絵\"}, {\"character_name\": \"高坂麗奈\", \"person_name\": \"安済知佳\"}, {\"character_name\": \"田中あすか\", \"person_name\": \"寿美菜子\"}, {\"character_name\": \"小笠原晴香\", \"person_name\": \"早見沙織\"}, {\"character_name\": \"中世古香織\", \"person_name\": \"茅原実里\"}, {\"character_name\": \"中川夏紀\", \"person_name\": \"藤村鼓乃美\"}, {\"character_name\": \"吉川優子\", \"person_name\": \"山岡ゆり\"}, {\"character_name\": \"鎧塚みぞれ\", \"person_name\": \"種﨑敦美\"}, {\"character_name\": \"傘木希美\", \"person_name\": \"東山奈央\"}, {\"character_name\": \"塚本秀一\", \"person_name\": \"石谷春貴\"}, {\"character_name\": \"後藤卓也\", \"person_name\": \"津田健次郎\"}, {\"character_name\": \"長瀬梨子\", \"person_name\": \"小堀幸\"}, {\"character_name\": \"黄前麻美子\", \"person_name\": \"沼倉愛美\"}, {\"character_name\": \"松本美知恵\", \"person_name\": \"久川綾\"}, {\"character_name\": \"橋本真博\", \"person_name\": \"中村悠一\"}, {\"character_name\": \"新山聡美\", \"person_name\": \"桑島法子\"}, {\"character_name\": \"滝昇\", \"person_name\": \"櫻井孝宏\"}]','2025-11-28 22:54:47'),(4854,'[{\"character_name\": \"若菜羽衣\", \"person_name\": \"竹達彩奈\"}, {\"character_name\": \"和泉隼斗\", \"person_name\": \"興津和幸\"}, {\"character_name\": \"三隅倫\", \"person_name\": \"津田美波\"}, {\"character_name\": \"新倉あやね\", \"person_name\": \"藤本葵\"}, {\"character_name\": \"藤咲可憐\", \"person_name\": \"杉山由恵\"}, {\"character_name\": \"猿渡真都\", \"person_name\": \"長妻樹里\"}, {\"character_name\": \"若菜みさと\", \"person_name\": \"金田朋子\"}, {\"character_name\": \"西条ほのか\", \"person_name\": \"徳井青空\"}, {\"character_name\": \"三隅慧\", \"person_name\": \"白石涼子\"}]','2025-11-28 23:13:54'),(4996,'[{\"character_name\": \"アイちゃん\", \"person_name\": \"原田彩楓\"}, {\"character_name\": \"お兄さん\", \"person_name\": \"間島淳司\"}, {\"character_name\": \"バレー部ちゃん\", \"person_name\": \"石上静香\"}, {\"character_name\": \"後輩ちゃん\", \"person_name\": \"茅野愛衣\"}, {\"character_name\": \"先輩\", \"person_name\": \"内匠靖明\"}]','2025-11-28 22:54:19'),(5035,'[{\"character_name\": \"サーバル\", \"person_name\": \"尾崎由香\"}, {\"character_name\": \"フェネック\", \"person_name\": \"本宮佳奈\"}, {\"character_name\": \"アライグマ\", \"person_name\": \"小野早稀\"}, {\"character_name\": \"かばん\", \"person_name\": \"内田彩\"}, {\"character_name\": \"ロイヤルペンギン\", \"person_name\": \"佐々木未来\"}, {\"character_name\": \"コウテイペンギン\", \"person_name\": \"根本流風\"}, {\"character_name\": \"ジェンツーペンギン\", \"person_name\": \"田村響華\"}, {\"character_name\": \"イワトビペンギン\", \"person_name\": \"相羽あいな\"}, {\"character_name\": \"フンボルトペンギン\", \"person_name\": \"築田行子\"}, {\"character_name\": \"コツメカワウソ\", \"person_name\": \"近藤玲奈\"}, {\"character_name\": \"ジャガー\", \"person_name\": \"津田美波\"}, {\"character_name\": \"アルパカ・スリ\", \"person_name\": \"藤井ゆきよ\"}, {\"character_name\": \"アメリカビーバー\", \"person_name\": \"下地紫野\"}, {\"character_name\": \"オグロプレーリードッグ\", \"person_name\": \"大空直美\"}, {\"character_name\": \"ライオン\", \"person_name\": \"本多真梨子\"}, {\"character_name\": \"ヘラジカ\", \"person_name\": \"國府田マリ子\"}, {\"character_name\": \"アフリカオオコノハズク\", \"person_name\": \"三上枝織\"}, {\"character_name\": \"ギンギツネ\", \"person_name\": \"相坂優歌\"}, {\"character_name\": \"タイリクオオカミ\", \"person_name\": \"伊藤かな恵\"}, {\"character_name\": \"アミメキリン\", \"person_name\": \"野中藍\"}, {\"character_name\": \"ヒグマ\", \"person_name\": \"松井恵理子\"}, {\"character_name\": \"リカオン\", \"person_name\": \"立花理香\"}, {\"character_name\": \"キンシコウ\", \"person_name\": \"和多田美咲\"}, {\"character_name\": \"ワシミミズク\", \"person_name\": \"上原あかり\"}, {\"character_name\": \"フォッサ\", \"person_name\": \"七海映子\"}, {\"character_name\": \"インドゾウ\", \"person_name\": \"幸野ゆりあ\"}, {\"character_name\": \"アクシスジカ\", \"person_name\": \"早乃香織\"}, {\"character_name\": \"キタキツネ\", \"person_name\": \"三森すずこ\"}, {\"character_name\": \"スナネコ\", \"person_name\": \"みゆはん\"}, {\"character_name\": \"マーゲイ\", \"person_name\": \"山下まみ\"}, {\"character_name\": \"カバ\", \"person_name\": \"照井春佳\"}, {\"character_name\": \"トキ\", \"person_name\": \"金田朋子\"}, {\"character_name\": \"ツチノコ\", \"person_name\": \"小林ゆう\"}]','2025-11-28 22:54:26'),(5057,'[{\"character_name\": \"花坂結衣\", \"person_name\": \"M・A・O\"}, {\"character_name\": \"桃原奈月\", \"person_name\": \"村川梨衣\"}, {\"character_name\": \"青島萌香\", \"person_name\": \"三森すずこ\"}]','2025-11-28 21:54:05'),(5138,'[{\"character_name\": \"安曇小太郎\", \"person_name\": \"千葉翔也\"}, {\"character_name\": \"水野茜\", \"person_name\": \"小原好美\"}, {\"character_name\": \"比良拓海\", \"person_name\": \"田丸篤志\"}, {\"character_name\": \"西尾千夏\", \"person_name\": \"村川梨衣\"}, {\"character_name\": \"山科ろまん\", \"person_name\": \"筆村栄心\"}, {\"character_name\": \"小笠原大地\", \"person_name\": \"金子誠\"}, {\"character_name\": \"宮本心咲\", \"person_name\": \"石見舞菜香\"}, {\"character_name\": \"佐藤節子\", \"person_name\": \"鈴木美園\"}, {\"character_name\": \"今津美羽\", \"person_name\": \"千菅春香\"}, {\"character_name\": \"田中さくら\", \"person_name\": \"井上ほの花\"}, {\"character_name\": \"永原翔\", \"person_name\": \"広瀬裕也\"}, {\"character_name\": \"稲葉保仁\", \"person_name\": \"石井マーク\"}, {\"character_name\": \"滝沢葵\", \"person_name\": \"白石晴香\"}, {\"character_name\": \"金子翼\", \"person_name\": \"熊谷健太郎\"}, {\"character_name\": \"立花大輔\", \"person_name\": \"岩中睦樹\"}, {\"character_name\": \"園田涼子\", \"person_name\": \"東山奈央\"}, {\"character_name\": \"安曇龍之介\", \"person_name\": \"岡和男\"}, {\"character_name\": \"安曇淳子\", \"person_name\": \"井上喜久子\"}, {\"character_name\": \"水野洋\", \"person_name\": \"岩田光央\"}, {\"character_name\": \"水野沙織\", \"person_name\": \"斎藤千和\"}, {\"character_name\": \"水野彩音\", \"person_name\": \"前川涼子\"}]','2025-11-28 22:53:37'),(5158,'[{\"character_name\": \"花畑よしこ\", \"person_name\": \"悠木碧\"}, {\"character_name\": \"阿久津明\", \"person_name\": \"杉田智和\"}, {\"character_name\": \"隅野さやか\", \"person_name\": \"原田彩楓\"}, {\"character_name\": \"風紀委員長\", \"person_name\": \"上坂すみれ\"}, {\"character_name\": \"花畑よしえ\", \"person_name\": \"日笠陽子\"}, {\"character_name\": \"犬\", \"person_name\": \"浪川大輔\"}, {\"character_name\": \"黒崎龍一\", \"person_name\": \"八代拓\"}, {\"character_name\": \"阿久津瑠璃\", \"person_name\": \"千本木彩花\"}, {\"character_name\": \"押枝あつこ\", \"person_name\": \"佐藤利奈\"}, {\"character_name\": \"栄村茜\", \"person_name\": \"M・A・O\"}, {\"character_name\": \"柊姫衣\", \"person_name\": \"前田玲奈\"}, {\"character_name\": \"椎名黒子\", \"person_name\": \"井口裕香\"}]','2025-11-28 22:53:45'),(5233,'[{\"character_name\": \"小泉さん\", \"person_name\": \"竹達彩奈\"}, {\"character_name\": \"大澤悠\", \"person_name\": \"佐倉綾音\"}, {\"character_name\": \"中村美沙\", \"person_name\": \"鬼頭明里\"}, {\"character_name\": \"高橋潤\", \"person_name\": \"原由実\"}, {\"character_name\": \"大澤修\", \"person_name\": \"中村悠一\"}]','2025-11-28 21:52:51'),(5337,'[{\"character_name\": \"フォスフォフィライト\", \"person_name\": \"黒沢ともよ\"}, {\"character_name\": \"シンシャ\", \"person_name\": \"小松未可子\"}, {\"character_name\": \"ダイヤモンド\", \"person_name\": \"茅野愛衣\"}, {\"character_name\": \"ボルツ\", \"person_name\": \"佐倉綾音\"}, {\"character_name\": \"モルガナイト\", \"person_name\": \"田村睦心\"}, {\"character_name\": \"ゴーシェナイト\", \"person_name\": \"早見沙織\"}, {\"character_name\": \"ルチル\", \"person_name\": \"内山夕実\"}, {\"character_name\": \"ジェード\", \"person_name\": \"高垣彩陽\"}, {\"character_name\": \"レッドベリル\", \"person_name\": \"内田真礼\"}, {\"character_name\": \"アメシスト\", \"person_name\": \"伊藤かな恵\"}, {\"character_name\": \"ベニトアイト\", \"person_name\": \"小澤亜李\"}, {\"character_name\": \"ネプチュナイト\", \"person_name\": \"種﨑敦美\"}, {\"character_name\": \"ジルコン\", \"person_name\": \"茜屋日海夏\"}, {\"character_name\": \"オブシディアン\", \"person_name\": \"広橋涼\"}, {\"character_name\": \"イエローダイヤモンド\", \"person_name\": \"皆川純子\"}, {\"character_name\": \"ユークレース\", \"person_name\": \"能登麻美子\"}, {\"character_name\": \"アレキサンドライト\", \"person_name\": \"釘宮理恵\"}, {\"character_name\": \"金剛先生\", \"person_name\": \"中田譲治\"}]','2025-11-28 22:54:39'),(5339,'[{\"character_name\": \"鎧塚みぞれ\", \"person_name\": \"種﨑敦美\"}, {\"character_name\": \"傘木希美\", \"person_name\": \"東山奈央\"}, {\"character_name\": \"リズ\", \"person_name\": \"本田望結\"}, {\"character_name\": \"少女\", \"person_name\": \"本田望結\"}, {\"character_name\": \"中川夏紀\", \"person_name\": \"藤村鼓乃美\"}, {\"character_name\": \"吉川優子\", \"person_name\": \"山岡ゆり\"}, {\"character_name\": \"剣崎梨々花\", \"person_name\": \"杉浦しおり\"}, {\"character_name\": \"黄前久美子\", \"person_name\": \"黒沢ともよ\"}, {\"character_name\": \"加藤葉月\", \"person_name\": \"朝井彩加\"}, {\"character_name\": \"川島緑輝\", \"person_name\": \"豊田萌絵\"}, {\"character_name\": \"高坂麗奈\", \"person_name\": \"安済知佳\"}, {\"character_name\": \"新山聡美\", \"person_name\": \"桑島法子\"}, {\"character_name\": \"橋本真博\", \"person_name\": \"中村悠一\"}, {\"character_name\": \"滝昇\", \"person_name\": \"櫻井孝宏\"}]','2025-11-28 22:54:46'),(5340,'[{\"character_name\": \"黄前久美子\", \"person_name\": \"黒沢ともよ\"}, {\"character_name\": \"加藤葉月\", \"person_name\": \"朝井彩加\"}, {\"character_name\": \"川島緑輝\", \"person_name\": \"豊田萌絵\"}, {\"character_name\": \"高坂麗奈\", \"person_name\": \"安済知佳\"}, {\"character_name\": \"塚本秀一\", \"person_name\": \"石谷春貴\"}, {\"character_name\": \"中川夏紀\", \"person_name\": \"藤村鼓乃美\"}, {\"character_name\": \"吉川優子\", \"person_name\": \"山岡ゆり\"}, {\"character_name\": \"後藤卓也\", \"person_name\": \"津田健次郎\"}, {\"character_name\": \"長瀬梨子\", \"person_name\": \"小堀幸\"}, {\"character_name\": \"久石奏\", \"person_name\": \"雨宮天\"}, {\"character_name\": \"鈴木美玲\", \"person_name\": \"七瀬彩夏\"}, {\"character_name\": \"鈴木さつき\", \"person_name\": \"久野美咲\"}, {\"character_name\": \"月永求\", \"person_name\": \"土屋神葉\"}, {\"character_name\": \"田中あすか\", \"person_name\": \"寿美菜子\"}, {\"character_name\": \"滝昇\", \"person_name\": \"櫻井孝宏\"}]','2025-11-28 22:54:44'),(5362,'[{\"character_name\": \"ヴァイオレット・エヴァーガーデン\", \"person_name\": \"石川由依\"}, {\"character_name\": \"クラウディア・ホッジンズ\", \"person_name\": \"子安武人\"}, {\"character_name\": \"ギルベルト・ブーゲンビリア\", \"person_name\": \"浪川大輔\"}, {\"character_name\": \"カトレア・ボードレール\", \"person_name\": \"遠藤綾\"}, {\"character_name\": \"ベネディクト・ブルー\", \"person_name\": \"内山昂輝\"}, {\"character_name\": \"エリカ・ブラウン\", \"person_name\": \"茅原実里\"}, {\"character_name\": \"アイリス・カナリー\", \"person_name\": \"戸松遥\"}]','2025-11-28 21:14:18'),(5466,'[{\"character_name\": \"山田結衣\", \"person_name\": \"髙橋ミナミ\"}, {\"character_name\": \"加瀬友香\", \"person_name\": \"佐倉綾音\"}]','2025-11-28 22:54:29'),(5487,'[{\"character_name\": \"ヒナ\", \"person_name\": \"田中貴子\"}, {\"character_name\": \"新田\", \"person_name\": \"中島ヨシキ\"}, {\"character_name\": \"アンズ\", \"person_name\": \"村川梨衣\"}, {\"character_name\": \"瞳\", \"person_name\": \"本渡楓\"}, {\"character_name\": \"詩子\", \"person_name\": \"日笠陽子\"}, {\"character_name\": \"マオ\", \"person_name\": \"小澤亜李\"}, {\"character_name\": \"若頭\", \"person_name\": \"小山剛志\"}, {\"character_name\": \"サブ\", \"person_name\": \"河西健吾\"}]','2025-11-28 22:53:09'),(5500,'[{\"character_name\": \"花坂結衣\", \"person_name\": \"M・A・O\"}, {\"character_name\": \"七橋御乃梨\", \"person_name\": \"高橋李依\"}, {\"character_name\": \"天月真白\", \"person_name\": \"水瀬いのり\"}]','2025-11-28 21:52:55'),(5628,'[{\"character_name\": \"響裕太\", \"person_name\": \"広瀬裕也\"}, {\"character_name\": \"グリッドマン\", \"person_name\": \"緑川光\"}, {\"character_name\": \"内海将\", \"person_name\": \"斉藤壮馬\"}, {\"character_name\": \"宝多六花\", \"person_name\": \"宮本侑芽\"}, {\"character_name\": \"新条アカネ\", \"person_name\": \"上田麗奈\"}, {\"character_name\": \"サムライ・キャリバー\", \"person_name\": \"高橋良輔 (俳優)\"}, {\"character_name\": \"マックス\", \"person_name\": \"小西克幸\"}, {\"character_name\": \"ボラー\", \"person_name\": \"悠木碧\"}, {\"character_name\": \"ヴィット\", \"person_name\": \"松風雅也\"}, {\"character_name\": \"謎の少年\", \"person_name\": \"鈴村健一\"}, {\"character_name\": \"アレクシス・ケリヴ\", \"person_name\": \"稲田徹\"}, {\"character_name\": \"六花ママ\", \"person_name\": \"新谷真弓\"}, {\"character_name\": \"なみこ\", \"person_name\": \"三森すずこ\"}, {\"character_name\": \"はっす\", \"person_name\": \"鬼頭明里\"}]','2026-03-26 11:07:14'),(5641,'[{\"character_name\": \"冬空コガラシ\", \"person_name\": \"小野友樹\"}, {\"character_name\": \"湯ノ花幽奈\", \"person_name\": \"島袋美由利\"}, {\"character_name\": \"宮崎千紗希\", \"person_name\": \"鈴木絵理\"}, {\"character_name\": \"雨野狭霧\", \"person_name\": \"高橋李依\"}, {\"character_name\": \"荒覇吐呑子\", \"person_name\": \"加隈亜衣\"}, {\"character_name\": \"伏黒夜々\", \"person_name\": \"小倉唯\"}, {\"character_name\": \"仲居ちとせ\", \"person_name\": \"原田彩楓\"}, {\"character_name\": \"神刀朧\", \"person_name\": \"小松未可子\"}, {\"character_name\": \"信楽こゆず\", \"person_name\": \"春野杏\"}]','2025-11-28 22:54:10'),(5753,'[{\"character_name\": \"夏乃はなび\", \"person_name\": \"津田美波\"}, {\"character_name\": \"藤原このみ\", \"person_name\": \"桜木アミサ\"}, {\"character_name\": \"篁いおり\", \"person_name\": \"仲田ありさ\"}, {\"character_name\": \"藤原依子\", \"person_name\": \"松嵜麗\"}, {\"character_name\": \"月城優\", \"person_name\": \"小松未可子\"}, {\"character_name\": \"三井そのあ\", \"person_name\": \"喜多村英梨\"}]','2026-03-14 23:24:08'),(5760,'[{\"character_name\": \"愛城華恋\", \"person_name\": \"小山百代\"}, {\"character_name\": \"神楽ひかり\", \"person_name\": \"三森すずこ\"}, {\"character_name\": \"天堂真矢\", \"person_name\": \"富田麻帆\"}, {\"character_name\": \"星見純那\", \"person_name\": \"佐藤日向\"}, {\"character_name\": \"露崎まひる\", \"person_name\": \"岩田陽葵\"}, {\"character_name\": \"大場なな\", \"person_name\": \"小泉萌香\"}, {\"character_name\": \"西條クロディーヌ\", \"person_name\": \"相羽あいな\"}, {\"character_name\": \"石動双葉\", \"person_name\": \"生田輝\"}, {\"character_name\": \"花柳香子\", \"person_name\": \"伊藤彩沙\"}]','2025-11-28 22:53:36'),(5781,'[{\"character_name\": \"関織子\", \"person_name\": \"小林星蘭\"}, {\"character_name\": \"立売誠\", \"person_name\": \"松田颯水\"}, {\"character_name\": \"秋野真月\", \"person_name\": \"水樹奈々\"}, {\"character_name\": \"関峰子\", \"person_name\": \"一龍斎春水\"}, {\"character_name\": \"田島エツ子\", \"person_name\": \"一龍斎貞友\"}, {\"character_name\": \"蓑田康之介\", \"person_name\": \"てらそままさき\"}, {\"character_name\": \"鈴鬼\", \"person_name\": \"小桜エツコ\"}, {\"character_name\": \"秋野美陽\", \"person_name\": \"日高里菜\"}]','2025-11-28 21:54:22'),(5789,'[{\"character_name\": \"リムル\", \"person_name\": \"岡咲美保\"}, {\"character_name\": \"大賢者\", \"person_name\": \"豊口めぐみ\"}, {\"character_name\": \"ヴェルドラ\", \"person_name\": \"前野智昭\"}, {\"character_name\": \"シズ\", \"person_name\": \"花守ゆみり\"}, {\"character_name\": \"ベニマル\", \"person_name\": \"古川慎\"}, {\"character_name\": \"シュナ\", \"person_name\": \"千本木彩花\"}, {\"character_name\": \"シオン\", \"person_name\": \"M・A・O\"}, {\"character_name\": \"ソウエイ\", \"person_name\": \"江口拓也\"}, {\"character_name\": \"ハクロウ\", \"person_name\": \"大塚芳忠\"}, {\"character_name\": \"リグルド\", \"person_name\": \"山本兼平\"}, {\"character_name\": \"ゴブタ\", \"person_name\": \"泊明日菜\"}, {\"character_name\": \"ランガ\", \"person_name\": \"小林親弘\"}, {\"character_name\": \"トレイニー\", \"person_name\": \"田中理恵 (声優)\"}, {\"character_name\": \"ミリム\", \"person_name\": \"日高里菜\"}]','2025-11-28 23:14:07'),(5795,'[{\"character_name\": \"犬塚\", \"person_name\": \"小野友樹\"}, {\"character_name\": \"ペルシア\", \"person_name\": \"茅野愛衣\"}, {\"character_name\": \"蓮季\", \"person_name\": \"佐倉綾音\"}, {\"character_name\": \"シャル\", \"person_name\": \"嶋村侑\"}, {\"character_name\": \"胡蝶\", \"person_name\": \"日高里菜\"}, {\"character_name\": \"手李亞\", \"person_name\": \"小倉唯\"}, {\"character_name\": \"スコット\", \"person_name\": \"神谷浩史\"}, {\"character_name\": \"丸流\", \"person_name\": \"杉田智和\"}, {\"character_name\": \"土佐\", \"person_name\": \"細谷佳正\"}, {\"character_name\": \"古羊\", \"person_name\": \"下野紘\"}, {\"character_name\": \"アビ\", \"person_name\": \"立花慎之介\"}, {\"character_name\": \"ソマリ\", \"person_name\": \"喜多村英梨\"}, {\"character_name\": \"ケット\", \"person_name\": \"興津和幸\"}, {\"character_name\": \"サイベル\", \"person_name\": \"上坂すみれ\"}, {\"character_name\": \"レックス\", \"person_name\": \"星野貴紀\"}, {\"character_name\": \"獅子\", \"person_name\": \"飯田里穂\"}, {\"character_name\": \"歩米良\", \"person_name\": \"本渡楓\"}, {\"character_name\": \"藍瑠\", \"person_name\": \"小野大輔\"}]','2025-11-28 22:54:40'),(5799,'[{\"character_name\": \"月白瞳美\", \"person_name\": \"石原夏織\"}, {\"character_name\": \"月白琥珀\", \"person_name\": \"本渡楓\"}, {\"character_name\": \"葵唯翔\", \"person_name\": \"千葉翔也\"}, {\"character_name\": \"川合胡桃\", \"person_name\": \"東山奈央\"}, {\"character_name\": \"風野あさぎ\", \"person_name\": \"市ノ瀬加那\"}, {\"character_name\": \"山吹将\", \"person_name\": \"前田誠二\"}, {\"character_name\": \"深澤千草\", \"person_name\": \"村瀬歩\"}]','2025-11-28 21:01:32'),(5813,'[{\"character_name\": \"松坂さとう\", \"person_name\": \"花澤香菜\"}, {\"character_name\": \"神戸しお\", \"person_name\": \"久野美咲\"}, {\"character_name\": \"神戸あさひ\", \"person_name\": \"花守ゆみり\"}, {\"character_name\": \"三星太陽\", \"person_name\": \"花江夏樹\"}, {\"character_name\": \"飛騨しょうこ\", \"person_name\": \"洲崎綾\"}, {\"character_name\": \"北埋川大地\", \"person_name\": \"石川界人\"}, {\"character_name\": \"さとうの叔母\", \"person_name\": \"井上喜久子\"}]','2025-11-28 23:13:55'),(6010,'[{\"character_name\": \"小糸侑\", \"person_name\": \"高田憂希\"}, {\"character_name\": \"七海燈子\", \"person_name\": \"寿美菜子\"}, {\"character_name\": \"佐伯沙弥香\", \"person_name\": \"茅野愛衣\"}, {\"character_name\": \"槙聖司\", \"person_name\": \"市川太一\"}]','2025-11-28 22:54:00'),(6092,'[{\"character_name\": \"相川壮介\", \"person_name\": \"本多啓吾\"}, {\"character_name\": \"清水由紀\", \"person_name\": \"歩サラ\"}, {\"character_name\": \"丹生砂生\", \"person_name\": \"小花モモコ\"}, {\"character_name\": \"花園柚子\", \"person_name\": \"秋本ねりね\"}]','2025-11-28 22:55:06'),(6153,'[{\"character_name\": \"ヴァイオレット・エヴァーガーデン\", \"person_name\": \"石川由依\"}, {\"character_name\": \"ギルベルト・ブーゲンビリア\", \"person_name\": \"浪川大輔\"}]','2025-11-28 22:54:54'),(6159,'[{\"character_name\": \"巽幸太郎\", \"person_name\": \"宮野真守\"}, {\"character_name\": \"源さくら\", \"person_name\": \"本渡楓\"}, {\"character_name\": \"二階堂サキ\", \"person_name\": \"田野アサミ\"}, {\"character_name\": \"水野愛\", \"person_name\": \"種田梨沙\"}, {\"character_name\": \"紺野純子\", \"person_name\": \"河瀬茉希\"}, {\"character_name\": \"ゆうぎり\", \"person_name\": \"衣川里佳\"}, {\"character_name\": \"星川リリィ\", \"person_name\": \"田中美海\"}, {\"character_name\": \"山田たえ\", \"person_name\": \"三石琴乃\"}, {\"character_name\": \"警察官Ａ\", \"person_name\": \"吉野裕行\"}, {\"character_name\": \"ロメロ\", \"person_name\": \"高戸靖広\"}]','2025-11-28 21:56:45'),(6170,'[{\"character_name\": \"橘瑠衣\", \"person_name\": \"内田真礼\"}, {\"character_name\": \"橘陽菜\", \"person_name\": \"日笠陽子\"}, {\"character_name\": \"藤井夏生\", \"person_name\": \"八代拓\"}, {\"character_name\": \"柏原もも\", \"person_name\": \"佳村はるか\"}, {\"character_name\": \"葦原美雨\", \"person_name\": \"小原好美\"}, {\"character_name\": \"栗本文哉\", \"person_name\": \"江口拓也\"}, {\"character_name\": \"藤井昭人\", \"person_name\": \"飛田展男\"}, {\"character_name\": \"橘都樹子\", \"person_name\": \"日野由利加\"}, {\"character_name\": \"柾岡悠弥\", \"person_name\": \"益山武明\"}, {\"character_name\": \"木根和志\", \"person_name\": \"梶原岳人\"}]','2025-11-28 22:54:12'),(6286,'[{\"character_name\": \"児嶋加奈\", \"person_name\": \"上坂すみれ\"}, {\"character_name\": \"佐藤一郎\", \"person_name\": \"鈴木崚汰\"}, {\"character_name\": \"松風真由\", \"person_name\": \"後藤邑子\"}, {\"character_name\": \"鈴木凛\", \"person_name\": \"増田俊樹\"}, {\"character_name\": \"葉桜ひかり\", \"person_name\": \"石上静香\"}, {\"character_name\": \"高橋隆\", \"person_name\": \"山本和臣\"}, {\"character_name\": \"立花千鶴\", \"person_name\": \"山本希望\"}, {\"character_name\": \"田中甲\", \"person_name\": \"小林裕介\"}]','2025-11-28 22:54:18'),(6336,'[{\"character_name\": \"綾瀬千早\", \"person_name\": \"瀬戸麻沙美\"}, {\"character_name\": \"綿谷新\", \"person_name\": \"細谷佳正\"}, {\"character_name\": \"真島太一\", \"person_name\": \"宮野真守\"}, {\"character_name\": \"大江奏\", \"person_name\": \"茅野愛衣\"}, {\"character_name\": \"西田優征\", \"person_name\": \"奈良徹\"}, {\"character_name\": \"駒野勉\", \"person_name\": \"代永翼\"}, {\"character_name\": \"花野菫\", \"person_name\": \"潘めぐみ\"}, {\"character_name\": \"筑波秋博\", \"person_name\": \"入野自由\"}, {\"character_name\": \"猪熊遥\", \"person_name\": \"坂本真綾\"}]','2025-11-28 23:13:48'),(6355,'[{\"character_name\": \"本田透\", \"person_name\": \"石見舞菜香\"}, {\"character_name\": \"草摩由希\", \"person_name\": \"島﨑信長\"}, {\"character_name\": \"草摩夾\", \"person_name\": \"内田雄馬\"}, {\"character_name\": \"草摩紫呉\", \"person_name\": \"中村悠一\"}, {\"character_name\": \"草摩楽羅\", \"person_name\": \"釘宮理恵\"}, {\"character_name\": \"草摩紅葉\", \"person_name\": \"潘めぐみ\"}, {\"character_name\": \"草摩はとり\", \"person_name\": \"興津和幸\"}, {\"character_name\": \"草摩潑春\", \"person_name\": \"古川慎\"}, {\"character_name\": \"草摩綾女\", \"person_name\": \"櫻井孝宏\"}, {\"character_name\": \"草摩慊人\", \"person_name\": \"坂本真綾\"}, {\"character_name\": \"魚谷ありさ\", \"person_name\": \"種﨑敦美\"}, {\"character_name\": \"花島咲\", \"person_name\": \"佐藤聡美\"}, {\"character_name\": \"本田今日子\", \"person_name\": \"沢城みゆき\"}]','2025-11-28 22:54:04'),(6508,'[{\"character_name\": \"木ノ幡みら\", \"person_name\": \"高柳知葉\"}, {\"character_name\": \"真中あお\", \"person_name\": \"山口愛\"}, {\"character_name\": \"猪瀬舞\", \"person_name\": \"指出毬亜\"}, {\"character_name\": \"桜井美景\", \"person_name\": \"東山奈央\"}, {\"character_name\": \"森野真理\", \"person_name\": \"上坂すみれ\"}, {\"character_name\": \"七海悠\", \"person_name\": \"諸星すみれ\"}, {\"character_name\": \"桜井千景\", \"person_name\": \"小原好美\"}, {\"character_name\": \"鈴矢萌\", \"person_name\": \"上田麗奈\"}, {\"character_name\": \"遠藤幸\", \"person_name\": \"Lynn\"}, {\"character_name\": \"伊部小百合\", \"person_name\": \"古賀葵\"}, {\"character_name\": \"宇佐美綾乃\", \"person_name\": \"中島愛\"}]','2025-11-28 22:53:50'),(6549,'[{\"character_name\": \"金室慎之介\", \"person_name\": \"吉沢亮\"}, {\"character_name\": \"相生あかね\", \"person_name\": \"吉岡里帆\"}, {\"character_name\": \"相生あおい\", \"person_name\": \"若山詩音\"}, {\"character_name\": \"新渡戸団吉\", \"person_name\": \"松平健\"}]','2026-05-28 01:47:08'),(6618,'[{\"character_name\": \"森谷美鈴\", \"person_name\": \"伊藤美来\"}, {\"character_name\": \"村上遥\", \"person_name\": \"宮本侑芽\"}, {\"character_name\": \"小林由香利\", \"person_name\": \"安済知佳\"}]','2025-11-28 22:54:38'),(6664,'[{\"character_name\": \"安達\", \"person_name\": \"鬼頭明里\"}, {\"character_name\": \"しまむら\", \"person_name\": \"伊藤美来\"}, {\"character_name\": \"日野\", \"person_name\": \"沼倉愛美\"}, {\"character_name\": \"永藤\", \"person_name\": \"上田麗奈\"}, {\"character_name\": \"ヤシロ\", \"person_name\": \"佐伯伊織\"}]','2025-11-28 22:53:58'),(6688,'[{\"character_name\": \"黄前久美子\", \"person_name\": \"黒沢ともよ\"}, {\"character_name\": \"加藤葉月\", \"person_name\": \"朝井彩加\"}, {\"character_name\": \"川島緑輝\", \"person_name\": \"豊田萌絵\"}, {\"character_name\": \"高坂麗奈\", \"person_name\": \"安済知佳\"}, {\"character_name\": \"黒江真由\", \"person_name\": \"戸松遥\"}, {\"character_name\": \"塚本秀一\", \"person_name\": \"石谷春貴\"}, {\"character_name\": \"釜屋つばめ\", \"person_name\": \"大橋彩香\"}, {\"character_name\": \"久石奏\", \"person_name\": \"雨宮天\"}, {\"character_name\": \"鈴木美玲\", \"person_name\": \"七瀬彩夏\"}, {\"character_name\": \"鈴木さつき\", \"person_name\": \"久野美咲\"}, {\"character_name\": \"月永求\", \"person_name\": \"土屋神葉\"}, {\"character_name\": \"剣崎梨々花\", \"person_name\": \"杉浦しおり\"}, {\"character_name\": \"釜屋すずめ\", \"person_name\": \"夏川椎菜\"}, {\"character_name\": \"上石弥生\", \"person_name\": \"松田彩音\"}, {\"character_name\": \"針谷佳穂\", \"person_name\": \"寺澤百花\"}, {\"character_name\": \"義井沙里\", \"person_name\": \"陶山恵実里\"}, {\"character_name\": \"滝昇\", \"person_name\": \"櫻井孝宏\"}]','2025-11-28 22:54:42'),(6817,'[{\"character_name\": \"巽幸太郎\", \"person_name\": \"宮野真守\"}, {\"character_name\": \"源さくら\", \"person_name\": \"本渡楓\"}, {\"character_name\": \"二階堂サキ\", \"person_name\": \"田野アサミ\"}, {\"character_name\": \"水野愛\", \"person_name\": \"種田梨沙\"}, {\"character_name\": \"紺野純子\", \"person_name\": \"河瀬茉希\"}, {\"character_name\": \"ゆうぎり\", \"person_name\": \"衣川里佳\"}, {\"character_name\": \"星川リリィ\", \"person_name\": \"田中美海\"}, {\"character_name\": \"山田たえ\", \"person_name\": \"三石琴乃\"}, {\"character_name\": \"警察官Ａ\", \"person_name\": \"吉野裕行\"}, {\"character_name\": \"ロメロ\", \"person_name\": \"高戸靖広\"}]','2025-11-28 21:56:49'),(7067,'[{\"character_name\": \"愛城華恋\", \"person_name\": \"小山百代\"}, {\"character_name\": \"神楽ひかり\", \"person_name\": \"三森すずこ\"}, {\"character_name\": \"天堂真矢\", \"person_name\": \"富田麻帆\"}, {\"character_name\": \"星見純那\", \"person_name\": \"佐藤日向\"}, {\"character_name\": \"露崎まひる\", \"person_name\": \"岩田陽葵\"}, {\"character_name\": \"大場なな\", \"person_name\": \"小泉萌香\"}, {\"character_name\": \"西條クロディーヌ\", \"person_name\": \"相羽あいな\"}, {\"character_name\": \"石動双葉\", \"person_name\": \"生田輝\"}, {\"character_name\": \"花柳香子\", \"person_name\": \"伊藤彩沙\"}]','2025-11-28 21:57:24'),(7162,'[{\"character_name\": \"虎杖悠仁\", \"person_name\": \"榎木淳弥\"}, {\"character_name\": \"伏黒恵\", \"person_name\": \"内田雄馬\"}, {\"character_name\": \"釘崎野薔薇\", \"person_name\": \"瀬戸麻沙美\"}, {\"character_name\": \"禪院真希\", \"person_name\": \"小松未可子\"}, {\"character_name\": \"狗巻棘\", \"person_name\": \"内山昂輝\"}, {\"character_name\": \"パンダ\", \"person_name\": \"関智一\"}, {\"character_name\": \"東堂葵\", \"person_name\": \"木村昴\"}, {\"character_name\": \"加茂憲紀\", \"person_name\": \"日野聡\"}, {\"character_name\": \"西宮桃\", \"person_name\": \"釘宮理恵\"}, {\"character_name\": \"禪院真依\", \"person_name\": \"井上麻里奈\"}, {\"character_name\": \"三輪霞\", \"person_name\": \"赤﨑千夏\"}, {\"character_name\": \"究極メカ丸\", \"person_name\": \"松岡禎丞\"}, {\"character_name\": \"高田ちゃん\", \"person_name\": \"黒沢ともよ\"}, {\"character_name\": \"五条悟\", \"person_name\": \"中村悠一\"}, {\"character_name\": \"夜蛾正道\", \"person_name\": \"黒田崇矢\"}, {\"character_name\": \"七海建人\", \"person_name\": \"津田健次郎\"}, {\"character_name\": \"伊地知潔高\", \"person_name\": \"岩田光央\"}, {\"character_name\": \"家入硝子\", \"person_name\": \"遠藤綾\"}, {\"character_name\": \"新田明\", \"person_name\": \"徳井青空\"}, {\"character_name\": \"庵歌姫\", \"person_name\": \"日笠陽子\"}, {\"character_name\": \"楽巌寺嘉伸\", \"person_name\": \"麦人\"}, {\"character_name\": \"夏油傑\", \"person_name\": \"櫻井孝宏\"}, {\"character_name\": \"漏瑚\", \"person_name\": \"千葉繁\"}, {\"character_name\": \"花御\", \"person_name\": \"田中敦子\"}, {\"character_name\": \"吉野順平\", \"person_name\": \"山谷祥生\"}, {\"character_name\": \"真人\", \"person_name\": \"島﨑信長\"}, {\"character_name\": \"両面宿儺\", \"person_name\": \"諏訪部順一\"}]','2025-11-28 22:53:57'),(7190,'[{\"character_name\": \"ボッジ\", \"person_name\": \"日向未南\"}, {\"character_name\": \"カゲ\", \"person_name\": \"村瀬歩\"}, {\"character_name\": \"ダイダ\", \"person_name\": \"梶裕貴\"}, {\"character_name\": \"ヒリング\", \"person_name\": \"佐藤利奈\"}, {\"character_name\": \"ドーマス\", \"person_name\": \"江口拓也\"}, {\"character_name\": \"ベビン\", \"person_name\": \"上田燿司\"}, {\"character_name\": \"アピス\", \"person_name\": \"安元洋貴\"}, {\"character_name\": \"ドルーシ\", \"person_name\": \"田所陽向\"}, {\"character_name\": \"ホクロ\", \"person_name\": \"山下大輝\"}, {\"character_name\": \"ボッス\", \"person_name\": \"三宅健太\"}, {\"character_name\": \"シーナ\", \"person_name\": \"本田貴子\"}, {\"character_name\": \"魔法の鏡\", \"person_name\": \"坂本真綾\"}, {\"character_name\": \"デスハー\", \"person_name\": \"下山吉光\"}, {\"character_name\": \"デスパー\", \"person_name\": \"櫻井孝宏\"}, {\"character_name\": \"オウケン\", \"person_name\": \"遊佐浩二\"}]','2025-11-28 22:53:48'),(7382,'[{\"character_name\": \"花坂結衣\", \"person_name\": \"M・A・O\"}, {\"character_name\": \"七橋御乃梨\", \"person_name\": \"高橋李依\"}, {\"character_name\": \"織崎紗耶\", \"person_name\": \"花守ゆみり\"}, {\"character_name\": \"琴川晶\", \"person_name\": \"富田美憂\"}, {\"character_name\": \"桃原奈月\", \"person_name\": \"村川梨衣\"}]','2025-11-28 23:13:50'),(7392,'[{\"character_name\": \"戦闘員六号\", \"person_name\": \"白井悠介\"}, {\"character_name\": \"キサラギ＝アリス\", \"person_name\": \"富田美憂\"}, {\"character_name\": \"スノウ\", \"person_name\": \"菊池紗矢香\"}, {\"character_name\": \"ロゼ\", \"person_name\": \"村上奈津実\"}, {\"character_name\": \"グリム\", \"person_name\": \"髙橋ミナミ\"}]','2025-11-28 21:57:33'),(7626,'[{\"character_name\": \"崖坂みのり\", \"person_name\": \"小倉唯\"}, {\"character_name\": \"豊房麗\", \"person_name\": \"長妻樹里\"}, {\"character_name\": \"見瀬内花南\", \"person_name\": \"富田美憂\"}, {\"character_name\": \"数寄屋橋累\", \"person_name\": \"長妻樹里\"}, {\"character_name\": \"大阪朱莉\", \"person_name\": \"清水彩香 (声優)\"}, {\"character_name\": \"村上小波\", \"person_name\": \"北守さいか\"}, {\"character_name\": \"喜屋武珠\", \"person_name\": \"清水彩香 (声優)\"}, {\"character_name\": \"塩屋令\", \"person_name\": \"富田美憂\"}, {\"character_name\": \"姉歯結亜\", \"person_name\": \"小倉唯\"}, {\"character_name\": \"ニノセサンノセ\", \"person_name\": \"海田朱音\"}, {\"character_name\": \"油石夏実\", \"person_name\": \"北守さいか\"}, {\"character_name\": \"思井綾芽\", \"person_name\": \"小倉唯\"}, {\"character_name\": \"土下座\", \"person_name\": \"杉田智和\"}, {\"character_name\": \"天の声\", \"person_name\": \"堀江一眞\"}]','2025-11-28 21:56:58'),(7678,'[{\"character_name\": \"シオン\", \"person_name\": \"土屋太鳳\"}, {\"character_name\": \"サトミ\", \"person_name\": \"福原遥\"}, {\"character_name\": \"トウマ\", \"person_name\": \"工藤阿須加\"}, {\"character_name\": \"ゴッちゃん\", \"person_name\": \"興津和幸\"}, {\"character_name\": \"アヤ\", \"person_name\": \"小松未可子\"}, {\"character_name\": \"サンダー\", \"person_name\": \"日野聡\"}, {\"character_name\": \"美津子\", \"person_name\": \"大原さやか\"}, {\"character_name\": \"野見山\", \"person_name\": \"浜田賢二\"}, {\"character_name\": \"西城\", \"person_name\": \"津田健次郎\"}]','2026-01-04 01:34:24'),(7747,'[{\"character_name\": \"渡辺さらさ\", \"person_name\": \"千本木彩花\"}, {\"character_name\": \"奈良田愛\", \"person_name\": \"花守ゆみり\"}, {\"character_name\": \"杉本紗和\", \"person_name\": \"上坂すみれ\"}, {\"character_name\": \"星野薫\", \"person_name\": \"大地葉\"}, {\"character_name\": \"山田彩子\", \"person_name\": \"佐々木李子\"}, {\"character_name\": \"沢田千夏\", \"person_name\": \"松田利冴\"}, {\"character_name\": \"沢田千秋\", \"person_name\": \"松田颯水\"}, {\"character_name\": \"野島聖\", \"person_name\": \"花澤香菜\"}, {\"character_name\": \"中山リサ\", \"person_name\": \"小松未可子\"}, {\"character_name\": \"竹井朋美\", \"person_name\": \"寺崎裕香\"}, {\"character_name\": \"安道守\", \"person_name\": \"諏訪部順一\"}, {\"character_name\": \"奈良田太一\", \"person_name\": \"野島健児\"}, {\"character_name\": \"里美星\", \"person_name\": \"七海ひろき\"}, {\"character_name\": \"白川暁也\", \"person_name\": \"高梨謙吾\"}, {\"character_name\": \"白川煌三郎\", \"person_name\": \"子安武人\"}]','2025-11-28 22:53:47'),(8291,'[{\"character_name\": \"お母さん\", \"person_name\": \"原田知世\"}, {\"character_name\": \"ウマソウ\", \"person_name\": \"加藤清史郎\"}, {\"character_name\": \"ハート\", \"person_name\": \"山口勝平\"}, {\"character_name\": \"ハート（子供時代）\", \"person_name\": \"愛河里花子\"}, {\"character_name\": \"ライト（子供時代）\", \"person_name\": \"折笠富美子\"}, {\"character_name\": \"ゴンザ\", \"person_name\": \"桐本琢也\"}, {\"character_name\": \"ライト\", \"person_name\": \"川島得愛\"}, {\"character_name\": \"ペロペロ\", \"person_name\": \"川村万梨阿\"}, {\"character_name\": \"ブラリ\", \"person_name\": \"高乃麗\"}, {\"character_name\": \"マイアサウラのボス\", \"person_name\": \"小室正幸\"}, {\"character_name\": \"ティラノサウルスのボス\", \"person_name\": \"江川央生\"}, {\"character_name\": \"グオー\", \"person_name\": \"志村知幸\"}, {\"character_name\": \"ガオー\", \"person_name\": \"勝沼紀義\"}, {\"character_name\": \"ギャオー\", \"person_name\": \"井田国男\"}, {\"character_name\": \"鉤ヅメ\", \"person_name\": \"宮西達也\"}, {\"character_name\": \"マイアサウラのおばさん\", \"person_name\": \"宮西美奈子\"}, {\"character_name\": \"ベコン\", \"person_name\": \"矢田稔\"}, {\"character_name\": \"バクー\", \"person_name\": \"別所哲也\"}]','2025-12-03 00:46:06'),(8782,'[{\"character_name\": \"網代慎平\", \"person_name\": \"花江夏樹\"}, {\"character_name\": \"小舟潮\", \"person_name\": \"永瀬アンナ\"}, {\"character_name\": \"小舟澪\", \"person_name\": \"白砂沙帆\"}, {\"character_name\": \"南方ひづる\", \"person_name\": \"日笠陽子\"}, {\"character_name\": \"根津銀次郎\", \"person_name\": \"浦山迅\"}, {\"character_name\": \"菱形窓\", \"person_name\": \"小野賢章\"}, {\"character_name\": \"菱形朱鷺子\", \"person_name\": \"河瀬茉希\"}, {\"character_name\": \"菱形青銅\", \"person_name\": \"大塚明夫\"}, {\"character_name\": \"小舟アラン\", \"person_name\": \"玄田哲章\"}, {\"character_name\": \"凸村哲\", \"person_name\": \"上田燿司\"}, {\"character_name\": \"雁切真砂人\", \"person_name\": \"小西克幸\"}, {\"character_name\": \"小早川しおり\", \"person_name\": \"釘宮理恵\"}, {\"character_name\": \"ハイネ\", \"person_name\": \"久野美咲\"}]','2025-11-28 21:56:38'),(8796,'[{\"character_name\": \"比嘉舞星\", \"person_name\": \"安野希世乃\"}, {\"character_name\": \"すずきいちろう（？）\", \"person_name\": \"小林竜之\"}, {\"character_name\": \"比嘉海星\", \"person_name\": \"三宅健太\"}, {\"character_name\": \"比嘉テル子\", \"person_name\": \"谷育子\"}]','2026-03-26 11:06:58'),(8888,'[{\"character_name\": \"スレッタ・マーキュリー\", \"person_name\": \"市ノ瀬加那\"}, {\"character_name\": \"ミオリネ・レンブラン\", \"person_name\": \"Lynn\"}, {\"character_name\": \"グエル・ジェターク\", \"person_name\": \"阿座上洋平\"}, {\"character_name\": \"エラン・ケレス\", \"person_name\": \"花江夏樹\"}, {\"character_name\": \"シャディク・ゼネリ\", \"person_name\": \"古川慎\"}, {\"character_name\": \"ニカ・ナナウラ\", \"person_name\": \"宮本侑芽\"}, {\"character_name\": \"ニカ・ナナウラ\", \"person_name\": \"白石晴香\"}, {\"character_name\": \"チュアチュリー・パンランチ\", \"person_name\": \"富田美憂\"}, {\"character_name\": \"プロスペラ\", \"person_name\": \"能登麻美子\"}, {\"character_name\": \"デリング・レンブラン\", \"person_name\": \"内田直哉\"}, {\"character_name\": \"サリウス・ゼネリ\", \"person_name\": \"斧アツシ\"}, {\"character_name\": \"ヴィム・ジェターク\", \"person_name\": \"金尾哲夫\"}, {\"character_name\": \"ニューゲン\", \"person_name\": \"勝生真沙子\"}, {\"character_name\": \"カル\", \"person_name\": \"小宮和枝\"}, {\"character_name\": \"ネボラ\", \"person_name\": \"沢海陽子\"}, {\"character_name\": \"ゴルネリ\", \"person_name\": \"斉藤貴美子\"}, {\"character_name\": \"ラジャン・ザヒ\", \"person_name\": \"花輪英司\"}, {\"character_name\": \"ラウダ・ニール\", \"person_name\": \"大塚剛央\"}, {\"character_name\": \"フェルシー・ロロ\", \"person_name\": \"高田憂希\"}, {\"character_name\": \"ペトラ・イッタ\", \"person_name\": \"広瀬ゆうき\"}, {\"character_name\": \"セセリア・ドート\", \"person_name\": \"山根綺\"}, {\"character_name\": \"ロウジ・チャンテ\", \"person_name\": \"佐藤元\"}, {\"character_name\": \"マルタン・アップモント\", \"person_name\": \"榎木淳弥\"}, {\"character_name\": \"ヌーノ・カルガン\", \"person_name\": \"畠中祐\"}, {\"character_name\": \"オジェロ・ギャベル\", \"person_name\": \"KENN\"}, {\"character_name\": \"ティル・ネイス\", \"person_name\": \"天﨑滉平\"}, {\"character_name\": \"リリッケ・カドカ・リパティ\", \"person_name\": \"稲垣好\"}, {\"character_name\": \"アリヤ・マフヴァーシュ\", \"person_name\": \"島袋美由利\"}, {\"character_name\": \"カミル・ケーシンク\", \"person_name\": \"山下タイキ\"}, {\"character_name\": \"ベルメリア・ウィンストン\", \"person_name\": \"恒松あゆみ\"}, {\"character_name\": \"サビーナ・ファルディン\", \"person_name\": \"瀬戸麻沙美\"}, {\"character_name\": \"レネ・コスタ\", \"person_name\": \"鈴代紗弓\"}, {\"character_name\": \"イリーシャ・プラノ\", \"person_name\": \"前川涼子\"}, {\"character_name\": \"メイジー・メイ\", \"person_name\": \"貫井柚佳\"}, {\"character_name\": \"エナオ・ジャズ\", \"person_name\": \"若山詩音\"}, {\"character_name\": \"フェン・ジュン\", \"person_name\": \"渡辺明乃\"}, {\"character_name\": \"グストン・パーチェ\", \"person_name\": \"柳田淳一\"}]','2025-11-28 21:56:27'),(8937,'[{\"character_name\": \"アイちゃん\", \"person_name\": \"原田彩楓\"}, {\"character_name\": \"後輩ちゃん\", \"person_name\": \"茅野愛衣\"}, {\"character_name\": \"前髪ちゃん\", \"person_name\": \"高橋李依\"}, {\"character_name\": \"バレー部ちゃん\", \"person_name\": \"石上静香\"}, {\"character_name\": \"妹ちゃん\", \"person_name\": \"井口裕香\"}, {\"character_name\": \"お母さん\", \"person_name\": \"井上喜久子\"}, {\"character_name\": \"お兄さん\", \"person_name\": \"間島淳司\"}, {\"character_name\": \"先輩\", \"person_name\": \"内匠靖明\"}, {\"character_name\": \"先生\", \"person_name\": \"柳田淳一\"}]','2025-11-28 21:57:10'),(9202,'[{\"character_name\": \"豚\", \"person_name\": \"松岡禎丞\"}, {\"character_name\": \"ジェス\", \"person_name\": \"楠木ともり\"}, {\"character_name\": \"ノット\", \"person_name\": \"伊東健人\"}, {\"character_name\": \"セレス\", \"person_name\": \"富田美憂\"}, {\"character_name\": \"ブレース\", \"person_name\": \"能登麻美子\"}]','2025-11-28 22:53:44'),(9244,'[{\"character_name\": \"鷹原羽依里\", \"person_name\": \"千葉翔也\"}, {\"character_name\": \"鳴瀬しろは\", \"person_name\": \"小原好美\"}, {\"character_name\": \"空門蒼\", \"person_name\": \"高森奈津美\"}, {\"character_name\": \"久島鴎\", \"person_name\": \"稗田寧々\"}, {\"character_name\": \"紬ヴェンダース\", \"person_name\": \"岩井映美里\"}, {\"character_name\": \"野村美希\", \"person_name\": \"一宮朔\"}, {\"character_name\": \"水織静久\", \"person_name\": \"小山さほみ\"}, {\"character_name\": \"加藤うみ\", \"person_name\": \"田中あいみ\"}, {\"character_name\": \"岬鏡子\", \"person_name\": \"高本めぐみ\"}, {\"character_name\": \"鳴瀬小鳩\", \"person_name\": \"白石稔\"}, {\"character_name\": \"イナリ\", \"person_name\": \"鈴木このみ\"}, {\"character_name\": \"三谷良一\", \"person_name\": \"熊谷健太郎\"}, {\"character_name\": \"加納天善\", \"person_name\": \"浜田洋平\"}, {\"character_name\": \"七海\", \"person_name\": \"花澤香菜\"}]','2026-03-14 23:24:11'),(9428,'[{\"character_name\": \"ポチ太\", \"person_name\": \"梅田修一朗\"}, {\"character_name\": \"犬飼加恋\", \"person_name\": \"会沢紗弥\"}, {\"character_name\": \"猫谷ミケ\", \"person_name\": \"相良茉優\"}, {\"character_name\": \"月城うさぎ\", \"person_name\": \"小坂井祐莉絵\"}]','2025-11-28 22:54:16'),(9689,'[{\"character_name\": \"黄前久美子\", \"person_name\": \"黒沢ともよ\"}, {\"character_name\": \"加藤葉月\", \"person_name\": \"朝井彩加\"}, {\"character_name\": \"川島緑輝\", \"person_name\": \"豊田萌絵\"}, {\"character_name\": \"高坂麗奈\", \"person_name\": \"安済知佳\"}, {\"character_name\": \"塚本秀一\", \"person_name\": \"石谷春貴\"}, {\"character_name\": \"釜屋つばめ\", \"person_name\": \"大橋彩香\"}, {\"character_name\": \"中川夏紀\", \"person_name\": \"藤村鼓乃美\"}, {\"character_name\": \"吉川優子\", \"person_name\": \"山岡ゆり\"}, {\"character_name\": \"鎧塚みぞれ\", \"person_name\": \"種﨑敦美\"}, {\"character_name\": \"傘木希美\", \"person_name\": \"東山奈央\"}, {\"character_name\": \"久石奏\", \"person_name\": \"雨宮天\"}, {\"character_name\": \"鈴木美玲\", \"person_name\": \"七瀬彩夏\"}, {\"character_name\": \"鈴木さつき\", \"person_name\": \"久野美咲\"}, {\"character_name\": \"剣崎梨々花\", \"person_name\": \"杉浦しおり\"}, {\"character_name\": \"滝昇\", \"person_name\": \"櫻井孝宏\"}]','2025-11-28 22:54:43'),(9696,'[{\"character_name\": \"星野アイ\", \"person_name\": \"高橋李依\"}, {\"character_name\": \"アクア\", \"person_name\": \"大塚剛央\"}, {\"character_name\": \"ルビー\", \"person_name\": \"伊駒ゆりえ\"}, {\"character_name\": \"有馬かな\", \"person_name\": \"潘めぐみ\"}, {\"character_name\": \"MEMちょ\", \"person_name\": \"大久保瑠美\"}, {\"character_name\": \"黒川あかね\", \"person_name\": \"石見舞菜香\"}, {\"character_name\": \"斉藤ミヤコ\", \"person_name\": \"Lynn\"}, {\"character_name\": \"五反田泰志\", \"person_name\": \"加瀬康之\"}, {\"character_name\": \"寿みなみ\", \"person_name\": \"羊宮妃那\"}, {\"character_name\": \"不知火フリル\", \"person_name\": \"瀬戸麻沙美\"}, {\"character_name\": \"雨宮吾郎\", \"person_name\": \"伊東健人\"}, {\"character_name\": \"天童寺さりな\", \"person_name\": \"高柳知葉\"}, {\"character_name\": \"アクア(幼少期)\", \"person_name\": \"内山夕実\"}]','2025-11-28 22:53:55'),(9701,'[{\"character_name\": \"小金井小糸\", \"person_name\": \"尾崎由香\"}, {\"character_name\": \"エルダ\", \"person_name\": \"小清水亜美\"}, {\"character_name\": \"桜庭高麗\", \"person_name\": \"相川遥花\"}, {\"character_name\": \"小金井小柚子\", \"person_name\": \"関根瞳\"}, {\"character_name\": \"小日向向日葵\", \"person_name\": \"生田輝\"}, {\"character_name\": \"ヨルデ\", \"person_name\": \"釘宮理恵\"}, {\"character_name\": \"小伊万里いすず\", \"person_name\": \"市ノ瀬加那\"}, {\"character_name\": \"ハイラ\", \"person_name\": \"能登麻美子\"}]','2025-11-28 22:53:53'),(9737,'[{\"character_name\": \"浅草ゆり\", \"person_name\": \"大西沙織\"}, {\"character_name\": \"蔵前ぱんだ\", \"person_name\": \"鬼頭明里\"}, {\"character_name\": \"虎ノ門うめ\", \"person_name\": \"相良茉優\"}, {\"character_name\": \"鐘ヶ淵つるぎ\", \"person_name\": \"Lynn\"}, {\"character_name\": \"浅草とと\", \"person_name\": \"久保田未夢\"}, {\"character_name\": \"浅草かおり\", \"person_name\": \"水橋かおり\"}, {\"character_name\": \"俺クン\", \"person_name\": \"杉田智和\"}]','2025-11-29 03:11:39'),(10079,'[{\"character_name\": \"フリーレン\", \"person_name\": \"種﨑敦美\"}, {\"character_name\": \"フェルン\", \"person_name\": \"市ノ瀬加那\"}, {\"character_name\": \"シュタルク\", \"person_name\": \"小林千晃\"}, {\"character_name\": \"ヒンメル\", \"person_name\": \"岡本信彦\"}, {\"character_name\": \"ハイター\", \"person_name\": \"東地宏樹\"}, {\"character_name\": \"アイゼン\", \"person_name\": \"上田燿司\"}, {\"character_name\": \"フランメ\", \"person_name\": \"田中敦子\"}, {\"character_name\": \"ザイン\", \"person_name\": \"中村悠一\"}, {\"character_name\": \"カンネ\", \"person_name\": \"和氣あず未\"}, {\"character_name\": \"ラヴィーネ\", \"person_name\": \"鈴代紗弓\"}, {\"character_name\": \"ヴィアベル\", \"person_name\": \"谷山紀章\"}, {\"character_name\": \"ユーベル\", \"person_name\": \"長谷川育美\"}, {\"character_name\": \"デンケン\", \"person_name\": \"斉藤次郎\"}, {\"character_name\": \"ラント\", \"person_name\": \"小松昌平\"}, {\"character_name\": \"リヒター\", \"person_name\": \"花輪英司\"}, {\"character_name\": \"ラオフェン\", \"person_name\": \"石上静香\"}, {\"character_name\": \"エーレ\", \"person_name\": \"伊藤かな恵\"}, {\"character_name\": \"ゼンゼ\", \"person_name\": \"照井春佳\"}, {\"character_name\": \"ゲナウ\", \"person_name\": \"新垣樽助\"}, {\"character_name\": \"ゼーリエ\", \"person_name\": \"伊瀬茉莉也\"}, {\"character_name\": \"メトーデ\", \"person_name\": \"上田麗奈\"}, {\"character_name\": \"クヴァール\", \"person_name\": \"安元洋貴\"}, {\"character_name\": \"アウラ\", \"person_name\": \"竹達彩奈\"}, {\"character_name\": \"リュグナー\", \"person_name\": \"諏訪部順一\"}, {\"character_name\": \"リーニエ\", \"person_name\": \"石見舞菜香\"}, {\"character_name\": \"ドラート\", \"person_name\": \"大鈴功起\"}]','2025-11-28 22:53:41'),(10374,'[{\"character_name\": \"テラコマリ・ガンデスブラッド\", \"person_name\": \"楠木ともり\"}, {\"character_name\": \"ヴィルヘイズ\", \"person_name\": \"鈴代紗弓\"}, {\"character_name\": \"サクナ・メモワール\", \"person_name\": \"石見舞菜香\"}, {\"character_name\": \"ネリア・カニンガム\", \"person_name\": \"ファイルーズあい\"}, {\"character_name\": \"アマツ・カルラ\", \"person_name\": \"島袋美由利\"}, {\"character_name\": \"カレン・エルヴェシアス\", \"person_name\": \"日笠陽子\"}, {\"character_name\": \"ミリセント・ブルーナイト\", \"person_name\": \"雨宮天\"}, {\"character_name\": \"ガートルード\", \"person_name\": \"日高里菜\"}, {\"character_name\": \"峰永こはる\", \"person_name\": \"木野日菜\"}, {\"character_name\": \"メルカ・ティアーノ\", \"person_name\": \"上田麗奈\"}, {\"character_name\": \"ティオ・フラット\", \"person_name\": \"水野朔\"}, {\"character_name\": \"カオステル・コント\", \"person_name\": \"花江夏樹\"}, {\"character_name\": \"ベリウス・イッヌ・ケルベロ\", \"person_name\": \"水中雅章\"}, {\"character_name\": \"メラコンシー\", \"person_name\": \"畠中祐\"}, {\"character_name\": \"ヨハン・ヘルダース\", \"person_name\": \"小林裕介\"}, {\"character_name\": \"アルマン・ガンデスブラッド\", \"person_name\": \"福島潤\"}, {\"character_name\": \"フレーテ・マスカレール\", \"person_name\": \"杉山里穂\"}, {\"character_name\": \"デルピュネー\", \"person_name\": \"藤原夏海\"}, {\"character_name\": \"コルネリウス\", \"person_name\": \"いなせあおい\"}, {\"character_name\": \"マッドハルト\", \"person_name\": \"井上和彦\"}, {\"character_name\": \"プロヘリヤ・ズタズタスキー\", \"person_name\": \"悠木碧\"}, {\"character_name\": \"レインズワース\", \"person_name\": \"岡本信彦\"}]','2025-11-28 22:52:26'),(10399,'[{\"character_name\": \"小村楓\", \"person_name\": \"伊藤昌弘\"}, {\"character_name\": \"三重あい\", \"person_name\": \"若山詩音\"}, {\"character_name\": \"川戸あすか\", \"person_name\": \"内田彩\"}, {\"character_name\": \"遠山まほ\", \"person_name\": \"鈴木みのり\"}, {\"character_name\": \"東蓮\", \"person_name\": \"木村良平\"}, {\"character_name\": \"八坂智\", \"person_name\": \"小林裕介\"}, {\"character_name\": \"染谷成海\", \"person_name\": \"下地紫野\"}, {\"character_name\": \"火渕結衣花\", \"person_name\": \"宮下早紀\"}, {\"character_name\": \"時田くん\", \"person_name\": \"利根健太朗\"}]','2025-11-28 22:54:33'),(10403,'[{\"character_name\": \"木野ひまり\", \"person_name\": \"嶋野花\"}, {\"character_name\": \"朝凪依\", \"person_name\": \"瀬戸麻沙美\"}, {\"character_name\": \"水口亜季\", \"person_name\": \"小松未可子\"}, {\"character_name\": \"筒井真理\", \"person_name\": \"小原好美\"}, {\"character_name\": \"橘香織\", \"person_name\": \"加隈亜衣\"}, {\"character_name\": \"泉志帆\", \"person_name\": \"根本優奈\"}, {\"character_name\": \"里宮百々花\", \"person_name\": \"上田麗奈\"}, {\"character_name\": \"天沢始\", \"person_name\": \"安済知佳\"}, {\"character_name\": \"水口未希\", \"person_name\": \"古賀葵\"}, {\"character_name\": \"朝凪依\", \"person_name\": \"笹倉かな\"}, {\"character_name\": \"泉志帆\", \"person_name\": \"水上スイ\"}]','2025-11-28 22:53:51'),(10425,'[{\"character_name\": \"スレッタ・マーキュリー\", \"person_name\": \"市ノ瀬加那\"}, {\"character_name\": \"ミオリネ・レンブラン\", \"person_name\": \"Lynn\"}, {\"character_name\": \"グエル・ジェターク\", \"person_name\": \"阿座上洋平\"}, {\"character_name\": \"エラン・ケレス\", \"person_name\": \"花江夏樹\"}, {\"character_name\": \"シャディク・ゼネリ\", \"person_name\": \"古川慎\"}, {\"character_name\": \"ニカ・ナナウラ\", \"person_name\": \"宮本侑芽\"}, {\"character_name\": \"チュアチュリー・パンランチ\", \"person_name\": \"富田美憂\"}, {\"character_name\": \"プロスペラ\", \"person_name\": \"能登麻美子\"}, {\"character_name\": \"デリング・レンブラン\", \"person_name\": \"内田直哉\"}]','2025-11-28 21:56:34'),(10591,'[{\"character_name\": \"北条時行\", \"person_name\": \"結川あさき\"}, {\"character_name\": \"雫\", \"person_name\": \"矢野妃菜喜\"}, {\"character_name\": \"弧次郎\", \"person_name\": \"日野まり\"}, {\"character_name\": \"亜也子\", \"person_name\": \"鈴代紗弓\"}, {\"character_name\": \"風間玄蕃\", \"person_name\": \"悠木碧\"}, {\"character_name\": \"吹雪\", \"person_name\": \"戸谷菊之介\"}, {\"character_name\": \"諏訪頼重\", \"person_name\": \"中村悠一\"}, {\"character_name\": \"足利高氏\", \"person_name\": \"小西克幸\"}, {\"character_name\": \"小笠原貞宗\", \"person_name\": \"青山穣\"}, {\"character_name\": \"諏訪盛高\", \"person_name\": \"石黒史剛\"}, {\"character_name\": \"市河助房\", \"person_name\": \"山本高広\"}, {\"character_name\": \"瘴奸\", \"person_name\": \"東地宏樹\"}]','2025-11-28 22:54:21'),(10882,'[{\"character_name\": \"鈴ヶ森ちか\", \"person_name\": \"月城日花\"}, {\"character_name\": \"蓮沼暦\", \"person_name\": \"鈴代紗弓\"}, {\"character_name\": \"鵜木ゆい\", \"person_name\": \"平塚紗依\"}, {\"character_name\": \"天空橋りり\", \"person_name\": \"日笠陽子\"}, {\"character_name\": \"糀谷冬音\", \"person_name\": \"佐藤聡美\"}, {\"character_name\": \"吉本さん\", \"person_name\": \"小林ゆう\"}, {\"character_name\": \"ナレーション\", \"person_name\": \"窪田等\"}]','2026-02-07 02:50:37'),(11525,'[{\"character_name\": \"美空かなた\", \"person_name\": \"中川梨花\"}, {\"character_name\": \"小父内涼葉\", \"person_name\": \"中島由貴\"}, {\"character_name\": \"杏那・アヴェイロ\", \"person_name\": \"武田羅梨沙多胡\"}, {\"character_name\": \"大谷穏花\", \"person_name\": \"石見舞菜香\"}, {\"character_name\": \"谷崎詩音\", \"person_name\": \"佳原萌枝\"}, {\"character_name\": \"海音寺恵深\", \"person_name\": \"伊藤美来\"}, {\"character_name\": \"伊沢野苺\", \"person_name\": \"田所あずさ\"}, {\"character_name\": \"生天目華\", \"person_name\": \"北原侑奈\"}, {\"character_name\": \"神崎柊\", \"person_name\": \"逢田梨香子\"}, {\"character_name\": \"櫛田雅\", \"person_name\": \"芹澤優\"}, {\"character_name\": \"愛江田毬\", \"person_name\": \"市ノ瀬加那\"}]','2025-11-28 21:14:26'),(12738,'[{\"character_name\": \"石森羽花\", \"person_name\": \"市ノ瀬加那\"}, {\"character_name\": \"三浦界\", \"person_name\": \"矢野奨吾\"}, {\"character_name\": \"菅野芹奈\", \"person_name\": \"高橋李依\"}, {\"character_name\": \"遠藤あゆみ\", \"person_name\": \"根本京里\"}, {\"character_name\": \"高嶺友哉\", \"person_name\": \"土岐隼一\"}, {\"character_name\": \"瀬戸悟\", \"person_name\": \"八代拓\"}]','2025-11-28 23:07:16'),(12827,'[{\"character_name\": \"雨宮さつき\", \"person_name\": \"三川華月\"}, {\"character_name\": \"霧山アン\", \"person_name\": \"古賀葵\"}, {\"character_name\": \"敷島桜子\", \"person_name\": \"遠野ひかる\"}, {\"character_name\": \"秋山春乃\", \"person_name\": \"上田麗奈\"}, {\"character_name\": \"駒田華子\", \"person_name\": \"河瀬茉希\"}, {\"character_name\": \"玄熊虎代\", \"person_name\": \"羊宮妃那\"}]','2025-11-28 23:14:05'),(13218,'[{\"character_name\": \"春山花奈\", \"person_name\": \"藤寺美徳\"}, {\"character_name\": \"薄頼瑞希\", \"person_name\": \"島袋美由利\"}, {\"character_name\": \"夏江杏\", \"person_name\": \"和泉風花\"}, {\"character_name\": \"冬賀萩大\", \"person_name\": \"千葉翔也\"}, {\"character_name\": \"秋山松雪\", \"person_name\": \"山下誠一郎\"}, {\"character_name\": \"整井良子\", \"person_name\": \"安野希世乃\"}, {\"character_name\": \"箱山瀬太郎\", \"person_name\": \"坂泰斗\"}, {\"character_name\": \"吉祥寺博美\", \"person_name\": \"遊佐浩二\"}, {\"character_name\": \"西園寺修羅\", \"person_name\": \"日笠陽子\"}]','2026-01-04 01:19:15'),(13511,'[{\"character_name\": \"優谷優\", \"person_name\": \"橘杏咲\"}, {\"character_name\": \"水鳥亜鳥\", \"person_name\": \"花宮初奈\"}, {\"character_name\": \"涼風涼\", \"person_name\": \"松岡美里\"}, {\"character_name\": \"瑠璃葉るら\", \"person_name\": \"花井美春\"}, {\"character_name\": \"清木清\", \"person_name\": \"Lynn\"}, {\"character_name\": \"水鳥水花\", \"person_name\": \"前田佳織里\"}, {\"character_name\": \"小鞠まりあ\", \"person_name\": \"堀江由衣\"}]','2025-11-29 03:11:37'),(13744,'[{\"character_name\": \"モニカ・エヴァレット\", \"person_name\": \"会沢紗弥\"}, {\"character_name\": \"ネロ\", \"person_name\": \"生天目仁美\"}, {\"character_name\": \"ネロ(人型)\", \"person_name\": \"土岐隼一\"}, {\"character_name\": \"フェリクス・アーク・リディル\", \"person_name\": \"坂田将吾\"}, {\"character_name\": \"シリル・アシュリー\", \"person_name\": \"中島ヨシキ\"}, {\"character_name\": \"エリオット・ハワード\", \"person_name\": \"木村良平\"}, {\"character_name\": \"ニール・クレイ・メイウッド\", \"person_name\": \"榊原優希\"}, {\"character_name\": \"ブリジット・グレイアム\", \"person_name\": \"日笠陽子\"}, {\"character_name\": \"ラナ・コレット\", \"person_name\": \"中村カンナ\"}, {\"character_name\": \"ケイシー・グローヴ\", \"person_name\": \"直田姫奈\"}, {\"character_name\": \"クローディア・アシュリー\", \"person_name\": \"茅野愛衣\"}, {\"character_name\": \"グレン・ダドリー\", \"person_name\": \"木村太飛\"}, {\"character_name\": \"イザベル・ノートン\", \"person_name\": \"種﨑敦美\"}, {\"character_name\": \"ルイス・ミラー\", \"person_name\": \"諏訪部順一\"}, {\"character_name\": \"リィンズベルフィード\", \"person_name\": \"M・A・O\"}, {\"character_name\": \"アーロン・オブライエン\", \"person_name\": \"市川蒼\"}, {\"character_name\": \"セルマ・カーシュ\", \"person_name\": \"長谷美希\"}, {\"character_name\": \"カロライン・シモンズ\", \"person_name\": \"渡部紗弓\"}, {\"character_name\": \"ベンジャミン・モールディング\", \"person_name\": \"西田雅一\"}, {\"character_name\": \"ウィリアム・マクレガン\", \"person_name\": \"茶風林\"}, {\"character_name\": \"ヴィクター・ソーンリー\", \"person_name\": \"遊佐浩二\"}, {\"character_name\": \"カール・ボイド\", \"person_name\": \"稲田徹\"}, {\"character_name\": \"リンジー・ペイル\", \"person_name\": \"金澤まい\"}, {\"character_name\": \"セレンディア学園長\", \"person_name\": \"樫井笙人\"}, {\"character_name\": \"バーニー・ジョーンズ\", \"person_name\": \"渡辺明乃\"}, {\"character_name\": \"ユージン・ピットマン\", \"person_name\": \"子安武人\"}, {\"character_name\": \"ロベルト・ヴィンケル\", \"person_name\": \"中村源太\"}, {\"character_name\": \"レディング教諭\", \"person_name\": \"酒井敬幸\"}, {\"character_name\": \"モニカの父\", \"person_name\": \"宮本充\"}, {\"character_name\": \"叔父\", \"person_name\": \"佐藤せつじ\"}, {\"character_name\": \"アガサ\", \"person_name\": \"原紗友里\"}, {\"character_name\": \"ウィルディアヌ\", \"person_name\": \"笠間淳\"}, {\"character_name\": \"メアリー・ハーヴェイ\", \"person_name\": \"能登麻美子\"}, {\"character_name\": \"ギディオン・ラザフォード\", \"person_name\": \"仲野裕\"}]','2026-03-28 03:05:01'),(14139,'[{\"character_name\": \"鯨井令子\", \"person_name\": \"白石晴香\"}, {\"character_name\": \"工藤発\", \"person_name\": \"杉田智和\"}, {\"character_name\": \"蛇沼みゆき\", \"person_name\": \"置鮎龍太郎\"}, {\"character_name\": \"タオ・グエン\", \"person_name\": \"坂泰斗\"}, {\"character_name\": \"楊明\", \"person_name\": \"古賀葵\"}, {\"character_name\": \"小黒\", \"person_name\": \"鈴代紗弓\"}, {\"character_name\": \"小黒(青年)\", \"person_name\": \"斉藤壮馬\"}, {\"character_name\": \"ユウロン\", \"person_name\": \"河西健吾\"}, {\"character_name\": \"鯨井Ｂ\", \"person_name\": \"山口由里子\"}]','2026-01-04 01:34:23'),(14692,'[]','2025-11-28 21:55:02'),(14733,'[{\"character_name\": \"甘織れな子\", \"person_name\": \"中村カンナ\"}, {\"character_name\": \"王塚真唯\", \"person_name\": \"大西沙織\"}, {\"character_name\": \"瀬名紫陽花\", \"person_name\": \"安齋由香里\"}, {\"character_name\": \"琴紗月\", \"person_name\": \"市ノ瀬加那\"}, {\"character_name\": \"小柳香穂\", \"person_name\": \"田中貴子\"}, {\"character_name\": \"甘織遥奈\", \"person_name\": \"相良茉優\"}]','2025-12-04 01:40:00'),(15008,'[{\"character_name\": \"星野舞\", \"person_name\": \"あまいみるく\"}, {\"character_name\": \"宝条真琴\", \"person_name\": \"千代木檸檬\"}, {\"character_name\": \"日向彩\", \"person_name\": \"夏樹柑菜\"}, {\"character_name\": \"佐々木真守\", \"person_name\": \"西山ユウキ\"}]','2026-03-26 11:07:57'),(15039,'[{\"character_name\": \"河合まこ\", \"person_name\": \"嶋野花\"}, {\"character_name\": \"古舘くれあ\", \"person_name\": \"加隈亜衣\"}, {\"character_name\": \"小川しのん\", \"person_name\": \"青山吉能\"}, {\"character_name\": \"比嘉つつじ\", \"person_name\": \"乾夏寧\"}, {\"character_name\": \"星なな\", \"person_name\": \"会沢紗弥\"}, {\"character_name\": \"モコ太郎\", \"person_name\": \"もえのあずき\"}, {\"character_name\": \"太田まゆみ\", \"person_name\": \"福原綾香\"}, {\"character_name\": \"児玉さくら\", \"person_name\": \"中島愛\"}]','2025-11-28 21:54:19'),(17148,'[{\"character_name\": \"かぐや\", \"person_name\": \"夏吉ゆうこ\"}, {\"character_name\": \"酒寄彩葉\", \"person_name\": \"永瀬アンナ\"}, {\"character_name\": \"月見ヤチヨ\", \"person_name\": \"早見沙織\"}, {\"character_name\": \"帝アキラ\", \"person_name\": \"入野自由\"}, {\"character_name\": \"駒沢雷\", \"person_name\": \"内田雄馬\"}, {\"character_name\": \"駒沢乃依\", \"person_name\": \"松岡禎丞\"}, {\"character_name\": \"綾紬芦花\", \"person_name\": \"青山吉能\"}, {\"character_name\": \"諌山真実\", \"person_name\": \"小原好美\"}, {\"character_name\": \"FUSHI\", \"person_name\": \"釘宮理恵\"}, {\"character_name\": \"忠犬オタ公\", \"person_name\": \"ファイルーズあい\"}, {\"character_name\": \"乙事照琴\", \"person_name\": \"花江夏樹\"}]','2026-03-14 23:24:01');
/*!40000 ALTER TABLE `cast_cache` ENABLE KEYS */;
UNLOCK TABLES;

--
-- Table structure for table `character_predictions`
--

DROP TABLE IF EXISTS `character_predictions`;
/*!40101 SET @saved_cs_client     = @@character_set_client */;
/*!50503 SET character_set_client = utf8mb4 */;
CREATE TABLE `character_predictions` (
  `id` int NOT NULL AUTO_INCREMENT,
  `history_id` int NOT NULL,
  `predictor_name` varchar(50) COLLATE utf8mb4_unicode_ci NOT NULL,
  `predicted_character_name` varchar(255) COLLATE utf8mb4_unicode_ci NOT NULL,
  `target_user_name` varchar(50) COLLATE utf8mb4_unicode_ci NOT NULL,
  PRIMARY KEY (`id`),
  KEY `history_id` (`history_id`),
  CONSTRAINT `character_predictions_ibfk_1` FOREIGN KEY (`history_id`) REFERENCES `history` (`id`)
) ENGINE=InnoDB AUTO_INCREMENT=32 DEFAULT CHARSET=utf8mb4 COLLATE=utf8mb4_unicode_ci;
/*!40101 SET character_set_client = @saved_cs_client */;

--
-- Dumping data for table `character_predictions`
--

LOCK TABLES `character_predictions` WRITE;
/*!40000 ALTER TABLE `character_predictions` DISABLE KEYS */;
INSERT INTO `character_predictions` VALUES (1,426,'たかだ','月白瞳美','おおつか'),(2,426,'たかだ','月白瞳美','いいの'),(3,426,'いいの','月白瞳美','おおつか'),(4,426,'いいの','月白瞳美','たかだ'),(5,426,'おおつか','月白瞳美','いいの'),(6,426,'おおつか','月白瞳美','たかだ'),(7,451,'たかだ','薄頼瑞希','いいの'),(8,451,'たかだ','春山花奈','おおつか'),(9,453,'たかだ','鯨井令子','おおつか'),(10,454,'いいの','シオン','おおつか'),(11,454,'いいの','シオン','たかだ'),(12,452,'いいの','見月そはら','おおつか'),(13,452,'いいの','見月そはら','たかだ'),(14,451,'いいの','春山花奈','おおつか'),(15,451,'いいの','整井良子','たかだ'),(16,455,'たかだ','鳴瀬しろは','おおつか'),(17,455,'たかだ','紬ヴェンダース','いいの'),(18,456,'たかだ','鈴ヶ森ちか','おおつか'),(19,456,'たかだ','鵜木ゆい','いいの'),(20,459,'たかだ','月見ヤチヨ','いいの'),(21,459,'たかだ','酒寄彩葉','おおつか'),(22,461,'いいの','ケイシー・グローヴ','たかだ'),(23,461,'おおつか','モニカ・エヴァレット','たかだ'),(24,463,'いいの','比嘉舞星','たかだ'),(25,463,'おおつか','比嘉舞星','たかだ'),(26,464,'いいの','宝条真琴','たかだ'),(27,464,'おおつか','星野舞','たかだ'),(28,462,'おおつか','宝多六花','たかだ'),(29,462,'いいの','ボラー','たかだ'),(30,467,'おおつか','西住みほ','いいの'),(31,467,'たかだ','西住みほ','いいの');
/*!40000 ALTER TABLE `character_predictions` ENABLE KEYS */;
UNLOCK TABLES;

--
-- Table structure for table `favorite_characters`
--

DROP TABLE IF EXISTS `favorite_characters`;
/*!40101 SET @saved_cs_client     = @@character_set_client */;
/*!50503 SET character_set_client = utf8mb4 */;
CREATE TABLE `favorite_characters` (
  `id` int NOT NULL AUTO_INCREMENT,
  `character_name` varchar(255) COLLATE utf8mb4_unicode_ci NOT NULL,
  `user_name` varchar(255) COLLATE utf8mb4_unicode_ci NOT NULL,
  `history_id` int NOT NULL,
  `award` varchar(255) COLLATE utf8mb4_unicode_ci DEFAULT NULL,
  PRIMARY KEY (`id`),
  KEY `history_id` (`history_id`),
  CONSTRAINT `favorite_characters_ibfk_1` FOREIGN KEY (`history_id`) REFERENCES `history` (`id`)
) ENGINE=InnoDB AUTO_INCREMENT=415 DEFAULT CHARSET=utf8mb4 COLLATE=utf8mb4_unicode_ci;
/*!40101 SET character_set_client = @saved_cs_client */;

--
-- Dumping data for table `favorite_characters`
--

LOCK TABLES `favorite_characters` WRITE;
/*!40000 ALTER TABLE `favorite_characters` DISABLE KEYS */;
INSERT INTO `favorite_characters` VALUES (7,'雨宮さつき','たかだ',388,NULL),(9,'瀬名紫陽花','たかだ',406,NULL),(10,'月白瞳美','たかだ',426,NULL),(11,'湯音','たかだ',427,NULL),(12,'石森羽花','たかだ',428,NULL),(14,'白石紬','たかだ',415,NULL),(15,'西連寺春菜','たかだ',416,NULL),(16,'富戸もも子','たかだ',417,NULL),(17,'アリシア','たかだ',403,NULL),(18,'マキマ','たかだ',404,NULL),(19,'桐山真','たかだ',405,NULL),(20,'沖田十三','たかだ',401,NULL),(21,'水野亜美','たかだ',423,NULL),(22,'綿谷新','たかだ',399,NULL),(23,'花坂結衣','たかだ',400,NULL),(24,'片桐愛梨','たかだ',395,NULL),(25,'若菜羽衣','たかだ',396,NULL),(26,'若菜羽衣','たかだ',397,NULL),(27,'松坂さとう','たかだ',398,NULL),(28,'谷崎詩音','たかだ',375,NULL),(29,'西木野真姫','たかだ',433,NULL),(30,'西木野真姫','たかだ',434,NULL),(31,'西木野真姫','たかだ',435,NULL),(32,'カナメ・バッカニア','たかだ',378,NULL),(33,'小泉さん','たかだ',392,NULL),(34,'花坂結衣','たかだ',393,NULL),(35,'花坂結衣','たかだ',389,NULL),(36,'水原一香','たかだ',394,NULL),(37,'古舘くれあ','たかだ',390,NULL),(38,'秋野美陽','たかだ',391,NULL),(39,'真島太一','たかだ',387,NULL),(40,'ペトラ・ラル','たかだ',385,NULL),(41,'烏丸千歳','たかだ',382,NULL),(42,'宮園かをり','たかだ',386,NULL),(43,'小泉チカ','たかだ',383,NULL),(44,'涼月奏','たかだ',379,NULL),(45,'南春香','たかだ',380,NULL),(46,'防波亭手寅','たかだ',374,NULL),(47,'遠野美凪','たかだ',370,NULL),(48,'綾瀬千早','たかだ',371,NULL),(49,'ミオリネ・レンブラン','たかだ',372,NULL),(50,'ミオリネ・レンブラン','たかだ',373,NULL),(52,'ゆうぎり','たかだ',365,NULL),(53,'ゆうぎり','たかだ',366,NULL),(54,'ランカ・リー','たかだ',363,NULL),(55,'見瀬内花南','たかだ',367,NULL),(56,'前髪ちゃん','たかだ',364,NULL),(57,'大場なな','たかだ',361,NULL),(58,'キサラギ＝アリス','たかだ',362,NULL),(83,'カレン・エルヴェシアス','いいの',278,NULL),(84,'水野茜','いいの',279,NULL),(85,'露崎まひる','いいの',280,NULL),(87,'フェルン','いいの',282,NULL),(88,'一ノ瀬ことみ','いいの',283,NULL),(89,'隅野さやか','いいの',284,NULL),(90,'ジェス','いいの',437,NULL),(91,'森野真理','いいの',410,NULL),(93,'杉本紗和','いいの',412,NULL),(108,'青峰大輝','いいの',302,NULL),(109,'瞳','いいの',301,NULL),(110,'絢辻詞','いいの',300,NULL),(111,'鹿目まどか','いいの',303,NULL),(113,'安達','いいの',298,NULL),(115,'荻野目桃果','いいの',296,NULL),(116,'ルビー','いいの',294,NULL),(117,'新垣あやせ','いいの',293,NULL),(118,'里宮百々花','いいの',291,NULL),(119,'桜庭高麗','いいの',290,NULL),(121,'水野茜','おおつか',279,NULL),(122,'露崎まひる','おおつか',280,NULL),(124,'フリーレン','おおつか',282,NULL),(125,'古河渚','おおつか',283,NULL),(126,'風紀委員長','おおつか',284,NULL),(128,'森野真理','おおつか',410,NULL),(129,'カゲ','おおつか',411,NULL),(130,'奈良田愛','おおつか',412,NULL),(131,'木幡真琴','おおつか',289,NULL),(132,'小金井小柚子','おおつか',290,NULL),(133,'木野ひまり','おおつか',291,NULL),(134,'黒猫','おおつか',293,NULL),(135,'有馬かな','おおつか',294,NULL),(136,'高倉陽毬','おおつか',296,NULL),(137,'小糸侑','おおつか',297,NULL),(138,'安達','おおつか',298,NULL),(139,'湯ノ花幽奈','おおつか',299,NULL),(140,'七咲逢','おおつか',300,NULL),(141,'瞳','おおつか',301,NULL),(142,'日向順平','おおつか',302,NULL),(143,'鹿目まどか','おおつか',303,NULL),(144,'橘瑠衣','おおつか',304,NULL),(145,'ヴィルヘイズ','たかだ',278,NULL),(146,'水野茜','たかだ',279,NULL),(147,'花柳香子','たかだ',280,NULL),(149,'フェルン','たかだ',282,NULL),(150,'坂上智代','たかだ',283,NULL),(151,'風紀委員長','たかだ',284,NULL),(153,'真中あお','たかだ',410,NULL),(154,'ドルーシ','たかだ',411,NULL),(155,'奈良田愛','たかだ',412,NULL),(156,'木幡真琴','たかだ',289,NULL),(157,'小金井小柚子','たかだ',290,NULL),(158,'里宮百々花','たかだ',291,NULL),(159,'三輪霞','たかだ',292,NULL),(160,'黒猫','たかだ',293,NULL),(162,'本田透','たかだ',295,NULL),(163,'荻野目桃果','たかだ',296,NULL),(164,'小糸侑','たかだ',297,NULL),(165,'安達','たかだ',298,NULL),(166,'宮崎千紗希','たかだ',299,NULL),(168,'マオ','たかだ',301,NULL),(169,'木吉鉄平','たかだ',302,NULL),(170,'鹿目まどか','たかだ',303,NULL),(172,'ギルベルト・ブーゲンビリア','いいの',425,NULL),(173,'後輩ちゃん','いいの',342,NULL),(174,'松風真由','いいの',343,NULL),(175,'猫谷ミケ','いいの',344,NULL),(176,'サーバル','いいの',441,NULL),(177,'明石さん','いいの',443,NULL),(178,'亜也子','いいの',444,NULL),(179,'染谷成海','いいの',348,NULL),(180,'山田結衣','いいの',349,NULL),(181,'椿輝紅羽','いいの',350,NULL),(182,'ペルシア','いいの',351,NULL),(183,'ユークレース','いいの',352,NULL),(184,'村上遥','いいの',353,NULL),(185,'黄前久美子','いいの',354,NULL),(186,'黄前久美子','いいの',355,NULL),(187,'鎧塚みぞれ','いいの',356,NULL),(188,'中川夏紀','いいの',357,NULL),(189,'黄前久美子','いいの',358,NULL),(190,'月永求','いいの',359,NULL),(191,'ヴァイオレット・エヴァーガーデン','いいの',360,NULL),(192,'愛城華恋','いいの',361,NULL),(193,'グリム','いいの',362,NULL),(194,'ランカ・リー','いいの',363,NULL),(195,'後輩ちゃん','いいの',364,NULL),(196,'二階堂サキ','いいの',365,NULL),(197,'二階堂サキ','いいの',366,NULL),(198,'村上小波','いいの',367,NULL),(199,'南方ひづる','いいの',368,NULL),(200,'清水由紀','いいの',369,NULL),(201,'神尾晴子','いいの',370,NULL),(202,'綿谷新','いいの',371,NULL),(203,'プロスペラ','いいの',372,NULL),(204,'プロスペラ','いいの',373,NULL),(205,'蕪羅亭魔梨威','いいの',374,NULL),(206,'生天目華','いいの',375,NULL),(207,'高坂穂乃果','いいの',433,NULL),(208,'高坂穂乃果','いいの',434,NULL),(209,'高坂穂乃果','いいの',435,NULL),(210,'カナメ・バッカニア','いいの',378,NULL),(211,'宇佐美マサムネ','いいの',379,NULL),(212,'真(マコちゃん)','いいの',380,NULL),(213,'キモノン','いいの',381,NULL),(214,'片倉京','いいの',382,NULL),(215,'日高メグミ','いいの',383,NULL),(216,'澤部椿','いいの',386,NULL),(217,'綿谷新','いいの',387,NULL),(218,'霧山アン','いいの',388,NULL),(219,'青島萌香','いいの',389,NULL),(220,'古舘くれあ','いいの',390,NULL),(221,'秋野美陽','いいの',391,NULL),(222,'中村美沙','いいの',392,NULL),(223,'天月真白','いいの',393,NULL),(224,'早坂ルリ','いいの',394,NULL),(225,'雛月加代','いいの',395,NULL),(226,'三隅倫','いいの',396,NULL),(227,'三隅倫','いいの',397,NULL),(228,'さとうの叔母','いいの',398,NULL),(229,'綿谷新','いいの',399,NULL),(230,'桃原奈月','いいの',400,NULL),(231,'岬百合亜','いいの',401,NULL),(232,'大阪なる','いいの',423,NULL),(233,'アリア社長','いいの',403,NULL),(234,'パワー','いいの',404,NULL),(235,'桐山直','いいの',405,NULL),(236,'甘織遥奈','いいの',406,NULL),(237,'伊吹翼','いいの',415,NULL),(238,'金色の闇','いいの',416,NULL),(239,'渋沢しぶ美','いいの',417,NULL),(240,'月白琥珀','いいの',426,NULL),(242,'ヴァイオレット・エヴァーガーデン','おおつか',425,NULL),(243,'アイちゃん','おおつか',342,NULL),(244,'立花千鶴','おおつか',343,NULL),(245,'月城うさぎ','おおつか',344,NULL),(246,'コツメカワウソ','おおつか',441,NULL),(247,'羽貫さん','おおつか',443,NULL),(248,'三重あい','おおつか',348,NULL),(249,'山田結衣','おおつか',349,NULL),(250,'椿輝紅羽','おおつか',350,NULL),(251,'ペルシア','おおつか',351,NULL),(252,'ダイヤモンド','おおつか',352,NULL),(253,'村上遥','おおつか',353,NULL),(254,'高坂麗奈','おおつか',354,NULL),(255,'田中あすか','おおつか',355,NULL),(256,'鎧塚みぞれ','おおつか',356,NULL),(257,'久石奏','おおつか',357,NULL),(258,'黄前久美子','おおつか',358,NULL),(259,'黄前久美子','おおつか',359,NULL),(260,'ヴァイオレット・エヴァーガーデン','おおつか',360,NULL),(261,'神楽ひかり','おおつか',361,NULL),(262,'キサラギ＝アリス','おおつか',362,NULL),(263,'ランカ・リー','おおつか',363,NULL),(264,'アイちゃん','おおつか',364,NULL),(265,'源さくら','おおつか',365,NULL),(266,'源さくら','おおつか',366,NULL),(267,'姉歯結亜','おおつか',367,NULL),(268,'小舟澪（影）','おおつか',368,NULL),(269,'清水由紀','おおつか',369,NULL),(270,'裏葉','おおつか',370,NULL),(271,'綾瀬千早','おおつか',371,NULL),(272,'ミオリネ・レンブラン','おおつか',372,NULL),(273,'ミオリネ・レンブラン','おおつか',373,NULL),(274,'防波亭手寅','おおつか',374,NULL),(275,'大谷穏花','おおつか',375,NULL),(276,'南ことり','おおつか',433,NULL),(277,'南ことり','おおつか',434,NULL),(278,'南ことり','おおつか',435,NULL),(279,'カナメ・バッカニア','おおつか',378,NULL),(280,'涼月奏','おおつか',379,NULL),(281,'南春香','おおつか',380,NULL),(282,'キモノン','おおつか',381,NULL),(283,'柴崎万葉','おおつか',382,NULL),(284,'小泉チカ','おおつか',383,NULL),(285,'シズ','おおつか',384,NULL),(286,'宮園かをり','おおつか',386,NULL),(287,'綾瀬千早','おおつか',387,NULL),(288,'敷島桜子','おおつか',388,NULL),(289,'花坂結衣','おおつか',389,NULL),(290,'河合まこ','おおつか',390,NULL),(291,'秋野美陽','おおつか',391,NULL),(292,'小泉さん','おおつか',392,NULL),(293,'花坂結衣','おおつか',393,NULL),(294,'水原一香','おおつか',394,NULL),(295,'片桐愛梨','おおつか',395,NULL),(296,'若菜羽衣','おおつか',396,NULL),(297,'若菜羽衣','おおつか',397,NULL),(298,'松坂さとう','おおつか',398,NULL),(299,'綿谷新','おおつか',399,NULL),(300,'織崎紗耶','おおつか',400,NULL),(301,'森雪','おおつか',401,NULL),(302,'水野亜美','おおつか',423,NULL),(303,'アリシア','おおつか',403,NULL),(304,'パワー','おおつか',404,NULL),(305,'桐山真','おおつか',405,NULL),(306,'甘織れな子','おおつか',406,NULL),(307,'高坂海美','おおつか',415,NULL),(308,'西連寺春菜','おおつか',416,NULL),(309,'富戸もも子','おおつか',417,NULL),(310,'月白瞳美','おおつか',426,NULL),(313,'ペロペロ','おおつか',429,NULL),(314,'ヴァイオレット・エヴァーガーデン','たかだ',425,NULL),(315,'アイちゃん','たかだ',342,NULL),(316,'立花千鶴','たかだ',343,NULL),(317,'月城うさぎ','たかだ',344,NULL),(318,'ツチノコ','たかだ',441,NULL),(319,'亜門鋼太朗','たかだ',442,NULL),(320,'小津','たかだ',443,NULL),(321,'三重あい','たかだ',348,NULL),(322,'山田結衣','たかだ',349,NULL),(323,'椿輝紅羽','たかだ',350,NULL),(324,'シャル','たかだ',351,NULL),(325,'フォスフォフィライト','たかだ',352,NULL),(326,'村上遥','たかだ',353,NULL),(327,'高坂麗奈','たかだ',354,NULL),(328,'黄前久美子','たかだ',355,NULL),(329,'鎧塚みぞれ','たかだ',356,NULL),(330,'久石奏','たかだ',357,NULL),(331,'黄前久美子','たかだ',358,NULL),(332,'黄前久美子','たかだ',359,NULL),(333,'ヴァイオレット・エヴァーガーデン','たかだ',360,NULL),(334,'清水由紀','たかだ',369,NULL),(335,'カミーユ・ブランシュ','いいの',427,NULL),(336,'パエパ','たかだ',381,NULL),(337,'如月千早','いいの',281,'特別賞'),(338,'ダイダ','いいの',411,'銀賞'),(339,'小糸侑','いいの',297,'金賞'),(340,'仲居ちとせ','いいの',299,'銅賞'),(341,'ヴィルヘイズ','おおつか',278,'銅賞'),(342,'天海春香','おおつか',281,'特別賞'),(343,'四条貴音','たかだ',281,'銅賞'),(344,'ジェス','おおつか',437,'金賞'),(345,'ジェス','たかだ',437,'金賞'),(346,'黒川あかね','たかだ',294,'特別賞'),(347,'森島はるか','たかだ',300,'銀賞'),(348,'小舟澪(影)','たかだ',368,NULL),(349,'湯音','おおつか',427,NULL),(350,'石森羽花','おおつか',428,NULL),(351,'菅野芹奈','いいの',428,NULL),(352,'ハート','いいの',429,NULL),(354,'里中チエ','たかだ',447,NULL),(355,'バクー','たかだ',429,NULL),(356,'涼風涼','たかだ',446,NULL),(358,'浅草ゆり','たかだ',448,NULL),(359,'天上ウテナ','たかだ',445,NULL),(360,'天上ウテナ','おおつか',445,NULL),(361,'涼風涼','おおつか',446,NULL),(363,'里中チエ','おおつか',447,NULL),(364,'見月そはら','たかだ',452,NULL),(365,'春山花奈','たかだ',451,NULL),(366,'鯨井令子','たかだ',453,NULL),(367,'シオン','たかだ',454,NULL),(368,'天上ウテナ','いいの',445,NULL),(369,'鈴ヶ森ちか','たかだ',456,NULL),(370,'酒寄彩葉','たかだ',459,NULL),(373,'篁いおり','たかだ',458,NULL),(374,'酒寄彩葉','おおつか',459,NULL),(375,'鯨井令子','おおつか',453,NULL),(376,'小黒','いいの',453,NULL),(377,'天空橋りり','おおつか',456,NULL),(378,'春山花奈','おおつか',451,NULL),(379,'夏江杏','いいの',451,NULL),(380,'シオン','おおつか',454,NULL),(381,'アヤ','いいの',454,NULL),(382,'鳴瀬しろは','たかだ',455,NULL),(383,'イカロス','いいの',452,NULL),(384,'見月そはら','おおつか',452,NULL),(385,'三井そのあ','おおつか',458,NULL),(386,'久島鴎','おおつか',455,NULL),(387,'蓮沼暦','いいの',456,NULL),(388,'駒沢乃依','いいの',459,NULL),(389,'七海','いいの',455,NULL),(390,'三井そのあ','いいの',458,NULL),(391,'比嘉舞星','たかだ',463,NULL),(393,'星野舞','たかだ',464,NULL),(395,'宝多六花','たかだ',462,NULL),(396,'ラナ・コレット','たかだ',461,NULL),(397,'新条アカネ','おおつか',462,NULL),(398,'星野舞','おおつか',464,NULL),(399,'ラナ・コレット','おおつか',461,NULL),(400,'日向彩','いいの',464,NULL),(401,'比嘉舞星','おおつか',463,NULL),(402,'比嘉舞星','いいの',463,NULL),(403,'ボラー','いいの',462,NULL),(404,'ケイシー・グローヴ','いいの',461,NULL),(406,'ノンナ','いいの',467,NULL),(408,'冷泉麻子','たかだ',467,NULL),(410,'ダージリン','おおつか',467,NULL),(411,'リーナ・ルーン','たかだ',468,NULL),(412,'シルヴィア・ド・アリシア','おおつか',468,NULL),(413,'相生あおい','たかだ',469,NULL),(414,'相生あおい','おおつか',469,NULL);
/*!40000 ALTER TABLE `favorite_characters` ENABLE KEYS */;
UNLOCK TABLES;

--
-- Table structure for table `history`
--

DROP TABLE IF EXISTS `history`;
/*!40101 SET @saved_cs_client     = @@character_set_client */;
/*!50503 SET character_set_client = utf8mb4 */;
CREATE TABLE `history` (
  `id` int NOT NULL AUTO_INCREMENT,
  `user_id` int NOT NULL,
  `annict_id` int NOT NULL,
  `anime_title` varchar(255) COLLATE utf8mb4_unicode_ci NOT NULL,
  `media` varchar(50) COLLATE utf8mb4_unicode_ci DEFAULT NULL,
  `season_year` int DEFAULT NULL,
  `season_name` varchar(50) COLLATE utf8mb4_unicode_ci DEFAULT NULL,
  `episodes_count` int DEFAULT NULL,
  `watched_episode` int DEFAULT NULL,
  `session_number` int DEFAULT NULL,
  `proposer` varchar(255) COLLATE utf8mb4_unicode_ci DEFAULT NULL,
  `viewers` varchar(255) COLLATE utf8mb4_unicode_ci DEFAULT NULL,
  `image_url` varchar(255) COLLATE utf8mb4_unicode_ci DEFAULT NULL,
  `director` varchar(255) COLLATE utf8mb4_unicode_ci DEFAULT NULL,
  `studios` varchar(255) COLLATE utf8mb4_unicode_ci DEFAULT NULL,
  `original_creator` varchar(255) COLLATE utf8mb4_unicode_ci DEFAULT NULL,
  `score` varchar(255) COLLATE utf8mb4_unicode_ci DEFAULT NULL,
  PRIMARY KEY (`id`),
  KEY `session_number` (`session_number`),
  CONSTRAINT `history_ibfk_1` FOREIGN KEY (`session_number`) REFERENCES `sessions` (`session_number`)
) ENGINE=InnoDB AUTO_INCREMENT=470 DEFAULT CHARSET=utf8mb4 COLLATE=utf8mb4_unicode_ci;
/*!40101 SET character_set_client = @saved_cs_client */;

--
-- Dumping data for table `history`
--

LOCK TABLES `history` WRITE;
/*!40000 ALTER TABLE `history` DISABLE KEYS */;
INSERT INTO `history` VALUES (278,1,10374,'ひきこまり吸血姫の悶々','TV',2023,'AUTUMN',12,NULL,1,'おおつか','いいの,おおつか,たかだ','https://image.annict.com/Oko7nnrHMgpwH9bDJ1qmIp2_Qj9DjGpSp-QBmNmFwWk/s:170:226/plain/s3://annict-user-contents/shrine/workimage/6959/image/master-6d1cf6bb1313e02209a2bf357120a2fc.jpg@jpg','南川達馬','project No.9','小林湖底（GA文庫／SBクリエイティブ刊）','7 8 8'),(279,1,5138,'月がきれい','TV',2017,'SPRING',13,NULL,1,'たかだ','いいの,おおつか,たかだ','https://image.annict.com/t0ZS7jceVlH8TIrQx89kqt2D4C0rE79AXIlV8ZAkYlE/s:170:226/plain/s3://annict-user-contents/shrine/workimage/1879/image/master-84e31a8c8805a8223033b1b4926db3bd.jpg@jpg','岸誠二','feel.','情報なし','10 9 10'),(280,1,5760,'少女☆歌劇 レヴュースタァライト','TV',2018,'SUMMER',12,NULL,1,'いいの','いいの,おおつか,たかだ','https://image.annict.com/okn6XKPV_NxShOIxy8qiEJCb1GKbcQvXCudETkU5vNo/s:170:226/plain/s3://annict-user-contents/shrine/workimage/2323/image/master-03db4284bbece946ee56723ddc79c96b.jpg@jpg','古川知宏','キネマシトラス','情報なし','10 7 6'),(281,1,16,'THE IDOLM@STER','TV',2011,'SUMMER',26,NULL,2,'いいの,おおつか','いいの,おおつか,たかだ','https://image.annict.com/wC7h15EuaCxFSYwm0QmAoaSVmlA43nbd_U6gqsOTQmk/s:170:226/plain/s3://annict-user-contents/shrine/workimage/295/image/master-199564da9e9475fd6aa1b290f942cc1d.jpg@jpg','錦織敦史','情報なし','バンダイナムコエンターテインメント','10 9 9'),(282,1,10079,'葬送のフリーレン','TV',2023,'AUTUMN',28,NULL,2,'おおつか,たかだ','いいの,おおつか,たかだ','https://image.annict.com/FTfFvHV9DSqam1oQwcqrelNwiFqwUF1_GODK2wAKzt8/s:170:226/plain/s3://annict-user-contents/shrine/workimage/6800/image/master-e11ea95bf4fdcd9d113d72be4983f966.jpg@jpg','斎藤圭一郎','マッドハウス','山田鐘人, アベツカサ','9 9 9'),(283,1,614,'CLANNAD -クラナド-','TV',2007,'AUTUMN',24,NULL,2,'いいの,たかだ','いいの,おおつか,たかだ','https://image.annict.com/zYTtmP1p21XUt3kpyoS-Quv1rj66KJUkTjZdwihspyE/s:170:226/plain/s3://annict-user-contents/shrine/workimage/81/image/master-a8e1a17bda397d6887835e8f44cc60be.jpg@jpg','石原立也','京都アニメーション','Key, ビジュアルアーツ','8 8 8'),(284,1,5158,'アホガール','TV',2017,'SUMMER',12,NULL,3,'いいの','いいの,おおつか,たかだ','https://image.annict.com/GyhDSN3R40OvrT5qXFVTl0zDQTs4y8EWStyfYnAj6wM/s:170:226/plain/s3://annict-user-contents/shrine/workimage/1924/image/master-2f5819a277689d67b5e27523242d29ab.jpg@jpg','玉木慎吾','ディオメディア','ヒロユキ','7 7 6'),(289,1,4681,'ふらいんぐうぃっち','TV',2016,'SPRING',12,NULL,5,'いいの','おおつか,たかだ','https://image.annict.com/0xfieCHetjdfeXageyvk41ERuukb_GOWFCAxGk3Jw68/s:170:226/plain/s3://annict-user-contents/shrine/workimage/1260/image/master-a742ebec016dd2d77fde0c08ec87857f.jpg@jpg','桜美かつし','J.C.STAFF','石塚千尋','0 5 5'),(290,1,9701,'江戸前エルフ','TV',2023,'SPRING',12,NULL,5,'おおつか','いいの,たかだ','https://image.annict.com/uE7Ry9N5KuMw5glJOqCmAZm2t5Fc8pEVtOJuAXgMWno/s:170:226/plain/s3://annict-user-contents/shrine/workimage/6593/image/master-cdb9bab45f63506c0fdf1f9ad8939880.jpg@jpg','安齋剛文','C2C','樋口彰彦','7 0 7'),(291,1,10403,'ささやくように恋を唄う','TV',2024,'SPRING',14,NULL,5,'たかだ','いいの,おおつか','https://image.annict.com/x6bfX4fGJ2F05QPMPLd6LBb4SOZZeGDk7rxxnSZJnGI/s:170:226/plain/s3://annict-user-contents/shrine/workimage/6972/image/master-3684a3ca96a8be02b9cc3ac35e5414f8.jpg@jpg','真野玲','クラウドハーツ, 横浜アニメーションラボ','竹嶋えく（コミック百合姫/一迅社刊）','5 8 0'),(292,1,7162,'呪術廻戦','TV',2020,'AUTUMN',24,NULL,6,'いいの,おおつか','たかだ','https://image.annict.com/F3r2YuyaP530wxozjOEUzs3CSnmmmg21f4hcaDpBpEY/s:170:226/plain/s3://annict-user-contents/shrine/workimage/4257/image/master-11a1c96e435ac96b13eeff5a62733212.jpg@jpg','朴性厚','MAPPA','芥見下々','0 0 10'),(293,1,338,'俺の妹がこんなに可愛いわけがない','TV',2010,'AUTUMN',16,NULL,6,'いいの,たかだ','おおつか','https://image.annict.com/D_mGKRKv8pyYwPZCQYS2XxRT7p_gd13v5bHaGI5cp4o/s:170:226/plain/s3://annict-user-contents/shrine/workimage/254/image/master-da9d9286963c9799f17d18f0cb65f715.jpg@jpg','神戸洋行','AIC Build','伏見つかさ','0 8 0'),(294,1,9696,'【推しの子】','TV',2023,'SPRING',12,NULL,6,'おおつか,たかだ','いいの','https://image.annict.com/G7cvz3_QgzoeGnbtV_TNAQ914nQF8pv6YfO2BPcARHg/s:170:226/plain/s3://annict-user-contents/shrine/workimage/6582/image/master-5a1a2853d08bca681fde7db3cc63153c.jpg@jpg','平牧大輔','動画工房','赤坂アカ, 横槍メンゴ','10 0 0'),(295,1,6355,'フルーツバスケット 1st Season','TV',2019,'SPRING',25,NULL,7,'おおつか','いいの,たかだ','https://image.annict.com/JR6GBWAEBELMzuMJEolpz-DWdv9NkZr1_HN9HCesol4/s:170:226/plain/s3://annict-user-contents/shrine/workimage/3171/image/master-2465f878e09626694a75f6e122f1b91b.jpg@jpg','井端義秀','トムス・エンタテインメント','高屋奈月','7 0 5'),(296,1,2086,'輪るピングドラム','TV',2011,'SUMMER',24,NULL,7,'いいの','おおつか,たかだ','https://image.annict.com/EN1IQ3Ga0M7WGcYxNHAi6hIqOxBDz1SaIVGVfoEuNuk/s:170:226/plain/s3://annict-user-contents/shrine/workimage/237/image/master-915ad7b0b80d2f45f07418932c7a0da8.jpg@jpg','幾原邦彦','ブレインズ・ベース','イクニチャウダー','0 7 6'),(297,1,6010,'やがて君になる','TV',2018,'AUTUMN',13,NULL,7,'たかだ','いいの,おおつか','https://image.annict.com/amrHrOGQ0KYsX2Xxp7Ro7yLQfUTY3wEG7atm4WB1DJY/s:170:226/plain/s3://annict-user-contents/shrine/workimage/2690/image/master-6c13a94ecffb2cd8fa98a98bbc2cfe67.jpg@jpg','加藤誠','TROYCA','仲谷鳰','8 7 0'),(298,1,6664,'安達としまむら','TV',2020,'AUTUMN',12,NULL,7,'たかだ','いいの,おおつか','https://image.annict.com/ND3X4eMOE3GzPTYyyfivIuOG7wT6UM-C2bPgfzTnPr4/s:170:226/plain/s3://annict-user-contents/shrine/workimage/4268/image/master-3a8a01a07061375a2f78764c8a2b14b4.jpg@jpg','桑原智','手塚プロダクション','入間人間, KADOKAWA','6 7 0'),(299,1,5641,'ゆらぎ荘の幽奈さん','TV',2018,'SUMMER',12,NULL,8,'おおつか','いいの,おおつか,たかだ','https://image.annict.com/EbX8PoXLERTn5YzBHQkMVk-wvdRjTURbvkBpeb0iTNI/s:170:226/plain/s3://annict-user-contents/shrine/workimage/2251/image/master-c3402b07c5ee9d6bac838d336a684a1c.jpg@jpg','長澤剛','XEBEC','ミウラタダヒロ','8 7 7'),(300,1,76,'アマガミSS','TV',2010,'SUMMER',26,NULL,8,'いいの','いいの,おおつか,たかだ','https://image.annict.com/5Dxb7D9eMcDCASzYBlsgS9sFECwi2H9ioRh9d4BoxfE/s:170:226/plain/s3://annict-user-contents/shrine/workimage/355/image/master-d7dbdf9d26ef3acc9f27cfd6de876db0.jpg@jpg','情報なし','AIC','エンターブレイン「アマガミ」','9 9 8'),(301,1,5487,'ヒナまつり','TV',2018,'SPRING',12,NULL,8,'たかだ','いいの,おおつか,たかだ','https://image.annict.com/DGyULRPHxaAVoa4l2-pgYYTTcw6CBiHB5Hi_JD-VT-U/s:170:226/plain/s3://annict-user-contents/shrine/workimage/2140/image/master-33ae20667c07092ecbacd063065e42e0.jpg@jpg','及川啓','feel.','大武政夫','8 8 9'),(302,1,660,'黒子のバスケ','TV',2012,'SPRING',27,NULL,9,'おおつか','いいの,おおつか,たかだ','https://image.annict.com/ROpE4uz2zElQ0j6yJZATc1zXyYKtvaK0jRYbXvOYpBk/s:170:226/plain/s3://annict-user-contents/shrine/workimage/215/image/master-db6c20265fcbd7e1fda062e1c8af7ef1.jpg@jpg','多田俊介','Production I.G','藤巻忠俊','9 9 9'),(303,1,2108,'魔法少女まどか☆マギカ','TV',2011,'WINTER',12,NULL,9,'いいの,たかだ','いいの,おおつか,たかだ','https://image.annict.com/PTvJ1UVBapSzSx64Incz1GEwlxkvbv6zheprLsvLDE8/s:170:226/plain/s3://annict-user-contents/shrine/workimage/88/image/master-2baf496766c3a55a2ecc8ed669a508ee.jpg@jpg','新房昭之','SHAFT','Magica Quartet','8 7 8'),(304,1,6170,'ドメスティックな彼女','TV',2019,'WINTER',12,NULL,9,'たかだ','おおつか','https://image.annict.com/HvLE8r1pjOpo5fSwTqkDlEbYSquWR-k5BOlLhbNioCE/s:170:226/plain/s3://annict-user-contents/shrine/workimage/2986/image/master-72362c251eb4ffc6cc6112410c3fccb0.jpg@jpg','井畑翔太','ディオメディア','流石景','0 7 0'),(342,1,4996,'月曜日のたわわ','WEB',2016,'AUTUMN',15,NULL,11,'おおつか','いいの,おおつか,たかだ','https://image.annict.com/9xBknwsTDqelp9nuyPb8lhqwBlfFKt3OOQhqy_x__ZI/s:170:226/plain/s3://annict-user-contents/shrine/workimage/1568/image/master-936ea12466841df9c768abff9b80bfa6.jpg@jpg','村山公輔','PINE JAM','比村奇石',''),(343,1,6286,'なんでここに先生が!?','TV',2019,'SPRING',12,NULL,11,'おおつか','いいの,おおつか,たかだ','https://image.annict.com/s5nxq6DK1KLq0qV1GxK4dcRnDPalSoI3rz9s7MxUAfE/s:170:226/plain/s3://annict-user-contents/shrine/workimage/3100/image/master-e43f08c2c47d25dac447d7f23885a85b.jpg@jpg','所俊克','ティアスタジオ','蘇募ロウ',''),(344,1,9428,'犬になったら好きな人に拾われた。','TV',2023,'WINTER',12,NULL,11,'おおつか','いいの,おおつか,たかだ','https://image.annict.com/qC72-07-u5XzbwKa7IOWehuPPDdMyFhiCKpHVobCt54/s:170:226/plain/s3://annict-user-contents/shrine/workimage/6351/image/master-3429dc5809a35932e0dbfb99208bf458.jpg@jpg','安ドウタカシ','Quad','古川五勢',''),(348,1,10399,'好きな子がめがねを忘れた','TV',2023,'SUMMER',13,NULL,13,'全員','いいの,おおつか,たかだ','https://image.annict.com/bwJ1_axFT0QwEtSZN0o-WfXeWw0-oeR5BPivBIjq8LE/s:170:226/plain/s3://annict-user-contents/shrine/workimage/6971/image/master-e98468fa216520a5948dedfe70c14b40.jpg@jpg','横峯克昌','GoHands','藤近小梅 （掲載 月刊「ガンガンJOKER」スクウェア・エニックス刊）',''),(349,1,5466,'あさがおと加瀬さん。','MOVIE',2018,'SPRING',0,NULL,13,'おおつか','いいの,おおつか,たかだ','https://image.annict.com/L5T4LUNQpu6IY-bbOZYwL_n11UoXcv4UScQA81hVs2k/s:170:226/plain/s3://annict-user-contents/shrine/workimage/2105/image/master-517772414e797eea4546cfd001750d86.jpg@jpg','佐藤卓哉','ZEXCS','高嶋ひろみ',''),(350,1,4188,'ユリ熊嵐','TV',2015,'WINTER',12,NULL,13,'いいの','いいの,おおつか,たかだ','https://image.annict.com/XIT_lw6CYvWFJbg1roZHNVZeIKvoPm2IU66XJgb3vhc/s:170:226/plain/s3://annict-user-contents/shrine/workimage/642/image/master-210e379a5c76ca3ad7b7e49dd9e97464.jpg@jpg','幾原邦彦','SILVER LINK.','イクニゴマモナカ',''),(351,1,5795,'寄宿学校のジュリエット','TV',2018,'AUTUMN',12,NULL,14,'おおつか','いいの,おおつか,たかだ','https://image.annict.com/8p5qMuHJFn3P6x0JWC07eJbPNZbUp-p1gPp_pLINVgA/s:170:226/plain/s3://annict-user-contents/shrine/workimage/2344/image/master-81cc43c88436a91d0e49dfc2de412d13.jpg@jpg','宅野誠起','ライデンフィルム','金田陽介',''),(352,1,5337,'宝石の国','TV',2017,'AUTUMN',12,NULL,14,'たかだ','いいの,おおつか,たかだ','https://image.annict.com/91b6RR6m7KRVQxGg-ePAaA95g2cgI1grrObSKbyBrag/s:170:226/plain/s3://annict-user-contents/shrine/workimage/2093/image/master-5d0e0f523aa067a6947b9ad6b3b8a77a.jpg@jpg','京極尚彦','オレンジ','市川春子',''),(353,1,6618,'フラグタイム','OVA',2019,'AUTUMN',0,NULL,14,'たかだ','いいの,おおつか,たかだ','https://image.annict.com/BgIl96DE-swEpaRRoeGXzz0qZLiMOyws7hscEd2u3Fg/s:170:226/plain/s3://annict-user-contents/shrine/workimage/3430/image/master-b1f1dc6ddbdd857e8e6dc4fb9381aad6.jpg@jpg','佐藤卓哉','ティアスタジオ, イーストフィッシュスタジオ','さと',''),(354,1,4308,'響け！ユーフォニアム','TV',2015,'SPRING',14,NULL,15,'全員','いいの,おおつか,たかだ','https://image.annict.com/n5cIYQw2hJdmS_2OrsLAt_CwIJy-k4rPoc9GIN-Cjus/s:170:226/plain/s3://annict-user-contents/shrine/workimage/761/image/master-185bfc27b4226e978ef0e975a60674fe.jpg@jpg','石原立也','京都アニメーション','武田綾乃「響け！ユーフォニアム 北宇治高校吹奏楽部へようこそ」(宝島社文庫)',''),(355,1,4826,'響け！ユーフォニアム2','TV',2016,'AUTUMN',13,NULL,15,'全員','いいの,おおつか,たかだ','https://image.annict.com/tqfMIib1nenqf_uyY-9VLV2QofSYfIXGWDvgIsSE38U/s:170:226/plain/s3://annict-user-contents/shrine/workimage/1418/image/master-c1dc55ae5cef5b9ebd2924cb84ab22d1.jpg@jpg','石原立也','京都アニメーション','武田綾乃',''),(356,1,5339,'リズと青い鳥','MOVIE',2018,'SPRING',0,NULL,15,'全員','いいの,おおつか,たかだ','https://image.annict.com/0ELOZz8ceC07NcEKyOOeRwpjmEFE7lLP-xgtluIseYw/s:170:226/plain/s3://annict-user-contents/shrine/workimage/2147/image/master-6746718983511f87a9063f458e04bf5f.jpg@jpg','山田尚子','京都アニメーション','武田綾乃',''),(357,1,5340,'劇場版 響け！ユーフォニアム～誓いのフィナーレ～','MOVIE',2019,'SPRING',0,NULL,15,'全員','いいの,おおつか,たかだ','https://image.annict.com/0rGc-l85QRzST7kkj_CTz8CO4GqJTo1vvEpfwnLT1ZY/s:170:226/plain/s3://annict-user-contents/shrine/workimage/2851/image/master-1c9a669969804ad02698a09d79bcee0f.jpg@jpg','石原立也','京都アニメーション','武田綾乃',''),(358,1,9689,'特別編 響け！ユーフォニアム～アンサンブルコンテスト～','MOVIE',2023,'SUMMER',0,NULL,15,'全員','いいの,おおつか,たかだ','https://image.annict.com/cp9kDpmeaIpSKgfw_39A1FO_vk80I6xKpCaVMhLFvBU/s:170:226/plain/s3://annict-user-contents/shrine/workimage/6576/image/master-8f8ba8b52b36be214b94e7178c55ef3b.jpg@jpg','石原立也','京都アニメーション','武田綾乃',''),(359,1,6688,'響け！ユーフォニアム3','TV',2024,'SPRING',13,NULL,15,'全員','いいの,おおつか,たかだ','https://image.annict.com/4LBgv0uXTznbfrLpMof059hjjiIUbwC2m1ADhPPZ4rA/s:170:226/plain/s3://annict-user-contents/shrine/workimage/3579/image/master-1195466d9bae8727e16c555111638fe9.jpg@jpg','石原立也','京都アニメーション','武田綾乃（宝島社文庫『響け！ユーフォニアム 北宇治高校吹奏楽部、決意の最終楽章』）',''),(360,1,6153,'劇場版 ヴァイオレット・エヴァーガーデン','MOVIE',2020,'SUMMER',0,NULL,16,'おおつか,たかだ','いいの','https://image.annict.com/3ykwt5O_WqcGoCvJgG0Z3oIfquNApHdWObegSNbueBg/s:170:226/plain/s3://annict-user-contents/shrine/workimage/2965/image/master-da4eb0ef88f11a2f861249b0245ea525.jpg@jpg','石立太一','京都アニメーション','暁佳奈',''),(361,1,7067,'劇場版 少女☆歌劇 レヴュースタァライト','MOVIE',2021,'SPRING',0,NULL,16,'いいの','おおつか,たかだ','https://image.annict.com/LDgdIUujux1uXeWgedxdknoJ0YYtkqe5y0gCARgpXAM/s:170:226/plain/s3://annict-user-contents/shrine/workimage/4104/image/master-06d75d7f7d853e71c05e7b071dbe6f5f.jpg@jpg','古川知宏','キネマシトラス','ブシロード, ネルケプランニング, キネマシトラス',''),(362,1,7392,'戦闘員、派遣します！','TV',2021,'SPRING',12,NULL,16,'おおつか','いいの,おおつか,たかだ','https://image.annict.com/2U9IbOG3AkWTw2exAl1U2R64XWqhlMvZjbszoY6RcqQ/s:170:226/plain/s3://annict-user-contents/shrine/workimage/4955/image/master-45899f2a8bc8c6ae18626bfe6adf929f.jpg@jpg','赤城博昭','J.C.STAFF','暁なつめ',''),(363,1,2048,'マクロスFRONTIER','TV',2008,'SPRING',25,NULL,17,'いいの','いいの,おおつか,たかだ','https://image.annict.com/l5eLzw4D8EDKmMtL8ybMVeZ70Ok6oCl0_iLlHlIgdpQ/s:170:226/plain/s3://annict-user-contents/shrine/workimage/223/image/master-8f47c71a7201a901234f106393b4b69b.jpg@jpg','菊地康仁','サテライト','河森正治、スタジオぬえ',''),(364,1,8937,'月曜日のたわわ2','WEB',2021,'SUMMER',12,NULL,17,'おおつか','いいの,おおつか,たかだ','https://image.annict.com/LyLk2-KwTcWChW-H28crRGpGoruJvI9DsqKxMKYzN3s/s:170:226/plain/s3://annict-user-contents/shrine/animeimage/5865/image/master-764f0cbef01bd6d0baaf3f08136b294a.jpg@jpg','小川優樹','横浜アニメーションラボ','比村奇石',''),(365,1,6159,'ゾンビランドサガ','TV',2018,'AUTUMN',12,NULL,18,'たかだ','いいの,おおつか,たかだ','https://image.annict.com/eB1OGVMhku4Wwd6qTg2Xxo2rFnH26mfN7SEvIZ6336g/s:170:226/plain/s3://annict-user-contents/shrine/workimage/2971/image/master-d4c77299161c34b8b53fc15ecdc2ce26.jpg@jpg','境宗久','MAPPA','広報広聴課ゾンビ係',''),(366,1,6817,'ゾンビランドサガ リベンジ','TV',2021,'SPRING',12,NULL,18,'たかだ','いいの,おおつか,たかだ','https://image.annict.com/nTSBl_yacYSWwuChP5aUbVB8fiqQIijAi5rQ8TvkwwI/s:170:226/plain/s3://annict-user-contents/shrine/workimage/3791/image/master-7485d01da190f076d92b1b87414ee782.jpg@jpg','境宗久','MAPPA','広報広聴課ゾンビ係',''),(367,1,7626,'土下座で頼んでみた','TV',2020,'AUTUMN',12,NULL,18,'いいの','いいの,おおつか,たかだ','https://image.annict.com/mdfghIOJgdxk2OFPjSYl4XPJer0e4lRa26yW2MDnv4E/s:170:226/plain/s3://annict-user-contents/shrine/workimage/4700/image/master-aa7e2207970333ceb9033433c2a1b1f8.jpg@jpg','永居慎平','アドネロ','ふなつかずき',''),(368,1,8782,'サマータイムレンダ','TV',2022,'SPRING',25,NULL,19,'おおつか','いいの,おおつか,たかだ','https://image.annict.com/iRgRdCX-_PhLfhNUL_Y7oWlONA-XD3xQ8rOfEcXvo8Q/s:170:226/plain/s3://annict-user-contents/shrine/workimage/5781/image/master-1c9ac7757aed5922e8581bdb872c9969.jpg@jpg','渡辺歩','オー・エル・エム','情報なし',''),(369,1,6092,'じょしおちっ！～2階から女の子が…降ってきた!?～','TV',2018,'SUMMER',9,NULL,19,'おおつか','いいの,おおつか,たかだ','https://image.annict.com/ycmGACrTSxk1WR4QAJ-huq24tcURWSxQ_xRu5xIGCxM/s:170:226/plain/s3://annict-user-contents/shrine/workimage/2888/image/master-5dc173ce4e709c0f6ece8f4aaae141e1.jpg@jpg','ジンキトモシヨ','ark','鳩こんろ',''),(370,1,241,'AIR','TV',2005,'WINTER',12,NULL,20,'いいの','いいの,おおつか,たかだ','https://image.annict.com/87WASBkcwnQG3VZUlH1Um9BEkF92nGbQx2fJ3pUoXrI/s:170:226/plain/s3://annict-user-contents/shrine/workimage/1470/image/master-6327142f22b513ce923ab02af901016e.jpg@jpg','石原立也','京都アニメーション','Key, ビジュアルアーツ',''),(371,1,1261,'ちはやふる','TV',2011,'AUTUMN',26,NULL,20,'おおつか','いいの,おおつか,たかだ','https://image.annict.com/h5kLXGqUyO3VHMiRrpdE13Q-pyZVCvK-ExLZlgLZwoE/s:170:226/plain/s3://annict-user-contents/shrine/workimage/243/image/master-af5c3c516cd83b340f4ab54031ae7deb.jpg@jpg','浅香守生','マッドハウス','末次由紀',''),(372,1,8888,'機動戦士ガンダム 水星の魔女 Season1','TV',2022,'AUTUMN',12,NULL,20,'たかだ','いいの,おおつか,たかだ','https://image.annict.com/t3fk6-rSLEIiL2WafSrkS3B_2yHRVatiIeNjl3gUtec/s:170:226/plain/s3://annict-user-contents/shrine/workimage/5822/image/master-3740e37c1a47bfe225c9d0a252e0a7a0.jpg@jpg','⼩林寛','サンライズ','矢立肇, 富野由悠季',''),(373,1,10425,'機動戦士ガンダム 水星の魔女 Season2','TV',2023,'SPRING',12,NULL,20,'たかだ','いいの,おおつか,たかだ','https://image.annict.com/bFiQQqsO5pzaV4U3ooh0ZVNrLEGzalTNUNgOaohJ_-8/s:170:226/plain/s3://annict-user-contents/shrine/workimage/7032/image/master-0ad6afcee2da84dce3d8c8aab5bd1144.jpg@jpg','⼩林寛','サンライズ','矢立肇, 富野由悠季',''),(374,1,881,'じょしらく','TV',2012,'SUMMER',15,NULL,21,'たかだ','いいの,おおつか,たかだ','https://image.annict.com/K69T8WW6xLCn9Emxf_Q66Yimhnw_CNY8HNJeh6p17Cs/s:170:226/plain/s3://annict-user-contents/shrine/workimage/340/image/master-4222034c12dc3afd458ec3c767cf78a4.jpg@jpg','水島努','J.C.STAFF','久米田康治',''),(375,1,11525,'菜なれ花なれ','TV',2024,'SUMMER',12,NULL,21,'おおつか','いいの,おおつか,たかだ','https://image.annict.com/U9qT9BvtPay0KmN10HaVxd0-STvOKmg7IrWkB1MCfBw/s:170:226/plain/s3://annict-user-contents/shrine/workimage/7667/image/master-42dbb5216cc051b5cb420f4aea027983.jpg@jpg','柿本広大','P.A.WORKS','情報なし',''),(378,1,4245,'マクロスΔ（デルタ）','TV',2016,'SPRING',27,NULL,23,'たかだ','いいの,おおつか,たかだ','https://image.annict.com/mum21Tg5P6L_8zmmAZlwS-v2cYUJS72SEbS1KRiMazQ/s:170:226/plain/s3://annict-user-contents/shrine/workimage/1239/image/master-0d03d1549e338710e07d2ae09c1b0d66.jpg@jpg','安田賢司','サテライト','河森正治',''),(379,1,2038,'まよチキ！','TV',2011,'SUMMER',13,NULL,23,'いいの','いいの,おおつか,たかだ','https://image.annict.com/Iv0RsMiMiJtHlGLjHJD2JIDHl4g-JZc0B0zqG6BujEc/s:170:226/plain/s3://annict-user-contents/shrine/workimage/465/image/master-bdaa8664386a57c93f62bf11143b893e.jpg@jpg','川口敬一郎','feel.','あさのハジメ(MF文庫J)',''),(380,1,2139,'みなみけ','TV',2007,'AUTUMN',13,NULL,23,'おおつか','いいの,おおつか,たかだ','https://image.annict.com/irQKdDs722q6Ic0k4j8QXhsXjUPFqQSl8UIvQFbbOQA/s:170:226/plain/s3://annict-user-contents/shrine/workimage/302/image/master-0b93764e40d70ff434ce2aba0b316af9.jpg@jpg','太田雅彦','童夢','桜場コハル',''),(381,1,14692,'うんたろう たびものがたり','WEB',2023,'SPRING',0,NULL,24,'おおつか','いいの,おおつか,たかだ','https://image.annict.com/M9-C5-QgnYF3ryrfDBhR_gMvpIMj2U7ekRqcGP7Umd8/s:170:226/plain/s3://annict-user-contents/shrine/workimage/11292/image/master-c74fd9169a9fe9f2e63fccc7f8ff07e3.jpg@jpg','情報なし','情報なし','情報なし',''),(382,1,4614,'ガーリッシュ ナンバー','TV',2016,'AUTUMN',12,NULL,24,'たかだ','いいの,おおつか,たかだ','https://image.annict.com/C5GFDwQb2xXOp1ZZ-2DmALftfNGSBn7iMNJxucOKzTw/s:170:226/plain/s3://annict-user-contents/shrine/workimage/1463/image/master-c3602352f189e68510464aa8b7f5bde8.jpg@jpg','井畑翔太','ディオメディア','Project GN',''),(383,1,536,'今日の5の2','TV',2008,'AUTUMN',50,NULL,24,'いいの','いいの,おおつか,たかだ','https://image.annict.com/s7QDBFBvOGFW7NMOO3XkEWxxATHJtiE6IIqQ2znXo0o/s:170:226/plain/s3://annict-user-contents/shrine/workimage/1373/image/master-b37888a267d996647ab38407f6925dc4.jpg@jpg','長澤剛','XEBEC','桜場コハル',''),(384,1,5789,'転生したらスライムだった件','TV',2018,'AUTUMN',25,NULL,25,'いいの,たかだ','おおつか','https://image.annict.com/ZJBuEwm2vR2HlTAdR1YopWXrQ9bkTIT3ZQOR7h7K56Y/s:170:226/plain/s3://annict-user-contents/shrine/workimage/3067/image/master-708550caa1452adafe2e3d5811c6f6b4.jpg@jpg','菊地康仁','エイトビット','川上泰樹, 伏瀬, みっつばー',''),(385,1,997,'進撃の巨人','TV',2013,'SPRING',37,NULL,25,'いいの,おおつか','たかだ','https://image.annict.com/2-0l-R-TJjIGHKy15NpBLKQadzQpudHuDHcRwu1omYk/s:170:226/plain/s3://annict-user-contents/shrine/workimage/94/image/master-b1039262c50b26ac9a3b48757ba5f0a5.jpg@jpg','荒木哲郎','WIT STUDIO','諫山創',''),(386,1,4164,'四月は君の嘘','TV',2014,'AUTUMN',22,NULL,25,'おおつか,たかだ','いいの','https://image.annict.com/JkjfYwATyKTX5a23bS1KyZcPDSoandJo8d_rEx4n9TM/s:170:226/plain/s3://annict-user-contents/shrine/workimage/602/image/master-087cba4ecbfbbaca0336fcdaa4a6ed45.jpg@jpg','イシグロキョウヘイ','A-1 Pictures','新川直司',''),(387,1,1262,'ちはやふる2','TV',2013,'WINTER',27,NULL,26,'おおつか','いいの,おおつか,たかだ','https://image.annict.com/pukyx_tf3VQto0XKp4G546KBhezaBRT3kf4Q_RkgHN8/s:170:226/plain/s3://annict-user-contents/shrine/workimage/288/image/master-4c2074b6d80f995063fa279107def65a.jpg@jpg','浅香守生','マッドハウス','末次由紀',''),(388,1,12827,'mono','TV',2025,'SPRING',12,NULL,26,'たかだ','いいの,おおつか,たかだ','https://image.annict.com/LsKePw8F7Jtu1cwAPOwqypTAyM7Fmw7Lj9vZw6bqNuc/s:170:226/plain/s3://annict-user-contents/shrine/workimage/9436/image/master-39a020260bc3e292309a845bce640927.jpg@jpg','愛敬亮太','ソワネ','あfろ（芳文社 『まんがタイムきららキャラット』)',''),(389,1,5057,'One Room','TV',2017,'WINTER',13,NULL,27,'おおつか','いいの,おおつか,たかだ','https://image.annict.com/ImsgBdgssRKVdXfLMXnLUcPqI94B53a0mKY77LkzRYo/s:170:226/plain/s3://annict-user-contents/shrine/workimage/1731/image/master-549b8bf714287f5ee5de6f515503928a.jpg@jpg','情報なし','颱風グラフィックス','SMIRAL',''),(390,1,15039,'日々は過ぎれど飯うまし','TV',2025,'SPRING',12,NULL,27,'たかだ','いいの,おおつか,たかだ','https://image.annict.com/xklFCrphMV785s3T_J2zmDCrPh7cw4nTx2zixiThFDE/s:170:226/plain/s3://annict-user-contents/shrine/workimage/11678/image/master-f20bedab14d3ccef15d5b7542eefc5ab.jpg@jpg','春水融, 川面真也','P.A.WORKS','team apa',''),(391,1,5781,'若おかみは小学生！','TV',2018,'SPRING',24,NULL,27,'いいの','いいの,おおつか,たかだ','https://image.annict.com/yXTpvd5KSwHgJRkj22Zd2FeEXm9jvni8fwfjHVEnXPQ/s:170:226/plain/s3://annict-user-contents/shrine/workimage/2336/image/master-50b57817e0999f96a24ce0aede78aa7e.jpg@jpg','増原光幸, 谷東','マッドハウス','令丈ヒロ子',''),(392,1,5233,'ラーメン大好き小泉さん','TV',2018,'WINTER',12,NULL,28,'おおつか','いいの,おおつか,たかだ','https://image.annict.com/o9EILH_Sic-mxvsGCg99rujwxEfSoOTksM_DOUCvXEA/s:170:226/plain/s3://annict-user-contents/shrine/workimage/2212/image/master-f60b9a1fa5f40430641bee7b6df1b745.jpg@jpg','セトウケンジ','Studio五組, AXsiZ','鳴見なる',''),(393,1,5500,'One Room セカンドシーズン','TV',2018,'SUMMER',13,NULL,28,'おおつか,たかだ','いいの,おおつか,たかだ','https://image.annict.com/d_QVnfZq86CtG9co5J-Baz6HXYjVKF0exU1mJze36ZI/s:170:226/plain/s3://annict-user-contents/shrine/workimage/2760/image/master-06b1188b412d30a4c6067e37f590ff02.jpg@jpg','情報なし','ZERO-G','SMIRAL',''),(394,1,326,'お姉ちゃんが来た','TV',2014,'WINTER',13,NULL,28,'いいの','いいの,おおつか,たかだ','https://image.annict.com/u7eExHr5wQepcC4VG0cbBAU5eZV1s_ow6r5a1roYBRY/s:170:226/plain/s3://annict-user-contents/shrine/workimage/21/image/master-8c55e86a9120e351255af0b78c399997.jpg@jpg','夕澄慶英','C2C','情報なし',''),(395,1,4565,'僕だけがいない街','TV',2016,'WINTER',12,NULL,29,'おおつか','いいの,おおつか,たかだ','https://image.annict.com/A8dwutC0XOaJugJDjM9RS0LlX79d1tVfq4rAeOrQtsA/s:170:226/plain/s3://annict-user-contents/shrine/workimage/1163/image/master-8842b32c7abbfd0812265a74d5ef521b.jpg@jpg','伊藤智彦','A-1 Pictures','三部けい',''),(396,1,4416,'おくさまが生徒会長！','TV',2015,'SUMMER',12,NULL,29,'いいの','いいの,おおつか,たかだ','https://image.annict.com/_ZVfgb20gsF0sXcuIAFVKUOE3hz3amw7RbioVXcZ-_8/s:170:226/plain/s3://annict-user-contents/shrine/workimage/908/image/master-9020ee21db4bf113d83bf052bd4d4c51.jpg@jpg','情報なし','セブン','中田ゆみ',''),(397,1,4854,'おくさまが生徒会長!+!','TV',2016,'AUTUMN',12,NULL,29,'いいの','いいの,おおつか,たかだ','https://image.annict.com/SV41eEDdhUmGiCHqQeag34eHk9Kee3G2HEjiEFhjKvo/s:170:226/plain/s3://annict-user-contents/shrine/workimage/1528/image/master-c7793fd602fb060110e8e9f87fc463e4.jpg@jpg','佐々木勅嘉','セブン','中田ゆみ',''),(398,1,5813,'ハッピーシュガーライフ','TV',2018,'SUMMER',12,NULL,29,'たかだ','いいの,おおつか,たかだ','https://image.annict.com/G7ylatbWlvp7GNDHyY67mCZw4rOGP10kkdGALEQDuWU/s:170:226/plain/s3://annict-user-contents/shrine/workimage/2354/image/master-691c24aaee408a11050bcd8fc23c9d6b.jpg@jpg','長山延好','Ezo’la','鍵空とみやき',''),(399,1,6336,'ちはやふる3','TV',2019,'AUTUMN',25,NULL,30,'全員','いいの,おおつか,たかだ','https://image.annict.com/Lwl7l30OScobdI3yi1mdzsG5yk-JN2ND0-esFmvAemc/s:170:226/plain/s3://annict-user-contents/shrine/workimage/3160/image/master-a461bb39a90d2a2c93a521ca1f639d56.jpg@jpg','浅香守生','マッドハウス','末次由紀',''),(400,1,7382,'One Room サードシーズン','TV',2020,'AUTUMN',12,NULL,30,'全員','いいの,おおつか,たかだ','https://image.annict.com/euFS1OdgtzkGnX-VIg2OJysQ_wJ0KFLzAbjPnlNQDtE/s:170:226/plain/s3://annict-user-contents/shrine/workimage/4455/image/master-5e774b7b0f1ccdd279fcc589cf351484.jpg@jpg','情報なし','ゼロジー','真野英二',''),(401,1,231,'宇宙戦艦ヤマト2199 (TVシリーズ)','TV',2013,'SPRING',26,NULL,31,'たかだ','いいの,おおつか,たかだ','https://image.annict.com/S_Bns20jt97fWlp6vJAypfLdNGmPMy4KF_31-LA8YcY/s:170:226/plain/s3://annict-user-contents/shrine/workimage/5564/image/master-31ddba29a51cd4d2900b9300f6853670.jpg@jpg','情報なし','AIC, XEBEC','西﨑義展',''),(403,1,5,'ARIA The ANIMATION','TV',2005,'AUTUMN',14,NULL,32,'いいの','いいの,おおつか,たかだ','https://image.annict.com/2_p1wAnVBnArO8CcmY70g0eNIoXj1uwrF2qQsL6T3So/s:170:226/plain/s3://annict-user-contents/shrine/workimage/281/image/master-d186e8555a7697167808d844ee1fbf02.jpg@jpg','情報なし','ハルフィルムメーカー','天野こずえ',''),(404,1,7869,'チェンソーマン','TV',2022,'AUTUMN',12,NULL,32,'たかだ','いいの,おおつか,たかだ','https://image.annict.com/UC89--REjjV35HY_xlW77C0XxxD03iPWvY5L2jup_NM/s:170:226/plain/s3://annict-user-contents/shrine/workimage/4959/image/master-a188d4282cb2202a40afa37516a68181.jpg@jpg','中山竜','MAPPA','藤本タツキ',''),(405,1,5588,'たくのみ。','TV',2018,'WINTER',12,NULL,32,'おおつか','いいの,おおつか,たかだ','https://image.annict.com/k5Al7DxCukNoVTi-RykCerbSaKqxNz3VxYs9EaK3V9o/s:170:226/plain/s3://annict-user-contents/shrine/workimage/2206/image/master-75b725bed18e0a2b8d55d6f8287b4683.jpg@jpg','小林智樹','プロダクションアイムズ','火野遥人',''),(406,1,14733,'わたしが恋人になれるわけないじゃん、ムリムリ!（※ムリじゃなかった!?）','TV',2025,'SUMMER',12,NULL,33,'たかだ','いいの,おおつか,たかだ','https://image.annict.com/6hZ8cJ_-svqNmeWJeCisPJE-rfQ3-MmmJRDwoonRjLU/s:170:226/plain/s3://annict-user-contents/shrine/workimage/11311/image/master-08b7726f81e5228493c4ce042885dfeb.jpg@jpg','内沼菜摘','studio MOTHER','みかみてれん (集英社ダッシュエックス文庫刊)',''),(410,1,6508,'恋する小惑星','TV',2020,'WINTER',13,NULL,4,'たかだ','いいの,おおつか,たかだ','https://image.annict.com/oskthctEfHvOmAy6ygVLCg2DQkWhm1Kfl-hy04qubKw/s:170:226/plain/s3://annict-user-contents/shrine/workimage/3317/image/master-d1fc34e4a1cc782c0b769893e82184f2.jpg@jpg','平牧大輔','動画工房','Quro','5 7 8'),(411,1,7190,'王様ランキング','TV',2021,'AUTUMN',23,NULL,4,'おおつか','いいの,おおつか,たかだ','https://image.annict.com/fuv9Bax8no0e_TE0KCX61NErObtnAvCqI7cTKkW2P1E/s:170:226/plain/s3://annict-user-contents/shrine/animeimage/4850/image/master-fdf5002877aba40d6f98940bcfa16a4a.jpg@jpg','八田洋介','WIT STUDIO','十日草輔','8 8 9'),(412,1,7747,'かげきしょうじょ!!','TV',2021,'SUMMER',13,NULL,4,'いいの','いいの,おおつか,たかだ','https://image.annict.com/mkk5W4PssUA826jqIAKDQBCDPnm0ntSmW7cNgXQSQFU/s:170:226/plain/s3://annict-user-contents/shrine/workimage/4858/image/master-9864a63abf8f53d539c3a39a27221edc.jpg@jpg','米田和弘','情報なし','斉木久美子','8 6 7'),(415,1,7608,'アイドルマスター ミリオンライブ！','TV',2023,'AUTUMN',12,0,33,'いいの','いいの,おおつか,たかだ','https://image.annict.com/RPxNiv7ny67NJvtjMqvgafkUxth6uyUkpXBZv3F3tyE/s:170:226/plain/s3://annict-user-contents/shrine/workimage/6828/image/master-36ab99e2f3fa424a0d87532c733d4dba.jpg@jpg','綿田慎也','白組','バンダイナムコエンターテインメント',NULL),(416,1,1412,'To LOVEる','TV',2008,'SPRING',26,0,33,'おおつか','いいの,おおつか,たかだ','https://image.annict.com/zIUlrbWuKbHOWNXxv8X5sMLPBN8zoqOGrO9FMCipjHw/s:170:226/plain/s3://annict-user-contents/shrine/workimage/979/image/master-79a7722e252d699b566e702cf73246b0.jpg@jpg','加戸誉夫','XEBEC','矢吹健太朗、長谷見沙貴',NULL),(417,1,6258,'女子かう生','TV',2019,'SPRING',12,0,33,'おおつか','いいの,おおつか,たかだ','https://image.annict.com/PH7iKssCKXwzJgpBYciK9NgMuD4K26WhB3kyIcSs9DQ/s:170:226/plain/s3://annict-user-contents/shrine/workimage/3299/image/master-c7eba7e018f1fae56bcbc468017dd40a.jpg@jpg','佐々木勅嘉','アニメーションスタジオ・セブン','若井ケン',NULL),(423,1,1823,'美少女戦士セーラームーン','TV',1992,'WINTER',48,0,31,'おおつか','いいの,おおつか,たかだ','https://image.annict.com/2rB8HNxCYtUua8B89mD_8ICl60El8MMENZ5_COn0jxw/s:170:226/plain/s3://annict-user-contents/shrine/workimage/611/image/master-f137d1daf66fd7df3e52be301b42cd5e.jpg@jpg','情報なし','東映エージエンシー, 東映動画, テレビ朝日','武内直子',NULL),(425,1,5362,'ヴァイオレット・エヴァーガーデン','TV',2018,'WINTER',13,0,10,'全員','いいの,おおつか,たかだ','https://image.annict.com/gvzHmhVR4UrZCBY8GX8kZFYwmo110vpeuwh7nULvyIM/s:170:226/plain/s3://annict-user-contents/shrine/workimage/2027/image/master-e3afa4d54813c31436b4e75b92f12b90.jpg@jpg','石立太一','京都アニメーション','暁佳奈','0 0 0'),(426,1,5799,'色づく世界の明日から','TV',2018,'AUTUMN',13,0,34,'たかだ','いいの,おおつか,たかだ','https://image.annict.com/LowXqdvnsnU5bElaY595QHd_XZ7B71cM7J3ly0iwUGU/s:170:226/plain/s3://annict-user-contents/shrine/workimage/2346/image/master-8b46cd8bbf68b5e748dfcc837e94cc6a.jpg@jpg','篠原俊哉','P.A.WORKS','情報なし',NULL),(427,1,167,'異国迷路のクロワーゼ The Animation','TV',2011,'SUMMER',13,0,34,'いいの','いいの,おおつか,たかだ','https://image.annict.com/LNO9AvDya57PBII2bixRoZrZeJuKB72fDbg6aoPf6as/s:170:226/plain/s3://annict-user-contents/shrine/workimage/346/image/master-ce642f5290ff3329aa821cda07aea1e4.jpg@jpg','安田賢司','サテライト','武田日向',NULL),(428,1,12738,'ハニーレモンソーダ','TV',2025,'WINTER',12,0,34,'おおつか','いいの,おおつか,たかだ','https://image.annict.com/43JoVNiw0oAAYqOoqX0OyOafLgsnX2zzVnGZ2Gx0Pa0/s:170:226/plain/s3://annict-user-contents/shrine/workimage/9324/image/master-04cbbb8c1d237e184854ed9ed8340629.jpg@jpg','錦織博','J.C.STAFF','村田真優（集英社「りぼん」連載）',NULL),(429,1,8291,'おまえうまそうだな (2010)','MOVIE',2010,NULL,0,0,34,'たかだ','いいの,おおつか,たかだ','https://image.annict.com/XGC1yk0J7E5Yfsxz5G_oEvzaGhmknLx-5EORnkcbcQ8/s:170:226/plain/s3://annict-user-contents/shrine/workimage/5362/image/master-d958c6fa640c5942b71209e09f3d76e4.jpg@jpg','情報なし','亜細亜堂','情報なし',NULL),(433,1,2349,'ラブライブ！ School idol project','TV',2013,'WINTER',13,0,22,'いいの,おおつか','いいの,おおつか,たかだ','https://image.annict.com/zHLSafmAIRdVmdpPrM_bMHfuVnkXJnp-x0uGwbOFPJQ/s:170:226/plain/s3://annict-user-contents/shrine/workimage/196/image/master-979c3398954524bab1407112e7b75526.jpg@jpg','京極尚彦','サンライズ','矢立肇',NULL),(434,1,3996,'ラブライブ！ School idol project (第2期)','TV',2014,'SPRING',13,0,22,'いいの,おおつか','いいの,おおつか,たかだ','https://image.annict.com/j1Uel8eo5jGK6oht-CKcpm7eXtF0EeCtbBqrr8YIUQM/s:170:226/plain/s3://annict-user-contents/shrine/workimage/197/image/master-f9dcfc2fd468d59cdca000a5636087d6.jpg@jpg','京極尚彦','サンライズ','矢立肇',NULL),(435,1,4438,'ラブライブ！The School Idol Movie','MOVIE',2015,'SPRING',1,0,22,'いいの,おおつか','いいの,おおつか,たかだ','https://image.annict.com/T2oA1TmoUPFg2sUYrC6ZConhq_bRGEhRWXsdQk-Cc78/s:170:226/plain/s3://annict-user-contents/shrine/workimage/947/image/master-252b61b3bb51ca989cdf120827f39f3c.jpg@jpg','京極尚彦','サンライズ','矢立肇',NULL),(437,1,9202,'豚のレバーは加熱しろ','TV',2023,'AUTUMN',12,0,3,'たかだ','いいの,おおつか,たかだ','https://image.annict.com/LknyIDPPr5a4K3qtFidJfCYKElaKXzNyQmnzfJxrcR8/s:170:226/plain/s3://annict-user-contents/shrine/workimage/6916/image/master-272c41f1a4196d0eb68594c1f768e1d4.jpg@jpg','高橋雅之','project No.9','逆井卓馬','5 8 7'),(441,1,5035,'けものフレンズ','TV',2017,'WINTER',13,NULL,12,'全員','いいの,おおつか,たかだ','https://image.annict.com/VgYyixDrj5IWXoDziLCavH_nyJF58NqnRQVk0OhsDgM/s:170:226/plain/s3://annict-user-contents/shrine/workimage/1705/image/master-56aa1526ae0599bdf60ddbf8c7ddc504.jpg@jpg','たつき','ヤオヨロズ','けものフレンズプロジェクト',''),(442,1,4086,'東京喰種トーキョーグール','TV',2014,'SUMMER',12,NULL,12,'いいの,おおつか','たかだ','https://image.annict.com/bSVrqKBKx_rgy2LQWNSNqOx34LyTtLs-wP1rXO86KOg/s:170:226/plain/s3://annict-user-contents/shrine/workimage/420/image/master-5ac807ff17d52e2b3df02c0563588116.jpg@jpg','森田修平','studioぴえろ','石田スイ',''),(443,1,2321,'四畳半神話大系','TV',2010,'SPRING',11,NULL,12,'いいの,おおつか','おおつか','https://image.annict.com/DV4YTvZxScJgX47_23kumn5ZtOFMejby2iOknWE1cME/s:170:226/plain/s3://annict-user-contents/shrine/workimage/138/image/master-035feaf20176ad29178187bba51806ab.jpg@jpg','湯浅政明','マッドハウス','森見登美彦',''),(444,1,10591,'逃げ上手の若君','TV',2024,'SUMMER',13,NULL,12,'おおつか,たかだ','いいの','https://image.annict.com/LFGE6wxZ2IXIrJ3itJgTS63UIc7dpNklq83onnT2jsU/s:170:226/plain/s3://annict-user-contents/shrine/workimage/7126/image/master-40390ea6efb7e19b24cf7d99a557726a.jpg@jpg','山﨑雄太','CloverWorks','松井優征（集英社「週刊少年ジャンプ」連載）',''),(445,1,934,'少女革命ウテナ','TV',1997,'SPRING',39,0,35,'いいの','いいの,おおつか,たかだ','https://image.annict.com/uSGHepeKERId5cuMvJKzmx0sHFVhD67Dz13Z2T5FcdY/s:170:226/plain/s3://annict-user-contents/shrine/workimage/108/image/master-92d24c61167bcdc7fa045711e636ca81.jpg@jpg','情報なし','J.C.STAFF','情報なし',NULL),(446,1,13511,'ばっどがーる','TV',2025,'SUMMER',12,0,35,'たかだ','いいの,おおつか,たかだ','https://image.annict.com/eDnt7dWJUBxU94Rq7U7Un1i6CnLHWRiDluFNGpLRDpM/s:170:226/plain/s3://annict-user-contents/shrine/workimage/10290/image/master-e15e8b01289809e311dc5e8104e1a613.jpg@jpg','古田丈司','ブリッジ','肉丸「ばっどがーる」 (芳文社「まんがタイムきららキャラット」)',NULL),(447,1,4543,'大家さんは思春期！','TV',2016,'WINTER',12,0,35,'おおつか','いいの,おおつか,たかだ','https://image.annict.com/Gg0SykTKzZ_xPlNkv-H-GdQ3UsDBTa4xh0gXxIrVlZA/s:170:226/plain/s3://annict-user-contents/shrine/workimage/1220/image/master-8e27f9875b840de8e7416325a4d3a225.jpg@jpg','小川優樹','セブン・アークス・ピクチャーズ','水瀬るるう',NULL),(448,1,9737,'ある朝、ダミーヘッドマイクになっていた俺クンの人生','TV',2022,'AUTUMN',12,0,35,'たかだ','いいの,おおつか,たかだ','https://image.annict.com/6T1dz1oGmoOgZIT5QFoalTlhGavJb9yy5TQxoR3iYNw/s:170:226/plain/s3://annict-user-contents/shrine/workimage/6663/image/master-9f24c03f478e9ce3e74d8c13a6c399fb.jpg@jpg','葛西良信','株式会社インディビジョン, 株式会社エカチエピルカ','情報なし',NULL),(451,1,13218,'花は咲く、修羅の如く','TV',2025,'WINTER',12,0,36,'たかだ','いいの,おおつか,たかだ','https://image.annict.com/gntVOcp4ddHcxoXEINqZ7QtQHzVZJwrZ12AZqdN2InY/s:170:226/plain/s3://annict-user-contents/shrine/workimage/9977/image/master-e0a4aa202f544c231002741af9e63216.jpg@jpg','宇和野歩','スタジオバインド','武田綾乃, むっしゅ',NULL),(452,1,1158,'そらのおとしもの','TV',2009,'AUTUMN',13,0,36,'いいの','いいの,おおつか,たかだ','https://image.annict.com/RiUyA_sh_xRyclpqfksI6dbi0FMU1e0AFZ2SdJFN_bM/s:170:226/plain/s3://annict-user-contents/shrine/workimage/1738/image/master-c927913a7eddbc30ffcc31437a8947c0.jpg@jpg','斎藤久','AIC A.S.T.A.','水無月すう(少年エース)',NULL),(453,1,14139,'九龍ジェネリックロマンス','TV',2025,'SPRING',13,0,36,'おおつか','いいの,おおつか,たかだ','https://image.annict.com/nbHGx0DPxWTVoJKfIhQNG_2ATih8ox8flgkcdQT93C8/s:170:226/plain/s3://annict-user-contents/shrine/workimage/10950/image/master-16bd019afd4c389f742296ba95ae0c9b.jpg@jpg','岩崎良明','ARVO ANIMATION','眉月じゅん（集英社「週刊ヤングジャンプ」連載）',NULL),(454,1,7678,'アイの歌声を聴かせて','MOVIE',2021,'AUTUMN',0,0,36,'いいの','いいの,おおつか,たかだ','https://image.annict.com/gyWVjQeEYf3Zu49qRo0KPgIaBOdQRv5ogK3iZUpDW6E/s:170:226/plain/s3://annict-user-contents/shrine/workimage/4795/image/master-dbc1e681b95bcfc19941c4257f0b0bed.jpg@jpg','吉浦康裕','J.C.STAFF','吉浦康裕',NULL),(455,1,9244,'Summer Pockets','TV',2025,'SPRING',26,0,37,'おおつか','いいの,おおつか,たかだ','https://image.annict.com/BHrkmn41U54j6snDL3KYAuQi7e73cBKvmddcYgAFysM/s:170:226/plain/s3://annict-user-contents/shrine/workimage/10314/image/master-087abb46ea56234cdb50fc448483c900.jpg@jpg','小林智樹','feel.','Key, Summer Pockets, VISUAL ARTS',NULL),(456,1,10882,'ざつ旅 -That\'s Journey-','TV',2025,'SPRING',12,0,37,'たかだ','いいの,おおつか,たかだ','https://image.annict.com/5hbYTLjdsh2FXhFY9EmfEgT3ythVQjXTB0rNenu2enA/s:170:226/plain/s3://annict-user-contents/shrine/workimage/7353/image/master-a97a4f0f3e699e6f6023f59f2bd943d3.jpg@jpg','渡邊政治','マカリア','石坂ケンタ（株式会社KADOKAWA／電撃マオウ連載）',NULL),(458,1,5753,'立花館To Lieあんぐる','TV',2018,'SPRING',12,0,37,'おおつか','いいの,おおつか,たかだ','https://image.annict.com/XWi-16nj16M1c_jntlLfzANT2Zb4_OHalraLzBMXXWw/s:170:226/plain/s3://annict-user-contents/shrine/workimage/2320/image/master-0a5a626c112790f02e8f96fa92c51efb.jpg@jpg','情報なし','Creators in Pack, スタジオリングス','merryhachi',NULL),(459,1,17148,'超かぐや姫！(劇場版)','MOVIE',2026,'WINTER',0,0,37,'いいの','いいの,おおつか,たかだ','https://image.annict.com/bGb9_n4kco6r0FCUPKiZw7TqwOQJKa-CNt4nRkx6T2k/s:170:226/plain/s3://annict-user-contents/shrine/workimage/13835/image/master-c9d02306d1fa5c5f27822201e96c8a09.jpg@jpg','山下清悟','スタジオコロリド, スタジオクロマト','情報なし',NULL),(461,1,13744,'サイレント・ウィッチ 沈黙の魔女の隠しごと','TV',2025,'SUMMER',14,0,38,'おおつか','いいの,おおつか,たかだ','https://image.annict.com/_tZW9YhEZqB8NeBnWZV31n18BZwOmBp2_k-BXRYwr1M/s:170:226/plain/s3://annict-user-contents/shrine/workimage/10550/image/master-dca2f40934eef842f2a535b726eae04d.jpg@jpg','いわもとやすお','Studio五組','依空まつり（カドカワBOOKS刊）',NULL),(462,1,5628,'SSSS.GRIDMAN','TV',2018,'AUTUMN',12,0,38,'たかだ','いいの,おおつか,たかだ','https://image.annict.com/5lS8FqrORJ1lj3TC2Ft67I4ytoUwrCDsWERZyVsZaCs/s:170:226/plain/s3://annict-user-contents/shrine/workimage/2975/image/master-5d6479fbc46f063f3cb732b523208cb6.jpg@jpg','雨宮哲','TRIGGER','情報なし',NULL),(463,1,8796,'でーじミーツガール','TV',2021,'AUTUMN',12,0,38,'たかだ','いいの,おおつか,たかだ','https://image.annict.com/kYPsUrG7bzpOcsQx3qugDqumV-DMZ3_KdOmP_rheuYI/s:170:226/plain/s3://annict-user-contents/shrine/workimage/5761/image/master-bbf0c40cdec8762845810a7fdbdd7e6d.jpg@jpg','田澤潮','ライデンフィルム','波之上青年団',NULL),(464,1,15008,'ギルティホール','TV',2025,'AUTUMN',9,0,38,'おおつか','いいの,おおつか,たかだ','https://image.annict.com/fFzkJNwIKpaJVb0jRJcO7nq6NnHlYHbbpqY30P_IWKk/s:170:226/plain/s3://annict-user-contents/shrine/workimage/11649/image/master-f11b8ad28d78d7f9eb51e01046214cf6.jpg@jpg','みうらさぶろう','情報なし','ケンティ',NULL),(467,1,424,'ガールズ&パンツァー','TV',2012,'AUTUMN',14,0,39,'いいの',NULL,'https://image.annict.com/eADI3NWzg2EKjJt4DnCs8F5ee_e3nB9r7l_MTVxVzY4/s:170:226/plain/s3://annict-user-contents/shrine/workimage/444/image/master-7abec09f3cf45ff803365b5b2010f7e6.jpg@jpg','水島努','アクタス','情報なし',NULL),(468,1,1168,'創聖のアクエリオン','TV',2005,'SPRING',26,0,39,'たかだ',NULL,'https://image.annict.com/VEOwGGyvmmbhuGZIHyNJyrKhh4L9twzYCM-ExmI1oFA/s:170:226/plain/s3://annict-user-contents/shrine/workimage/1416/image/master-f007b716d90b607a4586adfd72722e91.jpg@jpg','河森正治','サテライト','河森正治、サテライト',NULL),(469,1,6549,'空の青さを知る人よ','MOVIE',2019,'AUTUMN',0,0,39,'おおつか',NULL,'https://image.annict.com/p1A-xyt23ZUSy5tOVZxl4S1mTi94W0Ed0-p8O2WwxII/s:170:226/plain/s3://annict-user-contents/shrine/workimage/3355/image/master-1d841560a16ba35381198faabe13d712.jpg@jpg','長井龍雪','情報なし','超平和バスターズ',NULL);
/*!40000 ALTER TABLE `history` ENABLE KEYS */;
UNLOCK TABLES;

--
-- Table structure for table `sessions`
--

DROP TABLE IF EXISTS `sessions`;
/*!40101 SET @saved_cs_client     = @@character_set_client */;
/*!50503 SET character_set_client = utf8mb4 */;
CREATE TABLE `sessions` (
  `session_number` int NOT NULL AUTO_INCREMENT,
  `event_date` date DEFAULT NULL,
  `is_declared` tinyint(1) NOT NULL,
  PRIMARY KEY (`session_number`)
) ENGINE=InnoDB AUTO_INCREMENT=104 DEFAULT CHARSET=utf8mb4 COLLATE=utf8mb4_unicode_ci;
/*!40101 SET character_set_client = @saved_cs_client */;

--
-- Dumping data for table `sessions`
--

LOCK TABLES `sessions` WRITE;
/*!40000 ALTER TABLE `sessions` DISABLE KEYS */;
INSERT INTO `sessions` VALUES (1,'2024-08-14',0),(2,'2024-08-20',0),(3,'2024-09-05',1),(4,'2024-09-18',1),(5,'2024-10-13',1),(6,'2024-10-21',1),(7,'2024-10-31',1),(8,'2024-11-20',1),(9,'2024-12-04',1),(10,'2025-01-04',0),(11,'2025-01-18',1),(12,'2025-01-26',1),(13,'2025-02-05',0),(14,'2025-02-13',0),(15,'2025-02-27',1),(16,'2025-03-14',0),(17,'2025-03-24',1),(18,'2025-04-04',0),(19,'2025-04-14',0),(20,'2025-05-01',0),(21,'2025-05-19',0),(22,'2025-05-27',0),(23,'2025-06-11',0),(24,'2025-06-28',0),(25,'2025-07-08',0),(26,'2025-07-12',0),(27,'2025-07-26',0),(28,'2025-08-09',0),(29,'2025-08-15',0),(30,'2025-08-30',0),(31,'2025-09-11',0),(32,'2025-10-10',0),(33,'2025-10-21',1),(34,'2025-11-07',1),(35,'2025-11-29',1),(36,'2026-01-04',1),(37,'2026-02-02',1),(38,'2026-03-18',1),(39,'2026-04-23',1);
/*!40000 ALTER TABLE `sessions` ENABLE KEYS */;
UNLOCK TABLES;

--
-- Table structure for table `stocks`
--

DROP TABLE IF EXISTS `stocks`;
/*!40101 SET @saved_cs_client     = @@character_set_client */;
/*!50503 SET character_set_client = utf8mb4 */;
CREATE TABLE `stocks` (
  `id` int NOT NULL AUTO_INCREMENT,
  `user_name` varchar(255) COLLATE utf8mb4_unicode_ci NOT NULL,
  `annict_id` int NOT NULL,
  `title` varchar(255) COLLATE utf8mb4_unicode_ci NOT NULL,
  `image_url` varchar(255) COLLATE utf8mb4_unicode_ci DEFAULT NULL,
  PRIMARY KEY (`id`)
) ENGINE=InnoDB AUTO_INCREMENT=47 DEFAULT CHARSET=utf8mb4 COLLATE=utf8mb4_unicode_ci;
/*!40101 SET character_set_client = @saved_cs_client */;

--
-- Dumping data for table `stocks`
--

LOCK TABLES `stocks` WRITE;
/*!40000 ALTER TABLE `stocks` DISABLE KEYS */;
INSERT INTO `stocks` VALUES (4,'たかだ',10075,'女神のカフェテラス','https://image.annict.com/6FsvfAjVa-b74CJIT3mrGeO8GWGYrZaxy0UqSvmHQFE/s:170:226/plain/s3://annict-user-contents/shrine/workimage/6795/image/master-4ea74cc2532802f8ebd66ad7659986d8.jpg@jpg'),(8,'たかだ',424,'ガールズ&パンツァー','https://image.annict.com/eADI3NWzg2EKjJt4DnCs8F5ee_e3nB9r7l_MTVxVzY4/s:170:226/plain/s3://annict-user-contents/shrine/workimage/444/image/master-7abec09f3cf45ff803365b5b2010f7e6.jpg@jpg'),(9,'たかだ',2459,'WORKING!!','https://image.annict.com/re2XTIAs-HvxcOwmGIYhrIRCvi3vsNlErlLVCthjPX8/s:170:226/plain/s3://annict-user-contents/shrine/workimage/303/image/master-dd284213c3557627390375cbd87aaf56.jpg@jpg'),(12,'たかだ',6370,'荒ぶる季節の乙女どもよ。','https://image.annict.com/SnsNvXfs1Ix96ckqHw6iizbVL5h8k6hBrSF2nfDeXfY/s:170:226/plain/s3://annict-user-contents/shrine/workimage/3184/image/master-bf56fd263e33dfc8f80664eaac9e3913.jpg@jpg'),(17,'たかだ',464,'神様はじめました','https://image.annict.com/mvLZM4_xWqIMTcanTnTEshu8C2biQE5ZnwIuBCXf9no/s:170:226/plain/s3://annict-user-contents/shrine/workimage/99/image/master-6a3fa3b13babf77839c126da6ba2a18b.jpg@jpg'),(18,'たかだ',1201,'たまゆら～hitotose～','https://image.annict.com/wTdCft8prQCb9zfBEgZptJFZHOjUnVyfaRJxqE4OYQ8/s:170:226/plain/s3://annict-user-contents/shrine/workimage/271/image/master-089ed3a843fbd26b1e435525cd15de40.jpg@jpg'),(25,'たかだ',4097,'アオハライド','https://image.annict.com/fTJ96IjlsX3-H-mBP2gGD5YgnkJLhu_wI2rSTgK6U3s/s:170:226/plain/s3://annict-user-contents/shrine/workimage/529/image/master-011b516c3d9ba2a0262aa5c64ba77771.jpg@jpg'),(28,'たかだ',15505,'終末ツーリング','https://image.annict.com/_wN1PJ3jwSPKjYAcgQa8mk-zXQHxcwerh3FPThF3KHk/s:170:226/plain/s3://annict-user-contents/shrine/workimage/12123/image/master-fc589f5f24fca5e61cdf8644148b0502.jpg@jpg'),(29,'たかだ',14075,'劇場版 僕の心のヤバイやつ','https://image.annict.com/qO1HHB3zIid0Tvt-Y-bYhiAI6r5xbAMkFmmqXetjRgA/s:170:226/plain/s3://annict-user-contents/shrine/workimage/10892/image/master-ada2790e52672fe581cba4f54b18141a.jpg@jpg'),(30,'たかだ',13805,'魔法先生ネギま！～Introduction Film.～','https://image.annict.com/HlH7OlcAz5igxTN-rSzenN0DcNMIcoJc79ONb-YrJ74/s:170:226/plain/s3://annict-user-contents/shrine/workimage/10617/image/master-203f9301432d0319f24aa381c5c8e9a6.jpg@jpg'),(31,'たかだ',2107,'魔法先生ネギま！','https://image.annict.com/ODOnbq6TdBv1NXo9MaCoQVz3S7cacqfccJ_gER4iDJg/s:170:226/plain/s3://annict-user-contents/shrine/workimage/7253/image/master-5442833bfd51019f23ec108a0c2b3fa4.jpg@jpg'),(32,'たかだ',6,'ARIA The NATURAL','https://image.annict.com/-Tqze7HtyU74saTCpMTWKLcPHPkTiJn5D3qknFVnC8k/s:170:226/plain/s3://annict-user-contents/shrine/workimage/426/image/master-0a699e8408cc4864bb9038a9e2c96903.jpg@jpg'),(33,'たかだ',13979,'瑠璃の宝石','https://image.annict.com/aYiZ4Lkj2RhafvEtxokNIt5HhH4vtXAWleuEYWnqes4/s:170:226/plain/s3://annict-user-contents/shrine/workimage/10807/image/master-5194d91b7d84d10896c4a2fc6e8cd31a.jpg@jpg'),(37,'おおつか',8784,'継母の連れ子が元カノだった','https://image.annict.com/oye3wcO48IO1JJkg8gIKlMC742xT4vUMksxiJJpFT6Y/s:170:226/plain/s3://annict-user-contents/shrine/workimage/6224/image/master-62d660379ad24a5684e7f9cfa49a1aa1.jpg@jpg'),(38,'おおつか',5359,'Just Because!','https://image.annict.com/vLCIFZ3YTHkeD0IRWwZbB1OrX-0WD4Zh589EO0phv_k/s:170:226/plain/s3://annict-user-contents/shrine/workimage/2108/image/master-2724d82c062afb7d70f986d726cfc8c4.jpg@jpg'),(39,'おおつか',14900,'フードコートで、また明日。','https://image.annict.com/kOwzH0l14PbajX2klicM0W0_n6Y0bAEal1vHCRjFcfs/s:170:226/plain/s3://annict-user-contents/shrine/workimage/11530/image/master-f0137cfe5b2ca5aa1ebb75bc4a1660d1.jpg@jpg'),(42,'いいの',2107,'魔法先生ネギま！','https://image.annict.com/ODOnbq6TdBv1NXo9MaCoQVz3S7cacqfccJ_gER4iDJg/s:170:226/plain/s3://annict-user-contents/shrine/workimage/7253/image/master-5442833bfd51019f23ec108a0c2b3fa4.jpg@jpg'),(43,'たかだ',15505,'終末ツーリング','https://image.annict.com/_wN1PJ3jwSPKjYAcgQa8mk-zXQHxcwerh3FPThF3KHk/s:170:226/plain/s3://annict-user-contents/shrine/workimage/12123/image/master-fc589f5f24fca5e61cdf8644148b0502.jpg@jpg'),(45,'たかだ',16127,'忘星のヴァリシア 第一章：劫火','https://image.annict.com/tHKb3F4XZJ0Llk_vHDqiSlw8TLpeDy3DiLUOFcF1NE0/s:170:226/plain/s3://annict-user-contents/shrine/workimage/12713/image/master-95f6cc249ca484edc67238bc8a9ebc18.jpg@jpg');
/*!40000 ALTER TABLE `stocks` ENABLE KEYS */;
UNLOCK TABLES;

--
-- Table structure for table `viewer_status`
--

DROP TABLE IF EXISTS `viewer_status`;
/*!40101 SET @saved_cs_client     = @@character_set_client */;
/*!50503 SET character_set_client = utf8mb4 */;
CREATE TABLE `viewer_status` (
  `id` int NOT NULL AUTO_INCREMENT,
  `history_id` int NOT NULL,
  `user_name` varchar(50) COLLATE utf8mb4_unicode_ci NOT NULL,
  `status` varchar(50) COLLATE utf8mb4_unicode_ci NOT NULL,
  `updated_at` datetime NOT NULL,
  `watched_date` date DEFAULT NULL,
  PRIMARY KEY (`id`),
  KEY `history_id` (`history_id`),
  CONSTRAINT `viewer_status_ibfk_1` FOREIGN KEY (`history_id`) REFERENCES `history` (`id`)
) ENGINE=InnoDB AUTO_INCREMENT=574 DEFAULT CHARSET=utf8mb4 COLLATE=utf8mb4_unicode_ci;
/*!40101 SET character_set_client = @saved_cs_client */;

--
-- Dumping data for table `viewer_status`
--

LOCK TABLES `viewer_status` WRITE;
/*!40000 ALTER TABLE `viewer_status` DISABLE KEYS */;
INSERT INTO `viewer_status` VALUES (50,415,'default_user','WATCHED','2025-11-25 21:50:01',NULL),(51,416,'default_user','WATCHED','2025-11-25 21:50:01',NULL),(52,417,'default_user','WATCHED','2025-11-25 21:50:01',NULL),(54,278,'default_user','WATCHED','2025-11-25 23:20:44',NULL),(55,279,'default_user','WATCHED','2025-11-25 23:20:44',NULL),(56,280,'default_user','WATCHED','2025-11-25 23:20:44',NULL),(57,281,'default_user','WATCHED','2025-11-25 23:20:44',NULL),(58,282,'default_user','WATCHED','2025-11-25 23:20:44',NULL),(59,283,'default_user','WATCHED','2025-11-25 23:20:45',NULL),(60,284,'default_user','WATCHED','2025-11-25 23:20:45',NULL),(61,289,'default_user','WATCHED','2025-11-25 23:20:45',NULL),(62,290,'default_user','WATCHED','2025-11-25 23:20:45',NULL),(63,291,'default_user','WATCHED','2025-11-25 23:20:45',NULL),(64,292,'default_user','WATCHED','2025-11-25 23:20:45',NULL),(65,293,'default_user','WATCHED','2025-11-25 23:20:45',NULL),(66,294,'default_user','WATCHED','2025-11-25 23:20:46',NULL),(67,295,'default_user','WATCHED','2025-11-25 23:20:46',NULL),(68,296,'default_user','WATCHED','2025-11-25 23:20:46',NULL),(69,297,'default_user','WATCHED','2025-11-25 23:20:46',NULL),(70,298,'default_user','WATCHED','2025-11-25 23:20:46',NULL),(71,299,'default_user','WATCHED','2025-11-25 23:20:46',NULL),(72,300,'default_user','WATCHED','2025-11-25 23:20:46',NULL),(73,301,'default_user','WATCHED','2025-11-25 23:20:47',NULL),(74,302,'default_user','WATCHED','2025-11-25 23:20:47',NULL),(75,303,'default_user','WATCHED','2025-11-25 23:20:47',NULL),(76,304,'default_user','WATCHED','2025-11-25 23:20:47',NULL),(77,342,'default_user','WATCHED','2025-11-25 23:20:47',NULL),(78,343,'default_user','WATCHED','2025-11-25 23:20:47',NULL),(79,344,'default_user','WATCHED','2025-11-25 23:20:48',NULL),(83,348,'default_user','WATCHED','2025-11-25 23:20:48',NULL),(84,349,'default_user','WATCHED','2025-11-25 23:20:48',NULL),(85,350,'default_user','WATCHED','2025-11-25 23:20:48',NULL),(86,351,'default_user','WATCHED','2025-11-25 23:20:48',NULL),(87,352,'default_user','WATCHED','2025-11-25 23:20:49',NULL),(88,353,'default_user','WATCHED','2025-11-25 23:20:49',NULL),(89,354,'default_user','WATCHED','2025-11-25 23:20:49',NULL),(90,355,'default_user','WATCHED','2025-11-25 23:20:49',NULL),(91,356,'default_user','WATCHED','2025-11-25 23:20:49',NULL),(92,357,'default_user','WATCHED','2025-11-25 23:20:49',NULL),(93,358,'default_user','WATCHED','2025-11-25 23:20:49',NULL),(94,359,'default_user','WATCHED','2025-11-25 23:20:50',NULL),(95,360,'default_user','WATCHED','2025-11-25 23:20:50',NULL),(96,361,'default_user','WATCHED','2025-11-25 23:20:50',NULL),(97,362,'default_user','WATCHED','2025-11-25 23:20:50',NULL),(98,363,'default_user','WATCHED','2025-11-25 23:20:50',NULL),(99,364,'default_user','WATCHED','2025-11-25 23:20:50',NULL),(100,365,'default_user','WATCHED','2025-11-25 23:20:50',NULL),(101,366,'default_user','WATCHED','2025-11-25 23:20:51',NULL),(102,367,'default_user','WATCHED','2025-11-25 23:20:51',NULL),(103,368,'default_user','WATCHED','2025-11-25 23:20:51',NULL),(104,369,'default_user','WATCHED','2025-11-25 23:20:51',NULL),(105,370,'default_user','WATCHED','2025-11-25 23:20:51',NULL),(106,371,'default_user','WATCHED','2025-11-25 23:20:51',NULL),(107,372,'default_user','WATCHED','2025-11-25 23:20:51',NULL),(108,373,'default_user','WATCHED','2025-11-25 23:20:52',NULL),(109,374,'default_user','WATCHED','2025-11-25 23:20:52',NULL),(110,375,'default_user','WATCHED','2025-11-25 23:20:52',NULL),(113,378,'default_user','WATCHED','2025-11-25 23:20:52',NULL),(114,379,'default_user','WATCHED','2025-11-25 23:20:52',NULL),(115,380,'default_user','WATCHED','2025-11-25 23:20:53',NULL),(116,381,'default_user','WATCHED','2025-11-25 23:20:53',NULL),(117,382,'default_user','WATCHED','2025-11-25 23:20:53',NULL),(118,383,'default_user','WATCHED','2025-11-25 23:20:53',NULL),(119,384,'default_user','NO_STATE','2025-11-25 23:20:53',NULL),(120,385,'default_user','WATCHED','2025-11-25 23:20:53',NULL),(121,386,'default_user','WATCHED','2025-11-25 23:20:53',NULL),(122,387,'default_user','WATCHED','2025-11-25 23:20:54',NULL),(123,388,'default_user','WATCHED','2025-11-25 23:20:54',NULL),(124,389,'default_user','WATCHED','2025-11-25 23:20:54',NULL),(125,390,'default_user','WATCHED','2025-11-25 23:20:54',NULL),(126,391,'default_user','WATCHED','2025-11-25 23:20:54',NULL),(127,392,'default_user','WATCHED','2025-11-25 23:20:54',NULL),(128,393,'default_user','WATCHED','2025-11-25 23:20:54',NULL),(129,394,'default_user','WATCHED','2025-11-25 23:20:55',NULL),(130,395,'default_user','WATCHED','2025-11-25 23:20:55',NULL),(131,396,'default_user','WATCHED','2025-11-25 23:20:55',NULL),(132,397,'default_user','WATCHED','2025-11-25 23:20:55',NULL),(133,398,'default_user','WATCHED','2025-11-25 23:20:55',NULL),(134,399,'default_user','WATCHED','2025-11-25 23:20:55',NULL),(135,400,'default_user','WATCHED','2025-11-25 23:20:55',NULL),(136,401,'default_user','WATCHED','2025-11-25 23:20:56',NULL),(138,403,'default_user','WATCHED','2025-11-25 23:20:56',NULL),(139,404,'default_user','WATCHED','2025-11-25 23:20:56',NULL),(140,405,'default_user','WATCHED','2025-11-25 23:20:56',NULL),(141,406,'default_user','WATCHED','2025-11-25 23:20:56',NULL),(142,410,'default_user','WATCHED','2025-11-25 23:20:56',NULL),(143,411,'default_user','WATCHED','2025-11-25 23:20:57',NULL),(144,412,'default_user','WATCHED','2025-11-25 23:20:57',NULL),(149,423,'default_user','WATCHED','2025-11-26 00:04:01',NULL),(151,425,'default_user','WATCHED','2025-11-26 01:12:02',NULL),(152,426,'default_user','WATCHED','2025-11-26 23:00:02',NULL),(153,427,'default_user','WATCHED','2025-11-26 23:00:02',NULL),(154,428,'default_user','WATCHED','2025-11-26 23:01:01',NULL),(155,429,'default_user','WATCHED','2025-11-26 23:01:01',NULL),(158,278,'いいの','WATCHED','2025-11-29 01:11:23','2024-08-16'),(159,278,'おおつか','WATCHED','2025-11-29 00:20:04',NULL),(160,278,'たかだ','WATCHED','2025-11-29 01:09:22','2024-08-19'),(161,279,'いいの','WATCHED','2025-11-29 01:50:10','2024-08-17'),(162,279,'おおつか','WATCHED','2025-11-29 01:10:10','2024-08-17'),(163,279,'たかだ','WATCHED','2025-11-29 01:24:10','2024-08-14'),(164,280,'いいの','WATCHED','2025-11-29 01:24:00','2024-08-14'),(165,280,'おおつか','WATCHED','2025-11-29 01:09:49','2024-08-18'),(166,280,'たかだ','WATCHED','2025-11-29 01:10:52','2024-08-17'),(167,281,'いいの','WATCHED','2025-11-29 01:48:53','2024-08-20'),(168,281,'おおつか','WATCHED','2025-11-29 01:48:43','2024-08-20'),(169,281,'たかだ','WATCHED','2025-11-29 01:47:53','2024-08-26'),(170,282,'いいの','WATCHED','2025-11-29 01:52:47','2024-08-28'),(171,282,'おおつか','WATCHED','2025-11-29 01:52:06','2024-08-20'),(172,282,'たかだ','WATCHED','2025-11-29 01:51:55','2024-08-20'),(173,283,'いいの','WATCHED','2025-11-29 01:52:59','2024-08-20'),(174,283,'おおつか','WATCHED','2025-11-29 02:54:07','2024-08-28'),(175,283,'たかだ','WATCHED','2025-11-29 01:53:08','2024-08-20'),(176,284,'いいの','WATCHED','2025-11-29 01:53:55','2024-09-05'),(177,284,'おおつか','WATCHED','2025-11-29 01:54:41','2024-09-08'),(178,284,'たかだ','WATCHED','2025-11-29 01:57:16','2024-09-18'),(179,289,'いいの','NO_STATE','2025-11-29 02:04:55',NULL),(180,289,'おおつか','WATCHED','2025-11-29 02:16:42','2024-10-14'),(181,289,'たかだ','WATCHED','2025-11-29 02:16:57','2024-10-16'),(182,290,'いいの','WATCHED','2025-11-29 02:27:21','2024-10-20'),(183,290,'おおつか','NO_STATE','2025-11-29 02:05:11',NULL),(184,290,'たかだ','WATCHED','2025-11-29 02:17:15','2024-10-18'),(185,291,'いいの','ON_HOLD','2025-11-29 02:23:11','2024-10-14'),(186,291,'おおつか','WATCHED','2025-11-29 02:23:24','2024-10-14'),(187,291,'たかだ','NO_STATE','2025-11-29 02:04:11',NULL),(188,292,'いいの','NO_STATE','2025-11-29 00:56:13',NULL),(189,292,'おおつか','NO_STATE','2025-11-29 02:04:39',NULL),(190,292,'たかだ','WATCHED','2025-11-29 02:27:47','2024-10-26'),(191,293,'いいの','WATCHED','2025-11-29 02:05:25',NULL),(192,293,'おおつか','WATCHED','2025-11-29 02:28:10','2024-10-29'),(193,293,'たかだ','WATCHED','2025-11-29 02:05:31',NULL),(194,294,'いいの','WATCHED','2025-11-29 02:29:50','2024-10-28'),(195,294,'おおつか','NO_STATE','2025-11-29 02:29:57',NULL),(196,294,'たかだ','NO_STATE','2025-11-29 02:30:02',NULL),(197,295,'いいの','WATCHED','2025-11-29 02:40:22','2024-11-14'),(198,295,'おおつか','NO_STATE','2025-11-29 02:36:44',NULL),(199,295,'たかだ','WATCHED','2025-11-29 02:39:29','2024-11-09'),(200,296,'いいの','NO_STATE','2025-11-29 02:38:06',NULL),(201,296,'おおつか','WATCHED','2025-11-29 02:39:53','2024-11-10'),(202,296,'たかだ','WATCHED','2025-11-29 02:40:47','2024-11-18'),(203,297,'いいの','WATCHED','2025-11-29 02:39:11','2024-11-09'),(204,297,'おおつか','WATCHED','2025-11-29 02:41:07','2024-11-17'),(205,297,'たかだ','NO_STATE','2025-11-29 02:38:18',NULL),(206,298,'いいの','WATCHED','2025-11-29 02:41:25','2024-11-20'),(207,298,'おおつか','WATCHED','2025-11-29 02:41:13','2024-11-17'),(208,298,'たかだ','NO_STATE','2025-11-29 02:38:28',NULL),(209,299,'いいの','WATCHED','2025-11-29 02:50:05','2024-12-03'),(210,299,'おおつか','WATCHED','2025-11-30 23:22:49','2025-11-30'),(211,299,'たかだ','WATCHED','2025-11-29 02:49:09','2024-12-02'),(212,300,'いいの','WATCHED','2025-11-30 23:22:49','2025-11-30'),(213,300,'おおつか','WATCHED','2025-11-29 02:48:18','2024-11-25'),(214,300,'たかだ','WATCHED','2025-11-29 02:48:46','2024-11-30'),(215,301,'いいの','WATCHED','2025-11-29 02:49:48','2024-12-03'),(216,301,'おおつか','WATCHED','2025-11-29 02:46:31','2024-11-23'),(217,301,'たかだ','WATCHED','2025-11-30 23:22:50','2025-11-30'),(218,302,'いいの','WATCHED','2025-11-29 02:51:38','2024-12-20'),(219,302,'おおつか','WATCHED','2025-11-30 23:22:50','2025-11-30'),(220,302,'たかだ','WATCHED','2025-11-29 02:51:54','2025-12-23'),(221,303,'いいの','WATCHED','2025-11-30 23:22:51','2025-11-30'),(222,303,'おおつか','WATCHED','2025-11-29 02:52:37','2024-12-29'),(223,303,'たかだ','WATCHED','2025-11-30 23:22:51','2025-11-30'),(224,304,'いいの','NO_STATE','2025-11-29 00:56:40',NULL),(225,304,'おおつか','WATCHED','2025-11-29 02:52:46','2024-12-29'),(226,304,'たかだ','NO_STATE','2025-11-29 02:50:41',NULL),(227,342,'いいの','WATCHED','2025-12-01 00:06:01','2025-01-22'),(228,342,'おおつか','WATCHED','2025-12-01 00:04:35','2025-01-19'),(229,342,'たかだ','WATCHED','2025-12-01 00:06:18','2025-01-24'),(230,343,'いいの','WATCHED','2025-12-01 00:04:48','2025-01-19'),(231,343,'おおつか','WATCHED','2025-12-01 00:05:16','2025-01-21'),(232,343,'たかだ','WATCHED','2025-12-01 00:06:30','2025-01-24'),(233,344,'いいの','WATCHED','2025-11-29 00:09:53',NULL),(234,344,'おおつか','WATCHED','2025-12-01 00:05:25','2025-01-21'),(235,344,'たかだ','WATCHED','2025-12-01 00:05:00','2025-01-21'),(245,348,'いいの','WATCHED','2025-12-01 00:12:02','2025-02-13'),(246,348,'おおつか','WATCHED','2025-12-01 00:11:41','2025-02-11'),(247,348,'たかだ','WATCHED','2025-12-01 00:10:38','2025-02-11'),(248,349,'いいの','WATCHED','2025-12-01 00:10:52','2025-02-11'),(249,349,'おおつか','WATCHED','2025-12-01 00:10:18','2025-02-10'),(250,349,'たかだ','WATCHED','2025-12-01 00:11:09','2025-02-11'),(251,350,'いいの','WATCHED','2025-12-01 00:09:48','2025-02-09'),(252,350,'おおつか','WATCHED','2025-12-01 00:10:06','2025-02-10'),(253,350,'たかだ','WATCHED','2025-12-01 00:09:57','2025-02-10'),(254,351,'いいの','WATCHED','2025-12-01 00:13:12','2025-02-19'),(255,351,'おおつか','WATCHED','2025-12-01 00:12:40','2025-02-16'),(256,351,'たかだ','WATCHED','2025-12-01 00:13:02','2025-02-16'),(257,352,'いいの','WATCHED','2025-12-01 00:13:56','2025-02-27'),(258,352,'おおつか','WATCHED','2025-12-01 00:12:45','2025-02-16'),(259,352,'たかだ','WATCHED','2025-12-01 00:13:24','2025-02-20'),(260,353,'いいの','WATCHED','2025-12-01 00:13:46','2025-02-19'),(261,353,'おおつか','WATCHED','2025-12-01 00:12:50','2025-02-16'),(262,353,'たかだ','WATCHED','2025-12-01 00:13:29','2025-02-20'),(263,354,'いいの','WATCHED','2025-12-02 22:33:48','2025-03-05'),(264,354,'おおつか','WATCHED','2025-12-02 22:34:17','2025-03-05'),(265,354,'たかだ','WATCHED','2025-12-02 22:34:22','2025-03-05'),(266,355,'いいの','WATCHED','2025-12-02 22:36:21','2025-03-09'),(267,355,'おおつか','WATCHED','2025-12-02 22:34:54','2025-03-07'),(268,355,'たかだ','WATCHED','2025-12-02 22:35:29','2025-03-08'),(269,356,'いいの','WATCHED','2025-12-02 22:36:32','2025-03-11'),(270,356,'おおつか','WATCHED','2025-12-02 22:35:57','2025-03-07'),(271,356,'たかだ','WATCHED','2025-12-02 22:35:36','2025-03-08'),(272,357,'いいの','WATCHED','2025-12-02 22:38:16','2025-03-11'),(273,357,'おおつか','WATCHED','2025-12-02 22:36:03','2025-03-07'),(274,357,'たかだ','WATCHED','2025-12-02 22:36:44','2025-03-11'),(275,358,'いいの','WATCHED','2025-12-02 22:38:23','2025-03-12'),(276,358,'おおつか','WATCHED','2025-12-02 22:36:09','2025-03-07'),(277,358,'たかだ','WATCHED','2025-12-02 22:36:49','2025-03-11'),(278,359,'いいの','WATCHED','2025-12-02 22:38:59','2025-03-13'),(279,359,'おおつか','WATCHED','2025-12-02 22:35:17','2025-03-07'),(280,359,'たかだ','WATCHED','2025-12-02 22:38:02','2025-03-12'),(281,360,'いいの','WATCHED','2025-12-02 22:40:12','2025-03-21'),(282,360,'おおつか','WATCHED','2025-11-29 01:37:05',NULL),(283,360,'たかだ','WATCHED','2025-11-29 01:40:14',NULL),(284,361,'いいの','WATCHED','2025-11-29 01:35:54',NULL),(285,361,'おおつか','WATCHED','2025-12-02 22:39:52','2025-03-20'),(286,361,'たかだ','WATCHED','2025-12-02 22:40:20','2025-03-22'),(287,362,'いいの','WATCHED','2025-12-02 22:39:39','2025-03-20'),(288,362,'おおつか','WATCHED','2025-12-02 22:39:57','2025-03-20'),(289,362,'たかだ','WATCHED','2025-12-02 22:39:27','2025-03-19'),(290,363,'いいの','WATCHED','2025-12-02 22:40:42','2025-03-31'),(291,363,'おおつか','WATCHED','2025-12-02 22:40:46','2025-03-31'),(292,363,'たかだ','WATCHED','2025-12-02 22:40:52','2025-04-01'),(293,364,'いいの','WATCHED','2025-12-02 22:41:19','2025-04-01'),(294,364,'おおつか','WATCHED','2025-12-02 22:41:09','2025-04-01'),(295,364,'たかだ','WATCHED','2025-12-02 22:41:14','2025-04-01'),(296,365,'いいの','WATCHED','2025-12-02 22:42:44','2025-04-14'),(297,365,'おおつか','WATCHED','2025-12-02 22:41:57','2025-04-05'),(298,365,'たかだ','WATCHED','2025-12-02 22:42:29','2025-04-13'),(299,366,'いいの','WATCHED','2025-12-02 22:42:54','2025-04-14'),(300,366,'おおつか','WATCHED','2025-12-02 22:42:19','2025-04-12'),(301,366,'たかだ','WATCHED','2025-12-02 22:42:33','2025-04-13'),(302,367,'いいの','WATCHED','2025-12-02 22:41:42','2025-04-05'),(303,367,'おおつか','WATCHED','2025-12-02 22:41:51','2025-04-05'),(304,367,'たかだ','WATCHED','2025-12-02 22:42:10','2025-04-05'),(305,368,'いいの','WATCHED','2025-12-02 22:44:38','2025-05-01'),(306,368,'おおつか','WATCHED','2025-12-02 22:43:55','2025-04-18'),(307,368,'たかだ','WATCHED','2025-12-02 22:44:24','2025-04-29'),(308,369,'いいの','WATCHED','2025-12-02 22:43:45','2025-04-16'),(309,369,'おおつか','WATCHED','2025-12-02 22:43:59','2025-04-18'),(310,369,'たかだ','WATCHED','2025-12-02 22:44:17','2025-04-28'),(311,370,'いいの','WATCHED','2025-12-02 22:44:51','2025-05-05'),(312,370,'おおつか','WATCHED','2025-12-02 22:45:01','2025-05-06'),(313,370,'たかだ','WATCHED','2025-12-02 22:46:03','2025-05-13'),(314,371,'いいの','WATCHED','2025-12-02 22:45:19','2025-05-08'),(315,371,'おおつか','WATCHED','2025-12-02 22:45:26','2025-05-08'),(316,371,'たかだ','WATCHED','2025-12-02 22:45:34','2025-05-09'),(317,372,'いいの','WATCHED','2025-12-02 22:45:53','2025-05-12'),(318,372,'おおつか','WATCHED','2025-12-02 22:45:43','2025-05-10'),(319,372,'たかだ','WATCHED','2025-12-02 22:46:39','2025-05-18'),(320,373,'いいの','WATCHED','2025-12-02 22:46:29','2025-05-12'),(321,373,'おおつか','WATCHED','2025-12-02 22:46:24','2025-05-10'),(322,373,'たかだ','WATCHED','2025-12-02 22:46:43','2025-05-18'),(323,374,'いいの','WATCHED','2025-12-02 22:48:15','2025-05-27'),(324,374,'おおつか','WATCHED','2025-12-02 22:47:11','2025-05-20'),(325,374,'たかだ','WATCHED','2025-12-02 22:47:02','2025-05-19'),(326,375,'いいの','WATCHED','2025-12-02 22:48:09','2025-05-26'),(327,375,'おおつか','WATCHED','2025-12-02 22:47:35','2025-05-21'),(328,375,'たかだ','WATCHED','2025-12-02 22:47:20','2025-05-21'),(335,378,'いいの','WATCHED','2025-12-02 22:55:34','2025-06-27'),(336,378,'おおつか','WATCHED','2025-12-02 22:50:38','2025-06-17'),(337,378,'たかだ','WATCHED','2025-12-02 22:50:18','2025-06-13'),(338,379,'いいの','WATCHED','2025-12-02 22:55:18','2025-06-18'),(339,379,'おおつか','WATCHED','2025-12-02 22:54:57','2025-06-19'),(340,379,'たかだ','WATCHED','2025-12-02 22:50:13','2025-06-13'),(341,380,'いいの','WATCHED','2025-12-02 22:55:25','2025-06-19'),(342,380,'おおつか','WATCHED','2025-12-02 22:55:03','2025-06-19'),(343,380,'たかだ','WATCHED','2025-12-02 22:50:30','2025-06-17'),(344,381,'いいの','WATCHED','2025-12-02 22:58:54','2025-07-07'),(345,381,'おおつか','WATCHED','2025-12-02 22:55:52','2025-06-29'),(346,381,'たかだ','WATCHED','2025-12-02 22:56:02','2025-06-29'),(347,382,'いいの','WATCHED','2025-12-02 22:58:30','2025-07-07'),(348,382,'おおつか','WATCHED','2025-12-02 22:56:13','2025-06-29'),(349,382,'たかだ','WATCHED','2025-12-02 22:57:10','2025-07-01'),(350,383,'いいの','WATCHED','2025-12-02 22:59:09','2025-07-01'),(351,383,'おおつか','WATCHED','2025-12-02 22:56:31','2025-06-30'),(352,383,'たかだ','WATCHED','2025-12-02 22:56:49','2025-07-01'),(353,384,'いいの','UNKNOWN','2025-11-28 14:04:19',NULL),(354,384,'おおつか','WATCHED','2025-12-02 23:00:01','2025-07-10'),(355,384,'たかだ','UNKNOWN','2025-11-30 23:56:27',NULL),(356,385,'いいの','UNKNOWN','2025-11-28 14:04:19',NULL),(357,385,'おおつか','UNKNOWN','2025-11-28 14:04:19',NULL),(358,385,'たかだ','WATCHED','2025-12-02 23:00:06','2025-07-10'),(359,386,'いいの','WATCHED','2025-12-02 22:59:27','2025-07-10'),(360,386,'おおつか','UNKNOWN','2025-11-28 14:04:19',NULL),(361,386,'たかだ','UNKNOWN','2025-11-28 14:04:19',NULL),(362,387,'いいの','WATCHED','2025-12-02 23:00:45','2025-07-16'),(363,387,'おおつか','WATCHED','2025-12-02 23:00:16','2025-07-16'),(364,387,'たかだ','WATCHED','2025-12-02 23:01:57','2025-07-19'),(365,388,'いいの','WATCHED','2025-12-02 23:02:26','2025-07-24'),(366,388,'おおつか','WATCHED','2025-12-02 23:01:42','2025-07-16'),(367,388,'たかだ','WATCHED','2025-12-02 23:02:12','2025-07-22'),(368,389,'いいの','WATCHED','2025-12-02 23:04:15','2025-08-03'),(369,389,'おおつか','WATCHED','2025-12-02 23:03:38','2025-07-31'),(370,389,'たかだ','WATCHED','2025-12-02 23:03:16','2025-07-30'),(371,390,'いいの','WATCHED','2025-12-02 23:04:22','2025-08-06'),(372,390,'おおつか','WATCHED','2025-12-02 23:03:27','2025-07-30'),(373,390,'たかだ','WATCHED','2025-12-02 23:03:46','2025-08-01'),(374,391,'いいの','WATCHED','2025-12-02 23:04:03','2025-08-03'),(375,391,'おおつか','WATCHED','2025-12-02 23:02:49','2025-07-27'),(376,391,'たかだ','WATCHED','2025-12-02 23:03:01','2025-07-28'),(377,392,'いいの','WATCHED','2025-12-02 23:06:09','2025-08-13'),(378,392,'おおつか','WATCHED','2025-12-02 23:05:18','2025-08-11'),(379,392,'たかだ','WATCHED','2025-12-02 23:05:30','2025-08-11'),(380,393,'いいの','WATCHED','2025-12-02 23:05:04','2025-08-10'),(381,393,'おおつか','WATCHED','2025-12-02 23:05:21','2025-08-11'),(382,393,'たかだ','WATCHED','2025-12-02 23:05:43','2025-08-12'),(383,394,'いいの','WATCHED','2025-12-02 23:04:53','2025-08-10'),(384,394,'おおつか','WATCHED','2025-12-02 23:04:44','2025-08-10'),(385,394,'たかだ','WATCHED','2025-12-02 23:05:54','2025-08-13'),(386,395,'いいの','WATCHED','2025-12-02 23:07:37','2025-08-22'),(387,395,'おおつか','WATCHED','2025-12-02 23:06:41','2025-08-16'),(388,395,'たかだ','WATCHED','2025-12-02 23:07:25','2025-08-20'),(389,396,'いいの','WATCHED','2025-12-02 23:08:15','2025-08-24'),(390,396,'おおつか','WATCHED','2025-12-02 23:07:01','2025-08-17'),(391,396,'たかだ','WATCHED','2025-12-02 23:07:43','2025-08-22'),(392,397,'いいの','WATCHED','2025-12-02 23:08:44','2025-08-26'),(393,397,'おおつか','WATCHED','2025-12-02 23:07:06','2025-08-17'),(394,397,'たかだ','WATCHED','2025-12-02 23:07:48','2025-08-22'),(395,398,'いいの','WATCHED','2025-12-02 23:07:16','2025-08-19'),(396,398,'おおつか','WATCHED','2025-12-02 23:06:27','2025-08-15'),(397,398,'たかだ','WATCHED','2025-12-02 23:06:51','2025-08-16'),(398,399,'いいの','WATCHED','2025-12-02 23:09:25','2025-09-03'),(399,399,'おおつか','WATCHED','2025-12-02 23:09:05','2025-09-01'),(400,399,'たかだ','WATCHED','2025-12-02 23:09:33','2025-09-05'),(401,400,'いいの','WATCHED','2025-12-02 23:09:52','2025-09-10'),(402,400,'おおつか','WATCHED','2025-12-02 23:09:16','2025-09-01'),(403,400,'たかだ','WATCHED','2025-12-02 23:10:00','2025-09-10'),(404,401,'いいの','WATCHED','2025-12-02 23:11:12','2025-10-09'),(405,401,'おおつか','WATCHED','2025-12-02 23:10:33','2025-09-17'),(406,401,'たかだ','WATCHED','2025-12-02 23:10:43','2025-09-24'),(407,403,'いいの','WATCHED','2025-12-02 23:12:36','2025-10-14'),(408,403,'おおつか','WATCHED','2025-12-02 23:11:35','2025-10-11'),(409,403,'たかだ','WATCHED','2025-12-02 23:12:20','2025-10-14'),(410,404,'いいの','WATCHED','2025-12-02 23:13:05','2025-10-21'),(411,404,'おおつか','WATCHED','2025-12-02 23:11:55','2025-10-12'),(412,404,'たかだ','WATCHED','2025-12-02 23:11:45','2025-10-11'),(413,405,'いいの','WATCHED','2025-12-02 23:12:11','2025-10-13'),(414,405,'おおつか','WATCHED','2025-12-02 23:12:03','2025-10-12'),(415,405,'たかだ','WATCHED','2025-12-02 23:12:57','2025-10-16'),(416,406,'いいの','WATCHED','2025-12-02 23:13:32','2025-10-25'),(417,406,'おおつか','WATCHED','2025-12-02 23:13:19','2025-10-23'),(418,406,'たかだ','WATCHED','2025-12-02 23:14:22','2025-10-30'),(419,410,'いいの','WATCHED','2025-11-29 02:00:18','2024-10-13'),(420,410,'おおつか','WATCHED','2025-11-29 01:58:43','2024-09-26'),(421,410,'たかだ','WATCHED','2025-11-29 01:57:37','2024-09-18'),(422,411,'いいの','WATCHED','2025-11-29 01:59:22','2024-09-28'),(423,411,'おおつか','WATCHED','2025-11-29 01:57:48','2024-09-18'),(424,411,'たかだ','WATCHED','2025-11-29 01:59:49','2024-10-04'),(425,412,'いいの','WATCHED','2025-11-29 01:58:05','2024-09-18'),(426,412,'おおつか','WATCHED','2025-11-29 01:58:27','2024-09-21'),(427,412,'たかだ','WATCHED','2025-11-29 01:59:03','2024-09-26'),(428,415,'いいの','WATCHED','2025-12-02 23:13:54','2025-10-28'),(429,415,'おおつか','WATCHED','2025-12-02 23:13:43','2025-10-25'),(430,415,'たかだ','WATCHED','2025-12-02 23:14:47','2025-11-03'),(431,416,'いいの','WATCHED','2025-12-02 23:15:07','2025-11-06'),(432,416,'おおつか','WATCHED','2025-12-02 23:14:31','2025-10-31'),(433,416,'たかだ','WATCHED','2025-12-02 23:14:13','2025-10-29'),(434,417,'いいの','WATCHED','2025-12-02 23:15:14','2025-11-06'),(435,417,'おおつか','WATCHED','2025-12-02 23:14:37','2025-10-31'),(436,417,'たかだ','WATCHED','2025-12-02 23:14:57','2025-11-05'),(437,423,'いいの','WATCHED','2025-12-02 23:11:00','2025-10-02'),(438,423,'おおつか','WATCHED','2025-12-02 23:10:12','2025-09-14'),(439,423,'たかだ','WATCHED','2025-12-02 23:10:22','2025-09-19'),(440,425,'いいの','WATCHED','2025-12-01 00:03:59','2025-01-18'),(441,425,'おおつか','WATCHED','2025-12-01 00:03:33','2025-01-13'),(442,425,'たかだ','WATCHED','2025-12-01 00:03:44','2025-01-14'),(443,426,'いいの','WATCHED','2025-12-02 23:16:40','2025-11-12'),(444,426,'おおつか','WATCHED','2025-12-02 23:15:44','2025-11-09'),(445,426,'たかだ','WATCHED','2025-12-02 23:16:06','2025-11-10'),(446,427,'いいの','WATCHED','2025-12-02 23:17:19','2025-11-20'),(447,427,'おおつか','WATCHED','2025-12-02 23:15:48','2025-11-09'),(448,427,'たかだ','WATCHED','2025-12-02 23:16:50','2025-11-16'),(449,428,'いいの','WATCHED','2025-12-02 23:17:32','2025-11-27'),(450,428,'おおつか','WATCHED','2025-12-02 23:15:56','2025-11-09'),(451,428,'たかだ','WATCHED','2025-12-02 23:16:21','2025-11-11'),(452,429,'いいの','WATCHED','2025-12-02 23:17:40','2025-11-27'),(453,429,'おおつか','WATCHED','2025-12-02 23:16:30','2025-11-11'),(454,429,'たかだ','WATCHED','2025-12-02 23:17:06','2025-11-18'),(456,433,'default_user','UNKNOWN','2025-11-28 17:20:45',NULL),(457,434,'default_user','UNKNOWN','2025-11-28 17:21:18',NULL),(458,435,'default_user','UNKNOWN','2025-11-28 17:21:41',NULL),(460,437,'default_user','UNKNOWN','2025-11-28 19:48:47',NULL),(461,433,'いいの','WATCHED','2025-12-02 22:49:14','2025-05-31'),(462,433,'おおつか','WATCHED','2025-12-02 22:48:38','2025-05-28'),(463,433,'たかだ','WATCHED','2025-12-02 22:48:30','2025-05-27'),(464,434,'いいの','WATCHED','2025-12-02 22:49:37','2025-06-09'),(465,434,'おおつか','WATCHED','2025-12-02 22:48:46','2025-05-29'),(466,434,'たかだ','WATCHED','2025-12-02 22:49:00','2025-05-31'),(467,435,'いいの','WATCHED','2025-12-02 22:49:45','2025-06-09'),(468,435,'おおつか','WATCHED','2025-12-02 22:48:50','2025-05-29'),(469,435,'たかだ','WATCHED','2025-12-02 22:49:25','2025-06-07'),(473,437,'いいの','WATCHED','2025-11-29 01:55:36','2024-09-18'),(474,437,'おおつか','WATCHED','2025-11-29 01:54:34','2024-09-08'),(475,437,'たかだ','WATCHED','2025-11-29 01:54:19','2024-09-07'),(476,441,'いいの','WATCHED','2025-12-01 00:08:31','2025-02-01'),(477,441,'おおつか','WATCHED','2025-12-01 00:07:34','2025-01-30'),(478,441,'たかだ','WATCHED','2025-12-01 00:07:25','2025-01-28'),(479,442,'いいの','NO_STATE','2025-11-29 00:18:50',NULL),(480,442,'おおつか','WATCHED','2025-11-29 00:18:13',NULL),(481,442,'たかだ','WATCHED','2025-12-01 00:08:03','2025-01-31'),(482,443,'いいの','WATCHED','2025-11-29 00:18:44',NULL),(483,443,'おおつか','WATCHED','2025-12-01 00:08:14','2025-02-01'),(484,443,'たかだ','WATCHED','2025-11-29 00:17:29',NULL),(485,444,'いいの','WATCHED','2025-12-01 00:08:48','2025-02-04'),(486,444,'おおつか','WATCHED','2025-11-29 00:18:15',NULL),(487,444,'たかだ','WATCHED','2025-11-29 00:18:15',NULL),(488,445,'default_user','UNKNOWN','2025-11-29 02:57:43',NULL),(489,446,'default_user','UNKNOWN','2025-11-29 02:57:56',NULL),(490,447,'default_user','UNKNOWN','2025-11-29 02:58:08',NULL),(491,448,'default_user','UNKNOWN','2025-11-29 02:58:19',NULL),(492,445,'いいの','WATCHED','2025-12-18 23:16:02','2025-12-18'),(493,445,'おおつか','WATCHED','2025-12-01 23:43:06','2025-11-30'),(494,445,'たかだ','WATCHED','2025-12-19 14:52:02','2025-12-19'),(495,446,'いいの','WATCHED','2025-12-26 18:52:01','2025-12-26'),(496,446,'おおつか','WATCHED','2025-12-07 01:40:03','2025-12-07'),(497,446,'たかだ','WATCHED','2025-12-03 02:33:18','2025-12-03'),(498,447,'いいの','WATCHED','2025-12-21 22:14:02','2025-12-21'),(499,447,'おおつか','WATCHED','2025-12-07 15:36:03','2025-12-07'),(500,447,'たかだ','WATCHED','2025-12-03 13:04:00','2025-12-03'),(501,448,'いいの','WATCHED','2025-12-21 21:50:03','2025-12-21'),(502,448,'おおつか','WATCHED','2025-12-07 15:36:04','2025-12-07'),(503,448,'たかだ','WATCHED','2025-12-10 01:31:37','2025-12-10'),(506,451,'default_user','UNKNOWN','2026-01-04 01:15:46',NULL),(507,452,'default_user','UNKNOWN','2026-01-04 01:15:53',NULL),(508,451,'いいの','WATCHED','2026-01-25 20:34:02','2026-01-25'),(509,451,'おおつか','WATCHED','2026-02-01 21:10:22',NULL),(510,451,'たかだ','WATCHED','2026-01-06 21:32:02','2026-01-06'),(511,453,'default_user','UNKNOWN','2026-01-04 01:16:02',NULL),(512,452,'いいの','WATCHED','2026-01-07 20:44:02','2026-01-07'),(513,452,'おおつか','WATCHED','2026-02-01 21:10:26',NULL),(514,452,'たかだ','WATCHED','2026-01-09 21:09:52','2026-01-09'),(515,454,'default_user','UNKNOWN','2026-01-04 01:16:09',NULL),(516,453,'いいの','WATCHED','2026-02-01 20:44:03','2026-02-01'),(517,453,'おおつか','WATCHED','2026-02-01 21:10:31',NULL),(518,453,'たかだ','WATCHED','2026-01-13 00:40:03','2026-01-13'),(519,454,'いいの','WATCHED','2026-01-21 20:08:04','2026-01-21'),(520,454,'おおつか','WATCHED','2026-02-01 21:10:34',NULL),(521,454,'たかだ','WATCHED','2026-01-13 19:36:04','2026-01-13'),(522,455,'default_user','UNKNOWN','2026-02-02 01:34:57',NULL),(523,456,'default_user','UNKNOWN','2026-02-02 01:35:17',NULL),(525,458,'default_user','UNKNOWN','2026-02-02 01:36:01',NULL),(526,455,'いいの','WATCHED','2026-03-05 00:16:02','2026-03-05'),(527,455,'おおつか','WATCHED','2026-02-08 10:06:02','2026-02-08'),(528,455,'たかだ','WATCHED','2026-02-25 23:58:02','2026-02-25'),(529,456,'いいの','WATCHED','2026-03-17 21:36:02','2026-03-17'),(530,456,'おおつか','WATCHED','2026-02-09 00:38:02','2026-02-09'),(531,456,'たかだ','WATCHED','2026-02-07 02:50:32','2026-02-07'),(535,458,'いいの','WATCHED','2026-03-01 21:18:03','2026-03-01'),(536,458,'おおつか','WATCHED','2026-02-09 09:52:04','2026-02-09'),(537,458,'たかだ','WATCHED','2026-02-26 22:24:03','2026-02-26'),(538,459,'default_user','UNKNOWN','2026-03-14 23:19:54',NULL),(539,459,'いいの','WATCHED','2026-03-14 23:20:01','2026-03-14'),(540,459,'おおつか','WATCHED','2026-03-14 23:20:01','2026-03-14'),(541,459,'たかだ','WATCHED','2026-03-14 23:20:02','2026-03-14'),(543,461,'default_user','UNKNOWN','2026-03-18 01:09:02',NULL),(544,462,'default_user','UNKNOWN','2026-03-18 01:09:15',NULL),(545,463,'default_user','UNKNOWN','2026-03-18 01:09:25',NULL),(546,464,'default_user','UNKNOWN','2026-03-18 01:09:37',NULL),(547,461,'いいの','WATCHED','2026-04-17 08:12:01','2026-04-17'),(548,461,'おおつか','WATCHED','2026-04-03 09:42:01','2026-04-03'),(549,461,'たかだ','WATCHED','2026-03-28 03:52:03','2026-03-28'),(550,462,'いいの','WATCHED','2026-03-26 21:40:03','2026-03-26'),(551,462,'おおつか','WATCHED','2026-04-03 09:42:02','2026-04-03'),(552,462,'たかだ','WATCHED','2026-03-20 23:16:03','2026-03-20'),(553,463,'いいの','WATCHED','2026-03-19 19:52:04','2026-03-19'),(554,463,'おおつか','WATCHED','2026-04-03 09:42:02','2026-04-03'),(555,463,'たかだ','WATCHED','2026-03-21 22:56:03','2026-03-21'),(556,464,'いいの','WATCHED','2026-04-20 21:32:02','2026-04-20'),(557,464,'おおつか','WATCHED','2026-04-03 09:40:03','2026-04-03'),(558,464,'たかだ','WATCHED','2026-04-21 21:48:01','2026-04-21'),(565,467,'いいの','WATCHED','2026-05-05 21:54:02','2026-05-05'),(566,467,'おおつか','WATCHED','2026-04-30 19:20:02','2026-04-30'),(567,467,'たかだ','WATCHED','2026-04-23 20:12:02','2026-04-23'),(568,468,'いいの','WATCHING','2026-05-06 22:44:02',NULL),(569,468,'おおつか','WATCHED','2026-04-30 19:20:02','2026-04-30'),(570,468,'たかだ','WATCHED','2026-05-05 20:36:02','2026-05-05'),(571,469,'いいの','WANNA_WATCH','2026-05-06 22:46:02',NULL),(572,469,'おおつか','WATCHED','2026-04-30 19:20:03','2026-04-30'),(573,469,'たかだ','WATCHED','2026-05-12 22:44:03','2026-05-12');
/*!40000 ALTER TABLE `viewer_status` ENABLE KEYS */;
UNLOCK TABLES;
/*!40103 SET TIME_ZONE=@OLD_TIME_ZONE */;

/*!40101 SET SQL_MODE=@OLD_SQL_MODE */;
/*!40014 SET FOREIGN_KEY_CHECKS=@OLD_FOREIGN_KEY_CHECKS */;
/*!40014 SET UNIQUE_CHECKS=@OLD_UNIQUE_CHECKS */;
/*!40101 SET CHARACTER_SET_CLIENT=@OLD_CHARACTER_SET_CLIENT */;
/*!40101 SET CHARACTER_SET_RESULTS=@OLD_CHARACTER_SET_RESULTS */;
/*!40101 SET COLLATION_CONNECTION=@OLD_COLLATION_CONNECTION */;
/*!40111 SET SQL_NOTES=@OLD_SQL_NOTES */;

-- Dump completed on 2026-06-12  3:07:32
